Nov 02 09:23:09.913 INFO testing poston-0.2.1 against 1.30.0 for beta-1.31-1
Nov 02 09:23:09.913 INFO running `"docker" "create" "-v" "/mnt/big/crater/work/local/target-dirs/beta-1.31-1/worker-5/1.30.0:/target:rw,Z" "-v" "/mnt/big/crater/work/local/test-source/worker-5/beta-1.31-1/1.30.0:/source:ro,Z" "-v" "/mnt/big/crater/work/local/cargo-home:/cargo-home:ro,Z" "-v" "/mnt/big/crater/work/local/rustup-home:/rustup-home:ro,Z" "-e" "USER_ID=1000" "-e" "SOURCE_DIR=/source" "-e" "USER_ID=1000" "-e" "CMD=cargo +1.30.0 build --frozen" "-e" "CARGO_TARGET_DIR=/target" "-e" "CARGO_INCREMENTAL=0" "-e" "RUST_BACKTRACE=full" "-e" "RUSTFLAGS=--cap-lints=warn" "-e" "CARGO_HOME=/cargo-home" "-e" "RUSTUP_HOME=/rustup-home" "-m" "1536M" "--network" "none" "crater"`
Nov 02 09:23:10.107 INFO blam! 67dbc44c12a5db7c6d16e5f4adb8f09087d5506c30e646091657cd69abd1b4c2
Nov 02 09:23:10.110 INFO running `"docker" "start" "-a" "67dbc44c12a5db7c6d16e5f4adb8f09087d5506c30e646091657cd69abd1b4c2"`
Nov 02 09:23:11.131 INFO kablam! usermod: no changes
Nov 02 09:23:11.339 INFO kablam!    Compiling proc-macro2 v0.4.20
Nov 02 09:23:11.340 INFO kablam!    Compiling num-traits v0.2.6
Nov 02 09:23:11.340 INFO kablam!    Compiling unicode-xid v0.1.0
Nov 02 09:23:11.344 INFO kablam!    Compiling libc v0.2.43
Nov 02 09:23:11.344 INFO kablam!    Compiling serde v1.0.80
Nov 02 09:23:11.345 INFO kablam!    Compiling byteorder v1.2.7
Nov 02 09:23:11.357 INFO kablam!    Compiling safemem v0.3.0
Nov 02 09:23:11.371 INFO kablam!    Compiling cfg-if v0.1.6
Nov 02 09:23:11.879 INFO kablam!    Compiling log v0.4.6
Nov 02 09:23:14.487 INFO kablam!    Compiling base64 v0.9.3
Nov 02 09:23:15.767 INFO kablam!    Compiling rand v0.4.3
Nov 02 09:23:22.052 INFO kablam!    Compiling rand v0.3.22
Nov 02 09:23:22.052 INFO kablam!    Compiling uuid v0.6.5
Nov 02 09:23:22.191 INFO kablam!    Compiling num-traits v0.1.43
Nov 02 09:23:24.243 INFO kablam!    Compiling rmp v0.8.7
Nov 02 09:23:24.287 INFO kablam!    Compiling backoff v0.1.2
Nov 02 09:23:30.468 INFO kablam!    Compiling quote v0.6.9
Nov 02 09:23:36.393 INFO kablam!    Compiling syn v0.15.17
Nov 02 09:23:38.402 INFO kablam!    Compiling rmp-serde v0.13.7
Nov 02 09:23:49.966 INFO kablam!    Compiling serde_derive v1.0.80
Nov 02 09:24:07.863 INFO kablam!    Compiling poston v0.2.1 (/source)
Nov 02 09:24:10.919 INFO kablam!     Finished dev [unoptimized + debuginfo] target(s) in 59.75s
Nov 02 09:24:10.925 INFO kablam! su: No module specific data is present
Nov 02 09:24:12.005 INFO running `"docker" "rm" "-f" "67dbc44c12a5db7c6d16e5f4adb8f09087d5506c30e646091657cd69abd1b4c2"`
Nov 02 09:24:12.259 INFO blam! 67dbc44c12a5db7c6d16e5f4adb8f09087d5506c30e646091657cd69abd1b4c2
Nov 02 09:24:12.261 INFO running `"docker" "create" "-v" "/mnt/big/crater/work/local/target-dirs/beta-1.31-1/worker-5/1.30.0:/target:rw,Z" "-v" "/mnt/big/crater/work/local/test-source/worker-5/beta-1.31-1/1.30.0:/source:ro,Z" "-v" "/mnt/big/crater/work/local/cargo-home:/cargo-home:ro,Z" "-v" "/mnt/big/crater/work/local/rustup-home:/rustup-home:ro,Z" "-e" "USER_ID=1000" "-e" "SOURCE_DIR=/source" "-e" "USER_ID=1000" "-e" "CMD=cargo +1.30.0 test --frozen --no-run" "-e" "CARGO_TARGET_DIR=/target" "-e" "CARGO_INCREMENTAL=0" "-e" "RUST_BACKTRACE=full" "-e" "RUSTFLAGS=--cap-lints=warn" "-e" "CARGO_HOME=/cargo-home" "-e" "RUSTUP_HOME=/rustup-home" "-m" "1536M" "--network" "none" "crater"`
Nov 02 09:24:12.960 INFO blam! 2220a625e58ca534b53b2af9d6e2c5e21c172cd20d6f59538b3a77ecdc00dece
Nov 02 09:24:12.962 INFO running `"docker" "start" "-a" "2220a625e58ca534b53b2af9d6e2c5e21c172cd20d6f59538b3a77ecdc00dece"`
Nov 02 09:24:14.235 INFO kablam! usermod: no changes
Nov 02 09:24:14.403 INFO kablam!    Compiling version_check v0.1.5
Nov 02 09:24:14.407 INFO kablam!    Compiling libc v0.2.43
Nov 02 09:24:14.407 INFO kablam!    Compiling cfg-if v0.1.6
Nov 02 09:24:14.419 INFO kablam!    Compiling unicode-xid v0.1.0
Nov 02 09:24:14.420 INFO kablam!    Compiling regex v1.0.5
Nov 02 09:24:14.424 INFO kablam!    Compiling num-integer v0.1.39
Nov 02 09:24:14.424 INFO kablam!    Compiling ucd-util v0.1.2
Nov 02 09:24:14.425 INFO kablam!    Compiling byteorder v1.2.7
Nov 02 09:24:15.020 INFO kablam!    Compiling quick-error v1.2.2
Nov 02 09:24:15.311 INFO kablam!    Compiling utf8-ranges v1.0.2
Nov 02 09:24:16.455 INFO kablam!    Compiling rand_core v0.3.0
Nov 02 09:24:18.859 INFO kablam!    Compiling safemem v0.3.0
Nov 02 09:24:19.215 INFO kablam!    Compiling termcolor v1.0.4
Nov 02 09:24:20.295 INFO kablam!    Compiling log v0.4.6
Nov 02 09:24:20.359 INFO kablam!    Compiling humantime v1.1.1
Nov 02 09:24:20.795 INFO kablam!    Compiling regex-syntax v0.6.2
Nov 02 09:24:20.841 INFO kablam!    Compiling proc-macro2 v0.4.20
Nov 02 09:24:21.075 INFO kablam!    Compiling num-traits v0.2.6
Nov 02 09:24:21.188 INFO kablam!    Compiling serde v1.0.80
Nov 02 09:24:21.537 INFO kablam!    Compiling memchr v2.1.1
Nov 02 09:24:24.219 INFO kablam!    Compiling lazy_static v1.1.0
Nov 02 09:24:25.463 INFO kablam!    Compiling rand_core v0.2.2
Nov 02 09:24:25.552 INFO kablam!    Compiling rand v0.4.3
Nov 02 09:24:25.668 INFO kablam!    Compiling time v0.1.40
Nov 02 09:24:27.703 INFO kablam!    Compiling atty v0.2.11
Nov 02 09:24:29.167 INFO kablam!    Compiling base64 v0.9.3
Nov 02 09:24:30.097 INFO kablam!    Compiling rand v0.5.5
Nov 02 09:24:35.171 INFO kablam!    Compiling num-traits v0.1.43
Nov 02 09:24:36.207 INFO kablam!    Compiling aho-corasick v0.6.9
Nov 02 09:24:37.699 INFO kablam!    Compiling rmp v0.8.7
Nov 02 09:24:39.803 INFO kablam!    Compiling thread_local v0.3.6
Nov 02 09:24:39.988 INFO kablam!    Compiling rand v0.3.22
Nov 02 09:24:40.155 INFO kablam!    Compiling uuid v0.6.5
Nov 02 09:24:42.104 INFO kablam!    Compiling chrono v0.4.6
Nov 02 09:24:42.540 INFO kablam!    Compiling quote v0.6.9
Nov 02 09:24:42.607 INFO kablam!    Compiling backoff v0.1.2
Nov 02 09:24:51.319 INFO kablam!    Compiling syn v0.15.17
Nov 02 09:24:54.165 INFO kablam!    Compiling rmp-serde v0.13.7
Nov 02 09:25:02.595 INFO kablam!    Compiling env_logger v0.5.13
Nov 02 09:25:04.432 INFO kablam!    Compiling serde_derive v1.0.80
Nov 02 09:25:04.935 INFO kablam!    Compiling pretty_env_logger v0.2.5
Nov 02 09:25:21.327 INFO kablam!    Compiling poston v0.2.1 (/source)
Nov 02 09:25:33.423 INFO kablam!     Finished dev [unoptimized + debuginfo] target(s) in 1m 19s
Nov 02 09:25:33.430 INFO kablam! su: No module specific data is present
Nov 02 09:25:34.023 INFO running `"docker" "rm" "-f" "2220a625e58ca534b53b2af9d6e2c5e21c172cd20d6f59538b3a77ecdc00dece"`
Nov 02 09:25:34.410 INFO blam! 2220a625e58ca534b53b2af9d6e2c5e21c172cd20d6f59538b3a77ecdc00dece
Nov 02 09:25:34.419 INFO running `"docker" "create" "-v" "/mnt/big/crater/work/local/target-dirs/beta-1.31-1/worker-5/1.30.0:/target:rw,Z" "-v" "/mnt/big/crater/work/local/test-source/worker-5/beta-1.31-1/1.30.0:/source:ro,Z" "-v" "/mnt/big/crater/work/local/cargo-home:/cargo-home:ro,Z" "-v" "/mnt/big/crater/work/local/rustup-home:/rustup-home:ro,Z" "-e" "USER_ID=1000" "-e" "SOURCE_DIR=/source" "-e" "USER_ID=1000" "-e" "CMD=cargo +1.30.0 test --frozen" "-e" "CARGO_TARGET_DIR=/target" "-e" "CARGO_INCREMENTAL=0" "-e" "RUST_BACKTRACE=full" "-e" "RUSTFLAGS=--cap-lints=warn" "-e" "CARGO_HOME=/cargo-home" "-e" "RUSTUP_HOME=/rustup-home" "-m" "1536M" "--network" "none" "crater"`
Nov 02 09:25:35.012 INFO blam! afc07682001ec4c6532c3716a9400f17503239314d8f022a7fbf32df20c16898
Nov 02 09:25:35.019 INFO running `"docker" "start" "-a" "afc07682001ec4c6532c3716a9400f17503239314d8f022a7fbf32df20c16898"`
Nov 02 09:25:35.979 INFO kablam! usermod: no changes
Nov 02 09:25:36.129 INFO kablam!     Finished dev [unoptimized + debuginfo] target(s) in 0.11s
Nov 02 09:25:36.160 INFO kablam!      Running /target/debug/deps/poston-ae3d42c0b5a53239
Nov 02 09:25:36.165 INFO blam! 
Nov 02 09:25:36.165 INFO blam! running 10 tests
Nov 02 09:25:36.166 INFO blam! test buffer::test_pack_record::it_should_make_forward_mode_buffer ... ok
Nov 02 09:25:36.168 INFO blam! test connect::tests::connect ... ok
Nov 02 09:25:36.171 INFO blam! test buffer::unpack_response::it_should_unpack_as_ack_reply ... ok
Nov 02 09:25:36.176 INFO blam! test buffer::test_take::it_should_move_elements_to_passed_buffer ... ok
Nov 02 09:25:36.176 INFO blam! test connect::tests::connect_giveup ... ok
Nov 02 09:25:36.176 INFO blam! test connect::tests::write ... ok
Nov 02 09:25:36.176 INFO blam! test time_pack::test::it_should_pack_to_event_time_format ... ok
Nov 02 09:25:36.191 INFO blam! test worker::tests::worker_new_should_return_err_when_the_connection_open_is_failed ... ok
Nov 02 09:25:36.207 INFO blam! test connect::tests::reconnect ... ok
Nov 02 09:25:36.229 INFO blam! test connect::tests::write_giveup ... FAILED
Nov 02 09:25:36.229 INFO blam! 
Nov 02 09:25:36.229 INFO blam! failures:
Nov 02 09:25:36.229 INFO blam! 
Nov 02 09:25:36.229 INFO blam! ---- connect::tests::write_giveup stdout ----
Nov 02 09:25:36.229 INFO blam! thread 'connect::tests::write_giveup' panicked at 'called `Result::unwrap()` on an `Err` value: Kind(ConnectionRefused)', libcore/result.rs:1009:5
Nov 02 09:25:36.229 INFO blam! stack backtrace:
Nov 02 09:25:36.229 INFO blam!    0:     0x555e951e654e - std::sys::unix::backtrace::tracing::imp::unwind_backtrace::hf5316c67202e23c8
Nov 02 09:25:36.229 INFO blam!                                at libstd/sys/unix/backtrace/tracing/gcc_s.rs:49
Nov 02 09:25:36.229 INFO blam!    1:     0x555e951d87a6 - std::sys_common::backtrace::print::h3068ed2a6dc7ac86
Nov 02 09:25:36.229 INFO blam!                                at libstd/sys_common/backtrace.rs:71
Nov 02 09:25:36.229 INFO blam!                                at libstd/sys_common/backtrace.rs:59
Nov 02 09:25:36.229 INFO blam!    2:     0x555e951d6a4d - std::panicking::default_hook::{{closure}}::h1b9d29cc09d41897
Nov 02 09:25:36.229 INFO blam!                                at libstd/panicking.rs:211
Nov 02 09:25:36.229 INFO blam!    3:     0x555e951d675b - std::panicking::default_hook::h3a27b204a313406b
Nov 02 09:25:36.229 INFO blam!                                at libstd/panicking.rs:221
Nov 02 09:25:36.229 INFO blam!    4:     0x555e951d70fc - std::panicking::rust_panic_with_hook::h0e12cb2fc86d00fa
Nov 02 09:25:36.229 INFO blam!                                at libstd/panicking.rs:477
Nov 02 09:25:36.229 INFO blam!    5:     0x555e951d6cb9 - std::panicking::continue_panic_fmt::h141671b29fe0e27d
Nov 02 09:25:36.229 INFO blam!                                at libstd/panicking.rs:391
Nov 02 09:25:36.229 INFO blam!    6:     0x555e951d6bb5 - rust_begin_unwind
Nov 02 09:25:36.229 INFO blam!                                at libstd/panicking.rs:326
Nov 02 09:25:36.229 INFO blam!    7:     0x555e95221e9b - core::panicking::panic_fmt::h429a06507aba9228
Nov 02 09:25:36.229 INFO blam!                                at libcore/panicking.rs:77
Nov 02 09:25:36.229 INFO blam!    8:     0x555e951cb103 - core::result::unwrap_failed::hca125288a8db8a76
Nov 02 09:25:36.229 INFO blam!                                at libcore/macros.rs:26
Nov 02 09:25:36.229 INFO blam!    9:     0x555e95148b3e - <core::result::Result<T, E>>::unwrap::hbd939fe88b2476dd
Nov 02 09:25:36.229 INFO blam!                                at libcore/result.rs:808
Nov 02 09:25:36.229 INFO blam!   10:     0x555e9513b69e - poston::connect::tests::write_giveup::h1ee86389a1c6d89c
Nov 02 09:25:36.229 INFO blam!                                at src/connect.rs:390
Nov 02 09:25:36.229 INFO blam!   11:     0x555e9513b329 - poston::connect::tests::write_giveup::{{closure}}::h4dfd62195824a2cf
Nov 02 09:25:36.229 INFO blam!                                at src/connect.rs:379
Nov 02 09:25:36.229 INFO blam!   12:     0x555e95123f7d - core::ops::function::FnOnce::call_once::he224a2749ef8b863
Nov 02 09:25:36.229 INFO blam!                                at libcore/ops/function.rs:238
Nov 02 09:25:36.229 INFO blam!   13:     0x555e951754ce - <F as alloc::boxed::FnBox<A>>::call_box::ha9910eac2d17ff23
Nov 02 09:25:36.229 INFO blam!                                at libtest/lib.rs:1461
Nov 02 09:25:36.229 INFO blam!                                at libcore/ops/function.rs:238
Nov 02 09:25:36.229 INFO blam!                                at liballoc/boxed.rs:646
Nov 02 09:25:36.229 INFO blam!   14:     0x555e951f6b19 - __rust_maybe_catch_panic
Nov 02 09:25:36.229 INFO blam!                                at libpanic_unwind/lib.rs:103
Nov 02 09:25:36.229 INFO blam!   15:     0x555e95180ddd - std::sys_common::backtrace::__rust_begin_short_backtrace::h470b05235fe5e5ad
Nov 02 09:25:36.229 INFO blam!                                at libstd/panicking.rs:289
Nov 02 09:25:36.229 INFO blam!                                at libstd/panic.rs:392
Nov 02 09:25:36.229 INFO blam!                                at libtest/lib.rs:1416
Nov 02 09:25:36.229 INFO blam!                                at libstd/sys_common/backtrace.rs:136
Nov 02 09:25:36.229 INFO blam!   16:     0x555e95199414 - std::panicking::try::do_call::h1f0578498122cc00
Nov 02 09:25:36.229 INFO blam!                                at libstd/thread/mod.rs:409
Nov 02 09:25:36.229 INFO blam!                                at libstd/panic.rs:313
Nov 02 09:25:36.229 INFO blam!                                at libstd/panicking.rs:310
Nov 02 09:25:36.229 INFO blam!   17:     0x555e951f6b19 - __rust_maybe_catch_panic
Nov 02 09:25:36.229 INFO blam!                                at libpanic_unwind/lib.rs:103
Nov 02 09:25:36.229 INFO blam!   18:     0x555e95189ce6 - <F as alloc::boxed::FnBox<A>>::call_box::h7b129f9f235ab460
Nov 02 09:25:36.229 INFO blam!                                at libstd/panicking.rs:289
Nov 02 09:25:36.229 INFO blam!                                at libstd/panic.rs:392
Nov 02 09:25:36.229 INFO blam!                                at libstd/thread/mod.rs:408
Nov 02 09:25:36.229 INFO blam!                                at liballoc/boxed.rs:646
Nov 02 09:25:36.229 INFO blam!   19:     0x555e951e7ffa - std::sys_common::thread::start_thread::hb77935aee02382da
Nov 02 09:25:36.229 INFO blam!                                at liballoc/boxed.rs:656
Nov 02 09:25:36.229 INFO blam!                                at libstd/sys_common/thread.rs:24
Nov 02 09:25:36.229 INFO blam!   20:     0x555e951d78b5 - std::sys::unix::thread::Thread::new::thread_start::hd61f7429b3de1d75
Nov 02 09:25:36.229 INFO blam!                                at libstd/sys/unix/thread.rs:90
Nov 02 09:25:36.229 INFO blam!   21:     0x7f9dabd776b9 - start_thread
Nov 02 09:25:36.229 INFO blam!   22:     0x7f9dab89741c - clone
Nov 02 09:25:36.229 INFO blam!   23:                0x0 - <unknown>
Nov 02 09:25:36.229 INFO blam! 
Nov 02 09:25:36.229 INFO blam! 
Nov 02 09:25:36.229 INFO blam! failures:
Nov 02 09:25:36.229 INFO blam!     connect::tests::write_giveup
Nov 02 09:25:36.229 INFO blam! 
Nov 02 09:25:36.229 INFO blam! test result: FAILED. 9 passed; 1 failed; 0 ignored; 0 measured; 0 filtered out
Nov 02 09:25:36.229 INFO blam! 
Nov 02 09:25:36.245 INFO kablam! error: test failed, to rerun pass '--lib'
Nov 02 09:25:36.251 INFO kablam! su: No module specific data is present
Nov 02 09:25:36.983 INFO running `"docker" "rm" "-f" "afc07682001ec4c6532c3716a9400f17503239314d8f022a7fbf32df20c16898"`
Nov 02 09:25:37.223 INFO blam! afc07682001ec4c6532c3716a9400f17503239314d8f022a7fbf32df20c16898
