Nov 02 13:02:48.548 INFO testing loggr-0.3.0 against beta-2018-10-30 for beta-1.31-1
Nov 02 13:02:48.548 INFO running `"docker" "create" "-v" "/mnt/big/crater/work/local/target-dirs/beta-1.31-1/worker-7/beta-2018-10-30:/target:rw,Z" "-v" "/mnt/big/crater/work/local/test-source/worker-7/beta-1.31-1/beta-2018-10-30:/source:ro,Z" "-v" "/mnt/big/crater/work/local/cargo-home:/cargo-home:ro,Z" "-v" "/mnt/big/crater/work/local/rustup-home:/rustup-home:ro,Z" "-e" "USER_ID=1000" "-e" "SOURCE_DIR=/source" "-e" "USER_ID=1000" "-e" "CMD=cargo +beta-2018-10-30 build --frozen" "-e" "CARGO_TARGET_DIR=/target" "-e" "CARGO_INCREMENTAL=0" "-e" "RUST_BACKTRACE=full" "-e" "RUSTFLAGS=--cap-lints=warn" "-e" "CARGO_HOME=/cargo-home" "-e" "RUSTUP_HOME=/rustup-home" "-m" "1536M" "--network" "none" "crater"`
Nov 02 13:02:49.069 INFO blam! 638b194dff232485bd6b2cbfdfbe73183afc3095d09afb723dd5dd503a8568df
Nov 02 13:02:49.073 INFO running `"docker" "start" "-a" "638b194dff232485bd6b2cbfdfbe73183afc3095d09afb723dd5dd503a8568df"`
Nov 02 13:02:50.219 INFO kablam! usermod: no changes
Nov 02 13:02:50.371 INFO kablam!    Compiling slot v0.2.5
Nov 02 13:02:50.371 INFO kablam!    Compiling syscall v0.2.1
Nov 02 13:02:50.371 INFO kablam!    Compiling rm v0.3.2
Nov 02 13:02:50.371 INFO kablam!    Compiling i-o v0.4.3
Nov 02 13:02:50.371 INFO kablam!    Compiling ptr v0.2.1
Nov 02 13:02:50.371 INFO kablam!    Compiling null-terminated v0.3.4
Nov 02 13:02:50.371 INFO kablam!    Compiling unix v0.6.4
Nov 02 13:02:50.371 INFO kablam!    Compiling tempus v0.2.3
Nov 02 13:02:50.487 INFO kablam! error[E0554]: #![feature] may not be used on the beta release channel
Nov 02 13:02:50.487 INFO kablam!   --> /cargo-home/registry/src/github.com-1ecc6299db9ec823/ptr-0.2.1/src/lib.rs:13:1
Nov 02 13:02:50.487 INFO kablam!    |
Nov 02 13:02:50.487 INFO kablam! 13 | #![feature(const_fn)]
Nov 02 13:02:50.487 INFO kablam!    | ^^^^^^^^^^^^^^^^^^^^^
Nov 02 13:02:50.487 INFO kablam! 
Nov 02 13:02:50.487 INFO kablam! error: aborting due to previous error
Nov 02 13:02:50.487 INFO kablam! 
Nov 02 13:02:50.487 INFO kablam! For more information about this error, try `rustc --explain E0554`.
Nov 02 13:02:50.497 INFO kablam! error: Could not compile `ptr`.
Nov 02 13:02:50.497 INFO kablam! warning: build failed, waiting for other jobs to finish...
Nov 02 13:02:50.551 INFO kablam! su: No module specific data is present
Nov 02 13:02:50.893 INFO running `"docker" "rm" "-f" "638b194dff232485bd6b2cbfdfbe73183afc3095d09afb723dd5dd503a8568df"`
Nov 02 13:02:51.079 INFO blam! 638b194dff232485bd6b2cbfdfbe73183afc3095d09afb723dd5dd503a8568df
Nov 02 13:02:51.081 INFO running `"docker" "create" "-v" "/mnt/big/crater/work/local/target-dirs/beta-1.31-1/worker-7/beta-2018-10-30:/target:rw,Z" "-v" "/mnt/big/crater/work/local/test-source/worker-7/beta-1.31-1/beta-2018-10-30:/source:ro,Z" "-v" "/mnt/big/crater/work/local/cargo-home:/cargo-home:ro,Z" "-v" "/mnt/big/crater/work/local/rustup-home:/rustup-home:ro,Z" "-e" "USER_ID=1000" "-e" "SOURCE_DIR=/source" "-e" "USER_ID=1000" "-e" "CMD=cargo +beta-2018-10-30 test --frozen --no-run" "-e" "CARGO_TARGET_DIR=/target" "-e" "CARGO_INCREMENTAL=0" "-e" "RUST_BACKTRACE=full" "-e" "RUSTFLAGS=--cap-lints=warn" "-e" "CARGO_HOME=/cargo-home" "-e" "RUSTUP_HOME=/rustup-home" "-m" "1536M" "--network" "none" "crater"`
Nov 02 13:02:51.619 INFO blam! 68a0b565dbbcc2fecf28f223db180e17b36c55bbffd0c434230bf7ca3c3d010f
Nov 02 13:02:51.631 INFO running `"docker" "start" "-a" "68a0b565dbbcc2fecf28f223db180e17b36c55bbffd0c434230bf7ca3c3d010f"`
Nov 02 13:02:53.435 INFO kablam! usermod: no changes
Nov 02 13:02:53.531 INFO kablam!    Compiling slot v0.2.5
Nov 02 13:02:53.537 INFO kablam!    Compiling syscall v0.2.1
Nov 02 13:02:53.537 INFO kablam!    Compiling rm v0.3.2
Nov 02 13:02:53.537 INFO kablam!    Compiling ptr v0.2.1
Nov 02 13:02:53.538 INFO kablam!    Compiling null-terminated v0.3.4
Nov 02 13:02:53.538 INFO kablam!    Compiling unix v0.6.4
Nov 02 13:02:53.538 INFO kablam!    Compiling tempus v0.2.3
Nov 02 13:02:53.635 INFO kablam! su: No module specific data is present
Nov 02 13:02:54.483 INFO running `"docker" "rm" "-f" "68a0b565dbbcc2fecf28f223db180e17b36c55bbffd0c434230bf7ca3c3d010f"`
Nov 02 13:02:54.795 INFO blam! 68a0b565dbbcc2fecf28f223db180e17b36c55bbffd0c434230bf7ca3c3d010f
Nov 02 13:02:54.799 INFO running `"docker" "create" "-v" "/mnt/big/crater/work/local/target-dirs/beta-1.31-1/worker-7/beta-2018-10-30:/target:rw,Z" "-v" "/mnt/big/crater/work/local/test-source/worker-7/beta-1.31-1/beta-2018-10-30:/source:ro,Z" "-v" "/mnt/big/crater/work/local/cargo-home:/cargo-home:ro,Z" "-v" "/mnt/big/crater/work/local/rustup-home:/rustup-home:ro,Z" "-e" "USER_ID=1000" "-e" "SOURCE_DIR=/source" "-e" "USER_ID=1000" "-e" "CMD=cargo +beta-2018-10-30 test --frozen" "-e" "CARGO_TARGET_DIR=/target" "-e" "CARGO_INCREMENTAL=0" "-e" "RUST_BACKTRACE=full" "-e" "RUSTFLAGS=--cap-lints=warn" "-e" "CARGO_HOME=/cargo-home" "-e" "RUSTUP_HOME=/rustup-home" "-m" "1536M" "--network" "none" "crater"`
Nov 02 13:02:55.275 INFO blam! 739b2d8599ec8b99189e1aebbb465c10e8617508241e8298dc407ae9dce4071a
Nov 02 13:02:55.277 INFO running `"docker" "start" "-a" "739b2d8599ec8b99189e1aebbb465c10e8617508241e8298dc407ae9dce4071a"`
Nov 02 13:02:56.347 INFO kablam! usermod: no changes
Nov 02 13:02:56.439 INFO kablam!    Compiling slot v0.2.5
Nov 02 13:02:56.439 INFO kablam!    Compiling syscall v0.2.1
Nov 02 13:02:56.439 INFO kablam!    Compiling rm v0.3.2
Nov 02 13:02:56.451 INFO kablam!    Compiling ptr v0.2.1
Nov 02 13:02:56.451 INFO kablam!    Compiling null-terminated v0.3.4
Nov 02 13:02:56.451 INFO kablam!    Compiling tempus v0.2.3
Nov 02 13:02:56.611 INFO kablam! error[E0554]: #![feature] may not be used on the beta release channel
Nov 02 13:02:56.611 INFO kablam!   --> /cargo-home/registry/src/github.com-1ecc6299db9ec823/ptr-0.2.1/src/lib.rs:13:1
Nov 02 13:02:56.611 INFO kablam!    |
Nov 02 13:02:56.611 INFO kablam! 13 | #![feature(const_fn)]
Nov 02 13:02:56.611 INFO kablam!    | ^^^^^^^^^^^^^^^^^^^^^
Nov 02 13:02:56.611 INFO kablam! 
Nov 02 13:02:56.611 INFO kablam! error: aborting due to previous error
Nov 02 13:02:56.611 INFO kablam! 
Nov 02 13:02:56.611 INFO kablam! For more information about this error, try `rustc --explain E0554`.
Nov 02 13:02:56.619 INFO kablam! error: Could not compile `ptr`.
Nov 02 13:02:56.619 INFO kablam! warning: build failed, waiting for other jobs to finish...
Nov 02 13:02:56.731 INFO kablam! error[E0554]: #![feature] may not be used on the beta release channel
Nov 02 13:02:56.731 INFO kablam!  --> /cargo-home/registry/src/github.com-1ecc6299db9ec823/slot-0.2.5/src/lib.rs:3:1
Nov 02 13:02:56.731 INFO kablam!   |
Nov 02 13:02:56.731 INFO kablam! 3 | #![feature(const_fn)]
Nov 02 13:02:56.731 INFO kablam!   | ^^^^^^^^^^^^^^^^^^^^^
Nov 02 13:02:56.731 INFO kablam! 
Nov 02 13:02:56.731 INFO kablam! error[E0554]: #![feature] may not be used on the beta release channel
Nov 02 13:02:56.731 INFO kablam!  --> /cargo-home/registry/src/github.com-1ecc6299db9ec823/slot-0.2.5/src/lib.rs:4:1
Nov 02 13:02:56.731 INFO kablam!   |
Nov 02 13:02:56.731 INFO kablam! 4 | #![feature(const_fn_union)]
Nov 02 13:02:56.731 INFO kablam!   | ^^^^^^^^^^^^^^^^^^^^^^^^^^^
Nov 02 13:02:56.731 INFO kablam! 
Nov 02 13:02:56.750 INFO kablam! error[E0554]: #![feature] may not be used on the beta release channel
Nov 02 13:02:56.750 INFO kablam!  --> /cargo-home/registry/src/github.com-1ecc6299db9ec823/slot-0.2.5/src/lib.rs:5:1
Nov 02 13:02:56.750 INFO kablam!   |
Nov 02 13:02:56.750 INFO kablam! 5 | #![feature(untagged_unions)]
Nov 02 13:02:56.750 INFO kablam!   | ^^^^^^^^^^^^^^^^^^^^^^^^^^^^
Nov 02 13:02:56.750 INFO kablam! 
Nov 02 13:02:56.752 INFO kablam! error: aborting due to 3 previous errors
Nov 02 13:02:56.752 INFO kablam! 
Nov 02 13:02:56.752 INFO kablam! For more information about this error, try `rustc --explain E0554`.
Nov 02 13:02:56.752 INFO kablam! error[E0554]: #![feature] may not be used on the beta release channel
Nov 02 13:02:56.752 INFO kablam!   --> /cargo-home/registry/src/github.com-1ecc6299db9ec823/syscall-0.2.1/src/lib.rs:15:1
Nov 02 13:02:56.752 INFO kablam!    |
Nov 02 13:02:56.752 INFO kablam! 15 | #![feature(asm)]
Nov 02 13:02:56.752 INFO kablam!    | ^^^^^^^^^^^^^^^^
Nov 02 13:02:56.752 INFO kablam! 
Nov 02 13:02:56.763 INFO kablam! error: aborting due to previous error
Nov 02 13:02:56.763 INFO kablam! 
Nov 02 13:02:56.763 INFO kablam! For more information about this error, try `rustc --explain E0554`.
Nov 02 13:02:56.763 INFO kablam! error: Could not compile `slot`.
Nov 02 13:02:56.763 INFO kablam! warning: build failed, waiting for other jobs to finish...
Nov 02 13:02:56.771 INFO kablam! error: Could not compile `syscall`.
Nov 02 13:02:56.771 INFO kablam! warning: build failed, waiting for other jobs to finish...
Nov 02 13:02:56.827 INFO kablam! error[E0554]: #![feature] may not be used on the beta release channel
Nov 02 13:02:56.827 INFO kablam!  --> /cargo-home/registry/src/github.com-1ecc6299db9ec823/tempus-0.2.3/src/lib.rs:3:1
Nov 02 13:02:56.827 INFO kablam!   |
Nov 02 13:02:56.827 INFO kablam! 3 | #![feature(i128_type)]
Nov 02 13:02:56.827 INFO kablam!   | ^^^^^^^^^^^^^^^^^^^^^^
Nov 02 13:02:56.827 INFO kablam! 
Nov 02 13:02:56.827 INFO kablam! error: aborting due to previous error
Nov 02 13:02:56.827 INFO kablam! 
Nov 02 13:02:56.827 INFO kablam! For more information about this error, try `rustc --explain E0554`.
Nov 02 13:02:56.831 INFO kablam! error: Could not compile `tempus`.
Nov 02 13:02:56.831 INFO kablam! warning: build failed, waiting for other jobs to finish...
Nov 02 13:02:56.839 INFO kablam! error[E0554]: #![feature] may not be used on the beta release channel
Nov 02 13:02:56.839 INFO kablam!  --> /cargo-home/registry/src/github.com-1ecc6299db9ec823/null-terminated-0.3.4/src/lib.rs:7:1
Nov 02 13:02:56.839 INFO kablam!   |
Nov 02 13:02:56.839 INFO kablam! 7 | #![feature(const_fn)]
Nov 02 13:02:56.839 INFO kablam!   | ^^^^^^^^^^^^^^^^^^^^^
Nov 02 13:02:56.839 INFO kablam! 
Nov 02 13:02:56.839 INFO kablam! error[E0554]: #![feature] may not be used on the beta release channel
Nov 02 13:02:56.839 INFO kablam!  --> /cargo-home/registry/src/github.com-1ecc6299db9ec823/null-terminated-0.3.4/src/lib.rs:8:1
Nov 02 13:02:56.839 INFO kablam!   |
Nov 02 13:02:56.839 INFO kablam! 8 | #![feature(const_raw_ptr_deref)]
Nov 02 13:02:56.839 INFO kablam!   | ^^^^^^^^^^^^^^^^^^^^^^^^^^^^^^^^
Nov 02 13:02:56.839 INFO kablam! 
Nov 02 13:02:56.839 INFO kablam! error[E0554]: #![feature] may not be used on the beta release channel
Nov 02 13:02:56.839 INFO kablam!  --> /cargo-home/registry/src/github.com-1ecc6299db9ec823/null-terminated-0.3.4/src/lib.rs:9:1
Nov 02 13:02:56.839 INFO kablam!   |
Nov 02 13:02:56.839 INFO kablam! 9 | #![feature(extern_types)]
Nov 02 13:02:56.839 INFO kablam!   | ^^^^^^^^^^^^^^^^^^^^^^^^^
Nov 02 13:02:56.839 INFO kablam! 
Nov 02 13:02:56.839 INFO kablam! error[E0554]: #![feature] may not be used on the beta release channel
Nov 02 13:02:56.839 INFO kablam!   --> /cargo-home/registry/src/github.com-1ecc6299db9ec823/null-terminated-0.3.4/src/lib.rs:10:1
Nov 02 13:02:56.839 INFO kablam!    |
Nov 02 13:02:56.839 INFO kablam! 10 | #![feature(untagged_unions)]
Nov 02 13:02:56.839 INFO kablam!    | ^^^^^^^^^^^^^^^^^^^^^^^^^^^^
Nov 02 13:02:56.839 INFO kablam! 
Nov 02 13:02:56.839 INFO kablam! error: aborting due to 4 previous errors
Nov 02 13:02:56.839 INFO kablam! 
Nov 02 13:02:56.839 INFO kablam! For more information about this error, try `rustc --explain E0554`.
Nov 02 13:02:56.847 INFO kablam! error: Could not compile `null-terminated`.
Nov 02 13:02:56.847 INFO kablam! 
Nov 02 13:02:56.847 INFO kablam! To learn more, run the command again with --verbose.
Nov 02 13:02:56.847 INFO kablam! su: No module specific data is present
Nov 02 13:02:57.363 INFO running `"docker" "rm" "-f" "739b2d8599ec8b99189e1aebbb465c10e8617508241e8298dc407ae9dce4071a"`
Nov 02 13:02:57.647 INFO blam! 739b2d8599ec8b99189e1aebbb465c10e8617508241e8298dc407ae9dce4071a
