Nov 02 13:05:23.227 INFO testing local-encoding-0.2.0 against 1.30.0 for beta-1.31-1
Nov 02 13:05:23.227 INFO running `"docker" "create" "-v" "/mnt/big/crater/work/local/target-dirs/beta-1.31-1/worker-5/1.30.0:/target:rw,Z" "-v" "/mnt/big/crater/work/local/test-source/worker-5/beta-1.31-1/1.30.0:/source:ro,Z" "-v" "/mnt/big/crater/work/local/cargo-home:/cargo-home:ro,Z" "-v" "/mnt/big/crater/work/local/rustup-home:/rustup-home:ro,Z" "-e" "USER_ID=1000" "-e" "SOURCE_DIR=/source" "-e" "USER_ID=1000" "-e" "CMD=cargo +1.30.0 build --frozen" "-e" "CARGO_TARGET_DIR=/target" "-e" "CARGO_INCREMENTAL=0" "-e" "RUST_BACKTRACE=full" "-e" "RUSTFLAGS=--cap-lints=warn" "-e" "CARGO_HOME=/cargo-home" "-e" "RUSTUP_HOME=/rustup-home" "-m" "1536M" "--network" "none" "crater"`
Nov 02 13:05:23.480 INFO blam! 071528b28380fb30ff63b37474528d5a1daf43affdedb2bfc11b91bd495b38a0
Nov 02 13:05:23.482 INFO running `"docker" "start" "-a" "071528b28380fb30ff63b37474528d5a1daf43affdedb2bfc11b91bd495b38a0"`
Nov 02 13:05:24.368 INFO kablam! usermod: no changes
Nov 02 13:05:24.431 INFO kablam!    Compiling local-encoding v0.2.0 (/source)
Nov 02 13:05:26.280 INFO kablam!     Finished dev [unoptimized + debuginfo] target(s) in 1.90s
Nov 02 13:05:26.282 INFO kablam! su: No module specific data is present
Nov 02 13:05:26.565 INFO running `"docker" "rm" "-f" "071528b28380fb30ff63b37474528d5a1daf43affdedb2bfc11b91bd495b38a0"`
Nov 02 13:05:26.632 INFO blam! 071528b28380fb30ff63b37474528d5a1daf43affdedb2bfc11b91bd495b38a0
Nov 02 13:05:26.634 INFO running `"docker" "create" "-v" "/mnt/big/crater/work/local/target-dirs/beta-1.31-1/worker-5/1.30.0:/target:rw,Z" "-v" "/mnt/big/crater/work/local/test-source/worker-5/beta-1.31-1/1.30.0:/source:ro,Z" "-v" "/mnt/big/crater/work/local/cargo-home:/cargo-home:ro,Z" "-v" "/mnt/big/crater/work/local/rustup-home:/rustup-home:ro,Z" "-e" "USER_ID=1000" "-e" "SOURCE_DIR=/source" "-e" "USER_ID=1000" "-e" "CMD=cargo +1.30.0 test --frozen --no-run" "-e" "CARGO_TARGET_DIR=/target" "-e" "CARGO_INCREMENTAL=0" "-e" "RUST_BACKTRACE=full" "-e" "RUSTFLAGS=--cap-lints=warn" "-e" "CARGO_HOME=/cargo-home" "-e" "RUSTUP_HOME=/rustup-home" "-m" "1536M" "--network" "none" "crater"`
Nov 02 13:05:26.831 INFO blam! 815dbcc939ec6da1ce1421294eeb682ea68dd830d79310361a102d5b5582ac0d
Nov 02 13:05:26.834 INFO running `"docker" "start" "-a" "815dbcc939ec6da1ce1421294eeb682ea68dd830d79310361a102d5b5582ac0d"`
Nov 02 13:05:27.227 INFO kablam! usermod: no changes
Nov 02 13:05:27.287 INFO kablam!    Compiling local-encoding v0.2.0 (/source)
Nov 02 13:05:28.767 INFO kablam!     Finished dev [unoptimized + debuginfo] target(s) in 1.51s
Nov 02 13:05:28.769 INFO kablam! su: No module specific data is present
Nov 02 13:05:29.075 INFO running `"docker" "rm" "-f" "815dbcc939ec6da1ce1421294eeb682ea68dd830d79310361a102d5b5582ac0d"`
Nov 02 13:05:29.203 INFO blam! 815dbcc939ec6da1ce1421294eeb682ea68dd830d79310361a102d5b5582ac0d
Nov 02 13:05:29.205 INFO running `"docker" "create" "-v" "/mnt/big/crater/work/local/target-dirs/beta-1.31-1/worker-5/1.30.0:/target:rw,Z" "-v" "/mnt/big/crater/work/local/test-source/worker-5/beta-1.31-1/1.30.0:/source:ro,Z" "-v" "/mnt/big/crater/work/local/cargo-home:/cargo-home:ro,Z" "-v" "/mnt/big/crater/work/local/rustup-home:/rustup-home:ro,Z" "-e" "USER_ID=1000" "-e" "SOURCE_DIR=/source" "-e" "USER_ID=1000" "-e" "CMD=cargo +1.30.0 test --frozen" "-e" "CARGO_TARGET_DIR=/target" "-e" "CARGO_INCREMENTAL=0" "-e" "RUST_BACKTRACE=full" "-e" "RUSTFLAGS=--cap-lints=warn" "-e" "CARGO_HOME=/cargo-home" "-e" "RUSTUP_HOME=/rustup-home" "-m" "1536M" "--network" "none" "crater"`
Nov 02 13:05:29.448 INFO blam! 5720b659183a2a896b210ef98e7ba9eea2a91d12386c01421739b438a434d101
Nov 02 13:05:29.453 INFO running `"docker" "start" "-a" "5720b659183a2a896b210ef98e7ba9eea2a91d12386c01421739b438a434d101"`
Nov 02 13:05:29.942 INFO kablam! usermod: no changes
Nov 02 13:05:29.998 INFO kablam!     Finished dev [unoptimized + debuginfo] target(s) in 0.02s
Nov 02 13:05:30.000 INFO kablam!      Running /target/debug/deps/local_encoding-f30c452b1db4a34b
Nov 02 13:05:30.005 INFO blam! 
Nov 02 13:05:30.005 INFO blam! running 4 tests
Nov 02 13:05:30.010 INFO blam! test tests::ansi_to_string_test ... ok
Nov 02 13:05:30.010 INFO blam! test tests::oem_to_string_test ... ok
Nov 02 13:05:30.010 INFO blam! test tests::string_to_ansi_test ... ok
Nov 02 13:05:30.010 INFO blam! test tests::string_to_oem_test ... ok
Nov 02 13:05:30.010 INFO blam! 
Nov 02 13:05:30.010 INFO blam! test result: ok. 4 passed; 0 failed; 0 ignored; 0 measured; 0 filtered out
Nov 02 13:05:30.010 INFO blam! 
Nov 02 13:05:30.011 INFO kablam!      Running /target/debug/deps/skeptic-40e4a623e82f1e2b
Nov 02 13:05:30.016 INFO blam! 
Nov 02 13:05:30.016 INFO blam! running 1 test
Nov 02 13:05:31.095 INFO kablam! error[E0464]: multiple matching crates for `local_encoding`
Nov 02 13:05:31.095 INFO kablam!  --> /tmp/rust-skeptic.qVJQWA3JJJIg/test.rs:1:1
Nov 02 13:05:31.095 INFO kablam!   |
Nov 02 13:05:31.095 INFO kablam! 1 | extern crate local_encoding;
Nov 02 13:05:31.095 INFO kablam!   | ^^^^^^^^^^^^^^^^^^^^^^^^^^^^
Nov 02 13:05:31.095 INFO kablam!   |
Nov 02 13:05:31.095 INFO kablam!   = note: candidates:
Nov 02 13:05:31.095 INFO kablam!           crate `local_encoding`: /target/debug/deps/liblocal_encoding-4549b38ce23dbb7d.rlib
Nov 02 13:05:31.095 INFO kablam!           crate `local_encoding`: /target/debug/deps/liblocal_encoding-4663aa429249fbd1.rlib
Nov 02 13:05:31.095 INFO kablam! 
Nov 02 13:05:31.095 INFO kablam! error[E0463]: can't find crate for `local_encoding`
Nov 02 13:05:31.095 INFO kablam!  --> /tmp/rust-skeptic.qVJQWA3JJJIg/test.rs:1:1
Nov 02 13:05:31.095 INFO kablam!   |
Nov 02 13:05:31.095 INFO kablam! 1 | extern crate local_encoding;
Nov 02 13:05:31.095 INFO kablam!   | ^^^^^^^^^^^^^^^^^^^^^^^^^^^^ can't find crate
Nov 02 13:05:31.095 INFO kablam! 
Nov 02 13:05:31.095 INFO kablam! error: aborting due to 2 previous errors
Nov 02 13:05:31.095 INFO kablam! 
Nov 02 13:05:31.095 INFO kablam! Some errors occurred: E0463, E0464.
Nov 02 13:05:31.095 INFO kablam! For more information about an error, try `rustc --explain E0463`.
Nov 02 13:05:31.105 INFO blam! test readme_0 ... FAILED
Nov 02 13:05:31.105 INFO blam! 
Nov 02 13:05:31.105 INFO blam! failures:
Nov 02 13:05:31.105 INFO blam! 
Nov 02 13:05:31.105 INFO blam! ---- readme_0 stdout ----
Nov 02 13:05:31.105 INFO blam! thread 'readme_0' panicked at 'command failed', /cargo-home/registry/src/github.com-1ecc6299db9ec823/skeptic-0.4.0/lib.rs:308:13
Nov 02 13:05:31.105 INFO blam! stack backtrace:
Nov 02 13:05:31.105 INFO blam!    0:     0x5601452a340e - std::sys::unix::backtrace::tracing::imp::unwind_backtrace::hf5316c67202e23c8
Nov 02 13:05:31.105 INFO blam!                                at libstd/sys/unix/backtrace/tracing/gcc_s.rs:49
Nov 02 13:05:31.105 INFO blam!    1:     0x560145291ae6 - std::sys_common::backtrace::print::h3068ed2a6dc7ac86
Nov 02 13:05:31.105 INFO blam!                                at libstd/sys_common/backtrace.rs:71
Nov 02 13:05:31.105 INFO blam!                                at libstd/sys_common/backtrace.rs:59
Nov 02 13:05:31.105 INFO blam!    2:     0x56014528febd - std::panicking::default_hook::{{closure}}::h1b9d29cc09d41897
Nov 02 13:05:31.105 INFO blam!                                at libstd/panicking.rs:211
Nov 02 13:05:31.105 INFO blam!    3:     0x56014528fbcb - std::panicking::default_hook::h3a27b204a313406b
Nov 02 13:05:31.105 INFO blam!                                at libstd/panicking.rs:221
Nov 02 13:05:31.105 INFO blam!    4:     0x56014529056c - std::panicking::rust_panic_with_hook::h0e12cb2fc86d00fa
Nov 02 13:05:31.105 INFO blam!                                at libstd/panicking.rs:477
Nov 02 13:05:31.105 INFO blam!    5:     0x56014527ab5f - std::panicking::begin_panic::ha0f6625094fdf0c0
Nov 02 13:05:31.105 INFO blam!                                at libstd/panicking.rs:411
Nov 02 13:05:31.106 INFO blam!    6:     0x56014526d64f - skeptic::rt::interpret_output::h40bf6ca4cacf2ee1
Nov 02 13:05:31.106 INFO blam!                                at /cargo-home/registry/src/github.com-1ecc6299db9ec823/skeptic-0.4.0/lib.rs:308
Nov 02 13:05:31.106 INFO blam!    7:     0x56014526d1af - skeptic::rt::compile_test_case::ha82bd45207e0a7be
Nov 02 13:05:31.106 INFO blam!                                at /cargo-home/registry/src/github.com-1ecc6299db9ec823/skeptic-0.4.0/lib.rs:287
Nov 02 13:05:31.106 INFO blam!    8:     0x56014526cd2b - skeptic::rt::run_test::h04e7016906242abb
Nov 02 13:05:31.106 INFO blam!                                at /cargo-home/registry/src/github.com-1ecc6299db9ec823/skeptic-0.4.0/lib.rs:262
Nov 02 13:05:31.106 INFO blam!    9:     0x56014522cd11 - skeptic::readme_0::h1efb1b2acbe23d39
Nov 02 13:05:31.106 INFO blam!                                at /target/debug/build/local-encoding-5a3a5a740bba6612/out/skeptic-tests.rs:14
Nov 02 13:05:31.106 INFO blam!   10:     0x56014522cbf9 - skeptic::readme_0::{{closure}}::hd732a032736d1ecb
Nov 02 13:05:31.106 INFO blam!                                at /target/debug/build/local-encoding-5a3a5a740bba6612/out/skeptic-tests.rs:3
Nov 02 13:05:31.106 INFO blam!   11:     0x56014522cb2d - core::ops::function::FnOnce::call_once::ha64e3ff9108a67f1
Nov 02 13:05:31.106 INFO blam!                                at libcore/ops/function.rs:238
Nov 02 13:05:31.106 INFO blam!   12:     0x56014522f02e - <F as alloc::boxed::FnBox<A>>::call_box::ha9910eac2d17ff23
Nov 02 13:05:31.106 INFO blam!                                at libtest/lib.rs:1461
Nov 02 13:05:31.106 INFO blam!                                at libcore/ops/function.rs:238
Nov 02 13:05:31.106 INFO blam!                                at liballoc/boxed.rs:646
Nov 02 13:05:31.106 INFO blam!   13:     0x5601452b6119 - __rust_maybe_catch_panic
Nov 02 13:05:31.106 INFO blam!                                at libpanic_unwind/lib.rs:103
Nov 02 13:05:31.106 INFO blam!   14:     0x56014523a93d - std::sys_common::backtrace::__rust_begin_short_backtrace::h470b05235fe5e5ad
Nov 02 13:05:31.106 INFO blam!                                at libstd/panicking.rs:289
Nov 02 13:05:31.106 INFO blam!                                at libstd/panic.rs:392
Nov 02 13:05:31.106 INFO blam!                                at libtest/lib.rs:1416
Nov 02 13:05:31.106 INFO blam!                                at libstd/sys_common/backtrace.rs:136
Nov 02 13:05:31.106 INFO blam!   15:     0x560145252f74 - std::panicking::try::do_call::h1f0578498122cc00
Nov 02 13:05:31.106 INFO blam!                                at libstd/thread/mod.rs:409
Nov 02 13:05:31.106 INFO blam!                                at libstd/panic.rs:313
Nov 02 13:05:31.106 INFO blam!                                at libstd/panicking.rs:310
Nov 02 13:05:31.106 INFO blam!   16:     0x5601452b6119 - __rust_maybe_catch_panic
Nov 02 13:05:31.106 INFO blam!                                at libpanic_unwind/lib.rs:103
Nov 02 13:05:31.106 INFO blam!   17:     0x560145243846 - <F as alloc::boxed::FnBox<A>>::call_box::h7b129f9f235ab460
Nov 02 13:05:31.106 INFO blam!                                at libstd/panicking.rs:289
Nov 02 13:05:31.106 INFO blam!                                at libstd/panic.rs:392
Nov 02 13:05:31.106 INFO blam!                                at libstd/thread/mod.rs:408
Nov 02 13:05:31.106 INFO blam!                                at liballoc/boxed.rs:646
Nov 02 13:05:31.106 INFO blam!   18:     0x5601452a532a - std::sys_common::thread::start_thread::hb77935aee02382da
Nov 02 13:05:31.106 INFO blam!                                at liballoc/boxed.rs:656
Nov 02 13:05:31.106 INFO blam!                                at libstd/sys_common/thread.rs:24
Nov 02 13:05:31.106 INFO blam!   19:     0x560145290d25 - std::sys::unix::thread::Thread::new::thread_start::hd61f7429b3de1d75
Nov 02 13:05:31.106 INFO blam!                                at libstd/sys/unix/thread.rs:90
Nov 02 13:05:31.106 INFO blam!   20:     0x7f6c5bf646b9 - start_thread
Nov 02 13:05:31.106 INFO blam!   21:     0x7f6c5ba8441c - clone
Nov 02 13:05:31.106 INFO blam!   22:                0x0 - <unknown>
Nov 02 13:05:31.106 INFO blam! 
Nov 02 13:05:31.106 INFO blam! 
Nov 02 13:05:31.106 INFO blam! failures:
Nov 02 13:05:31.106 INFO blam!     readme_0
Nov 02 13:05:31.106 INFO blam! 
Nov 02 13:05:31.106 INFO blam! test result: FAILED. 0 passed; 1 failed; 0 ignored; 0 measured; 0 filtered out
Nov 02 13:05:31.106 INFO blam! 
Nov 02 13:05:31.108 INFO kablam! error: test failed, to rerun pass '--test skeptic'
Nov 02 13:05:31.108 INFO kablam! su: No module specific data is present
Nov 02 13:05:31.457 INFO running `"docker" "rm" "-f" "5720b659183a2a896b210ef98e7ba9eea2a91d12386c01421739b438a434d101"`
Nov 02 13:05:31.594 INFO blam! 5720b659183a2a896b210ef98e7ba9eea2a91d12386c01421739b438a434d101
