Nov 02 01:09:17.968 INFO testing uriparse-0.3.2 against beta-2018-10-30 for beta-1.31-1
Nov 02 01:09:17.968 INFO running `"docker" "create" "-v" "/mnt/big/crater/work/local/target-dirs/beta-1.31-1/worker-4/beta-2018-10-30:/target:rw,Z" "-v" "/mnt/big/crater/work/local/test-source/worker-4/beta-1.31-1/beta-2018-10-30:/source:ro,Z" "-v" "/mnt/big/crater/work/local/cargo-home:/cargo-home:ro,Z" "-v" "/mnt/big/crater/work/local/rustup-home:/rustup-home:ro,Z" "-e" "USER_ID=1000" "-e" "SOURCE_DIR=/source" "-e" "USER_ID=1000" "-e" "CMD=cargo +beta-2018-10-30 build --frozen" "-e" "CARGO_TARGET_DIR=/target" "-e" "CARGO_INCREMENTAL=0" "-e" "RUST_BACKTRACE=full" "-e" "RUSTFLAGS=--cap-lints=warn" "-e" "CARGO_HOME=/cargo-home" "-e" "RUSTUP_HOME=/rustup-home" "-m" "1536M" "--network" "none" "crater"`
Nov 02 01:09:18.458 INFO blam! 7d3522950faddce2876eab758cf48a9fdaa7a5f3348e6224e1203ea60ab30e82
Nov 02 01:09:18.471 INFO running `"docker" "start" "-a" "7d3522950faddce2876eab758cf48a9fdaa7a5f3348e6224e1203ea60ab30e82"`
Nov 02 01:09:19.720 INFO kablam! usermod: no changes
Nov 02 01:09:19.923 INFO kablam!    Compiling uriparse v0.3.2 (/source)
Nov 02 01:09:20.587 INFO kablam! error[E0554]: #![feature] may not be used on the beta release channel
Nov 02 01:09:20.587 INFO kablam!  --> src/lib.rs:1:1
Nov 02 01:09:20.587 INFO kablam!   |
Nov 02 01:09:20.587 INFO kablam! 1 | #![feature(non_exhaustive)]
Nov 02 01:09:20.587 INFO kablam!   | ^^^^^^^^^^^^^^^^^^^^^^^^^^^
Nov 02 01:09:20.587 INFO kablam! 
Nov 02 01:09:20.587 INFO kablam! error[E0554]: #![feature] may not be used on the beta release channel
Nov 02 01:09:20.587 INFO kablam!  --> src/lib.rs:2:1
Nov 02 01:09:20.587 INFO kablam!   |
Nov 02 01:09:20.587 INFO kablam! 2 | #![feature(try_from)]
Nov 02 01:09:20.587 INFO kablam!   | ^^^^^^^^^^^^^^^^^^^^^
Nov 02 01:09:20.587 INFO kablam! 
Nov 02 01:09:20.587 INFO kablam! error[E0554]: #![feature] may not be used on the beta release channel
Nov 02 01:09:20.587 INFO kablam!  --> src/lib.rs:3:1
Nov 02 01:09:20.587 INFO kablam!   |
Nov 02 01:09:20.587 INFO kablam! 3 | #![feature(never_type)]
Nov 02 01:09:20.587 INFO kablam!   | ^^^^^^^^^^^^^^^^^^^^^^^
Nov 02 01:09:20.592 INFO kablam! 
Nov 02 01:09:20.607 INFO kablam! error: aborting due to 3 previous errors
Nov 02 01:09:20.607 INFO kablam! 
Nov 02 01:09:20.607 INFO kablam! For more information about this error, try `rustc --explain E0554`.
Nov 02 01:09:20.631 INFO kablam! error: Could not compile `uriparse`.
Nov 02 01:09:20.631 INFO kablam! 
Nov 02 01:09:20.631 INFO kablam! To learn more, run the command again with --verbose.
Nov 02 01:09:20.639 INFO kablam! su: No module specific data is present
Nov 02 01:09:21.325 INFO running `"docker" "rm" "-f" "7d3522950faddce2876eab758cf48a9fdaa7a5f3348e6224e1203ea60ab30e82"`
Nov 02 01:09:21.709 INFO blam! 7d3522950faddce2876eab758cf48a9fdaa7a5f3348e6224e1203ea60ab30e82
