Nov 02 01:48:47.372 INFO testing trust-dns-0.15.0-alpha.2 against beta-2018-10-30 for beta-1.31-1
Nov 02 01:48:47.374 INFO running `"docker" "create" "-v" "/mnt/big/crater/work/local/target-dirs/beta-1.31-1/worker-3/beta-2018-10-30:/target:rw,Z" "-v" "/mnt/big/crater/work/local/test-source/worker-3/beta-1.31-1/beta-2018-10-30:/source:ro,Z" "-v" "/mnt/big/crater/work/local/cargo-home:/cargo-home:ro,Z" "-v" "/mnt/big/crater/work/local/rustup-home:/rustup-home:ro,Z" "-e" "USER_ID=1000" "-e" "SOURCE_DIR=/source" "-e" "USER_ID=1000" "-e" "CMD=cargo +beta-2018-10-30 build --frozen" "-e" "CARGO_TARGET_DIR=/target" "-e" "CARGO_INCREMENTAL=0" "-e" "RUST_BACKTRACE=full" "-e" "RUSTFLAGS=--cap-lints=warn" "-e" "CARGO_HOME=/cargo-home" "-e" "RUSTUP_HOME=/rustup-home" "-m" "1536M" "--network" "none" "crater"`
Nov 02 01:48:47.978 INFO blam! b026f22f30449c82ef3c050685399c2966b046a1978dc2f26233d11ba02b202f
Nov 02 01:48:47.980 INFO running `"docker" "start" "-a" "b026f22f30449c82ef3c050685399c2966b046a1978dc2f26233d11ba02b202f"`
Nov 02 01:48:49.622 INFO kablam! usermod: no changes
Nov 02 01:48:49.943 INFO kablam!    Compiling radix_trie v0.1.4
Nov 02 01:48:49.943 INFO kablam!    Compiling data-encoding-macro-internal v0.1.5
Nov 02 01:48:49.943 INFO kablam!    Compiling trust-dns-proto v0.5.0
Nov 02 01:48:57.375 INFO kablam!    Compiling data-encoding-macro v0.1.5
Nov 02 01:49:07.203 INFO kablam!    Compiling trust-dns v0.15.0-alpha.2 (/source)
Nov 02 01:49:11.416 INFO kablam! error[E0107]: wrong number of type arguments: expected 3, found 2
Nov 02 01:49:11.416 INFO kablam!   --> src/client/client_future.rs:47:9
Nov 02 01:49:11.417 INFO kablam!    |
Nov 02 01:49:11.417 INFO kablam! 47 |         DnsMultiplexerConnect<S, Signer>,
Nov 02 01:49:11.417 INFO kablam!    |         ^^^^^^^^^^^^^^^^^^^^^^^^^^^^^^^^ expected 3 type arguments
Nov 02 01:49:11.417 INFO kablam! 
Nov 02 01:49:11.467 INFO kablam! error[E0107]: wrong number of type arguments: expected 3, found 2
Nov 02 01:49:11.467 INFO kablam!   --> src/tcp/tcp_client_connection.rs:68:25
Nov 02 01:49:11.468 INFO kablam!    |
Nov 02 01:49:11.468 INFO kablam! 68 |     type SenderFuture = DnsMultiplexerConnect<TcpClientStream<TcpStream>, Signer>;
Nov 02 01:49:11.468 INFO kablam!    |                         ^^^^^^^^^^^^^^^^^^^^^^^^^^^^^^^^^^^^^^^^^^^^^^^^^^^^^^^^^ expected 3 type arguments
Nov 02 01:49:11.469 INFO kablam! 
Nov 02 01:49:11.469 INFO kablam! error[E0107]: wrong number of type arguments: expected 3, found 2
Nov 02 01:49:11.469 INFO kablam!   --> src/udp/udp_client_connection.rs:48:25
Nov 02 01:49:11.469 INFO kablam!    |
Nov 02 01:49:11.470 INFO kablam! 48 |     type SenderFuture = DnsMultiplexerConnect<UdpClientStream, Signer>;
Nov 02 01:49:11.470 INFO kablam!    |                         ^^^^^^^^^^^^^^^^^^^^^^^^^^^^^^^^^^^^^^^^^^^^^^ expected 3 type arguments
Nov 02 01:49:11.470 INFO kablam! 
Nov 02 01:49:11.471 INFO kablam! error: aborting due to 3 previous errors
Nov 02 01:49:11.471 INFO kablam! 
Nov 02 01:49:11.472 INFO kablam! For more information about this error, try `rustc --explain E0107`.
Nov 02 01:49:11.485 INFO kablam! error: Could not compile `trust-dns`.
Nov 02 01:49:11.485 INFO kablam! 
Nov 02 01:49:11.485 INFO kablam! To learn more, run the command again with --verbose.
Nov 02 01:49:11.487 INFO kablam! su: No module specific data is present
Nov 02 01:49:12.135 INFO running `"docker" "rm" "-f" "b026f22f30449c82ef3c050685399c2966b046a1978dc2f26233d11ba02b202f"`
Nov 02 01:49:12.511 INFO blam! b026f22f30449c82ef3c050685399c2966b046a1978dc2f26233d11ba02b202f
