Nov 02 02:45:15.753 INFO testing themis-0.0.1 against 1.30.0 for beta-1.31-1
Nov 02 02:45:15.755 INFO running `"docker" "create" "-v" "/mnt/big/crater/work/local/target-dirs/beta-1.31-1/worker-3/1.30.0:/target:rw,Z" "-v" "/mnt/big/crater/work/local/test-source/worker-3/beta-1.31-1/1.30.0:/source:ro,Z" "-v" "/mnt/big/crater/work/local/cargo-home:/cargo-home:ro,Z" "-v" "/mnt/big/crater/work/local/rustup-home:/rustup-home:ro,Z" "-e" "USER_ID=1000" "-e" "SOURCE_DIR=/source" "-e" "USER_ID=1000" "-e" "CMD=cargo +1.30.0 build --frozen" "-e" "CARGO_TARGET_DIR=/target" "-e" "CARGO_INCREMENTAL=0" "-e" "RUST_BACKTRACE=full" "-e" "RUSTFLAGS=--cap-lints=warn" "-e" "CARGO_HOME=/cargo-home" "-e" "RUSTUP_HOME=/rustup-home" "-m" "1536M" "--network" "none" "crater"`
Nov 02 02:45:16.095 INFO blam! 8d1548252470750e67646dfa5365f8f60369f6fd466018d1ce5af48f657b89c0
Nov 02 02:45:16.103 INFO running `"docker" "start" "-a" "8d1548252470750e67646dfa5365f8f60369f6fd466018d1ce5af48f657b89c0"`
Nov 02 02:45:17.364 INFO kablam! usermod: no changes
Nov 02 02:45:17.443 INFO kablam!    Compiling themis v0.0.1 (/source)
Nov 02 02:45:18.522 INFO kablam!     Finished dev [unoptimized + debuginfo] target(s) in 1.12s
Nov 02 02:45:18.522 INFO kablam! su: No module specific data is present
Nov 02 02:45:19.262 INFO running `"docker" "rm" "-f" "8d1548252470750e67646dfa5365f8f60369f6fd466018d1ce5af48f657b89c0"`
Nov 02 02:45:19.582 INFO blam! 8d1548252470750e67646dfa5365f8f60369f6fd466018d1ce5af48f657b89c0
Nov 02 02:45:19.589 INFO running `"docker" "create" "-v" "/mnt/big/crater/work/local/target-dirs/beta-1.31-1/worker-3/1.30.0:/target:rw,Z" "-v" "/mnt/big/crater/work/local/test-source/worker-3/beta-1.31-1/1.30.0:/source:ro,Z" "-v" "/mnt/big/crater/work/local/cargo-home:/cargo-home:ro,Z" "-v" "/mnt/big/crater/work/local/rustup-home:/rustup-home:ro,Z" "-e" "USER_ID=1000" "-e" "SOURCE_DIR=/source" "-e" "USER_ID=1000" "-e" "CMD=cargo +1.30.0 test --frozen --no-run" "-e" "CARGO_TARGET_DIR=/target" "-e" "CARGO_INCREMENTAL=0" "-e" "RUST_BACKTRACE=full" "-e" "RUSTFLAGS=--cap-lints=warn" "-e" "CARGO_HOME=/cargo-home" "-e" "RUSTUP_HOME=/rustup-home" "-m" "1536M" "--network" "none" "crater"`
Nov 02 02:45:20.019 INFO blam! 4d81fa0329289a0a94b1c827dbd325dd550b0450faca1e7861ded892be80f816
Nov 02 02:45:20.022 INFO running `"docker" "start" "-a" "4d81fa0329289a0a94b1c827dbd325dd550b0450faca1e7861ded892be80f816"`
Nov 02 02:45:21.012 INFO kablam! usermod: no changes
Nov 02 02:45:21.141 INFO kablam!    Compiling themis v0.0.1 (/source)
Nov 02 02:45:25.015 INFO kablam! error: linking with `cc` failed: exit code: 1
Nov 02 02:45:25.015 INFO kablam!   |
Nov 02 02:45:25.015 INFO kablam!   = note: "cc" "-Wl,--as-needed" "-Wl,-z,noexecstack" "-m64" "-L" "/rustup-home/toolchains/1.30.0-x86_64-unknown-linux-gnu/lib/rustlib/x86_64-unknown-linux-gnu/lib" "/target/debug/examples/secure_cell-4e1175badf16b480.secure_cell.bp5sm1iq-cgu.0.rcgu.o" "/target/debug/examples/secure_cell-4e1175badf16b480.secure_cell.bp5sm1iq-cgu.1.rcgu.o" "/target/debug/examples/secure_cell-4e1175badf16b480.secure_cell.bp5sm1iq-cgu.10.rcgu.o" "/target/debug/examples/secure_cell-4e1175badf16b480.secure_cell.bp5sm1iq-cgu.11.rcgu.o" "/target/debug/examples/secure_cell-4e1175badf16b480.secure_cell.bp5sm1iq-cgu.12.rcgu.o" "/target/debug/examples/secure_cell-4e1175badf16b480.secure_cell.bp5sm1iq-cgu.13.rcgu.o" "/target/debug/examples/secure_cell-4e1175badf16b480.secure_cell.bp5sm1iq-cgu.14.rcgu.o" "/target/debug/examples/secure_cell-4e1175badf16b480.secure_cell.bp5sm1iq-cgu.15.rcgu.o" "/target/debug/examples/secure_cell-4e1175badf16b480.secure_cell.bp5sm1iq-cgu.2.rcgu.o" "/target/debug/examples/secure_cell-4e1175badf16b480.secure_cell.bp5sm1iq-cgu.3.rcgu.o" "/target/debug/examples/secure_cell-4e1175badf16b480.secure_cell.bp5sm1iq-cgu.4.rcgu.o" "/target/debug/examples/secure_cell-4e1175badf16b480.secure_cell.bp5sm1iq-cgu.5.rcgu.o" "/target/debug/examples/secure_cell-4e1175badf16b480.secure_cell.bp5sm1iq-cgu.6.rcgu.o" "/target/debug/examples/secure_cell-4e1175badf16b480.secure_cell.bp5sm1iq-cgu.7.rcgu.o" "/target/debug/examples/secure_cell-4e1175badf16b480.secure_cell.bp5sm1iq-cgu.8.rcgu.o" "/target/debug/examples/secure_cell-4e1175badf16b480.secure_cell.bp5sm1iq-cgu.9.rcgu.o" "-o" "/target/debug/examples/secure_cell-4e1175badf16b480" "/target/debug/examples/secure_cell-4e1175badf16b480.1i0x3uktri995x2.rcgu.o" "-Wl,--gc-sections" "-pie" "-Wl,-zrelro" "-Wl,-znow" "-nodefaultlibs" "-L" "/target/debug/deps" "-L" "/rustup-home/toolchains/1.30.0-x86_64-unknown-linux-gnu/lib/rustlib/x86_64-unknown-linux-gnu/lib" "-Wl,-Bstatic" "/target/debug/deps/libthemis-f572905643d5424e.rlib" "/target/debug/deps/libclap-9c89418978152399.rlib" "/target/debug/deps/libvec_map-e2d855d07ffe5abe.rlib" "/target/debug/deps/libtextwrap-9d60e103b7172e24.rlib" "/target/debug/deps/libunicode_width-6942c571be6fadab.rlib" "/target/debug/deps/libstrsim-831061139d61ad20.rlib" "/target/debug/deps/libbitflags-a9ae270d9c6e8239.rlib" "/target/debug/deps/libatty-617a6b3fabd8f9e5.rlib" "/target/debug/deps/liblibc-242412c9b9279256.rlib" "/target/debug/deps/libansi_term-f52acd0599030a45.rlib" "-Wl,--start-group" "/rustup-home/toolchains/1.30.0-x86_64-unknown-linux-gnu/lib/rustlib/x86_64-unknown-linux-gnu/lib/libstd-d4cefb87c2fd1187.rlib" "/rustup-home/toolchains/1.30.0-x86_64-unknown-linux-gnu/lib/rustlib/x86_64-unknown-linux-gnu/lib/libpanic_unwind-a5cee6db9acbf011.rlib" "/rustup-home/toolchains/1.30.0-x86_64-unknown-linux-gnu/lib/rustlib/x86_64-unknown-linux-gnu/lib/liballoc_jemalloc-9840acadca9bde9c.rlib" "/rustup-home/toolchains/1.30.0-x86_64-unknown-linux-gnu/lib/rustlib/x86_64-unknown-linux-gnu/lib/libunwind-39e43f615b6f2306.rlib" "/rustup-home/toolchains/1.30.0-x86_64-unknown-linux-gnu/lib/rustlib/x86_64-unknown-linux-gnu/lib/liballoc_system-25d597b777206248.rlib" "/rustup-home/toolchains/1.30.0-x86_64-unknown-linux-gnu/lib/rustlib/x86_64-unknown-linux-gnu/lib/liblibc-606804d39647c276.rlib" "/rustup-home/toolchains/1.30.0-x86_64-unknown-linux-gnu/lib/rustlib/x86_64-unknown-linux-gnu/lib/liballoc-3f0e239bf2ed5cd4.rlib" "/rustup-home/toolchains/1.30.0-x86_64-unknown-linux-gnu/lib/rustlib/x86_64-unknown-linux-gnu/lib/libcore-62177162265c5821.rlib" "-Wl,--end-group" "/rustup-home/toolchains/1.30.0-x86_64-unknown-linux-gnu/lib/rustlib/x86_64-unknown-linux-gnu/lib/libcompiler_builtins-f946e458612ced9a.rlib" "-Wl,-Bdynamic" "-lthemis" "-lthemis" "-lthemis" "-lthemis" "-lthemis" "-lthemis" "-lthemis" "-lutil" "-lutil" "-ldl" "-lrt" "-lpthread" "-lpthread" "-lgcc_s" "-lc" "-lm" "-lrt" "-lpthread" "-lutil" "-lutil"
Nov 02 02:45:25.015 INFO kablam!   = note: /usr/bin/ld: cannot find -lthemis
Nov 02 02:45:25.015 INFO kablam!           /usr/bin/ld: cannot find -lthemis
Nov 02 02:45:25.015 INFO kablam!           /usr/bin/ld: cannot find -lthemis
Nov 02 02:45:25.015 INFO kablam!           /usr/bin/ld: cannot find -lthemis
Nov 02 02:45:25.015 INFO kablam!           /usr/bin/ld: cannot find -lthemis
Nov 02 02:45:25.015 INFO kablam!           /usr/bin/ld: cannot find -lthemis
Nov 02 02:45:25.015 INFO kablam!           /usr/bin/ld: cannot find -lthemis
Nov 02 02:45:25.015 INFO kablam!           collect2: error: ld returned 1 exit status
Nov 02 02:45:25.015 INFO kablam!           
Nov 02 02:45:25.015 INFO kablam! 
Nov 02 02:45:25.036 INFO kablam! error: aborting due to previous error
Nov 02 02:45:25.039 INFO kablam! 
Nov 02 02:45:25.072 INFO kablam! error: Could not compile `themis`.
Nov 02 02:45:25.072 INFO kablam! warning: build failed, waiting for other jobs to finish...
Nov 02 02:45:25.475 INFO kablam! error: linking with `cc` failed: exit code: 1
Nov 02 02:45:25.475 INFO kablam!   |
Nov 02 02:45:25.475 INFO kablam!   = note: "cc" "-Wl,--as-needed" "-Wl,-z,noexecstack" "-m64" "-L" "/rustup-home/toolchains/1.30.0-x86_64-unknown-linux-gnu/lib/rustlib/x86_64-unknown-linux-gnu/lib" "/target/debug/examples/keygen-0f122b02e37912f8.keygen.bglzcxvh-cgu.0.rcgu.o" "/target/debug/examples/keygen-0f122b02e37912f8.keygen.bglzcxvh-cgu.1.rcgu.o" "/target/debug/examples/keygen-0f122b02e37912f8.keygen.bglzcxvh-cgu.10.rcgu.o" "/target/debug/examples/keygen-0f122b02e37912f8.keygen.bglzcxvh-cgu.11.rcgu.o" "/target/debug/examples/keygen-0f122b02e37912f8.keygen.bglzcxvh-cgu.12.rcgu.o" "/target/debug/examples/keygen-0f122b02e37912f8.keygen.bglzcxvh-cgu.13.rcgu.o" "/target/debug/examples/keygen-0f122b02e37912f8.keygen.bglzcxvh-cgu.2.rcgu.o" "/target/debug/examples/keygen-0f122b02e37912f8.keygen.bglzcxvh-cgu.3.rcgu.o" "/target/debug/examples/keygen-0f122b02e37912f8.keygen.bglzcxvh-cgu.4.rcgu.o" "/target/debug/examples/keygen-0f122b02e37912f8.keygen.bglzcxvh-cgu.5.rcgu.o" "/target/debug/examples/keygen-0f122b02e37912f8.keygen.bglzcxvh-cgu.6.rcgu.o" "/target/debug/examples/keygen-0f122b02e37912f8.keygen.bglzcxvh-cgu.7.rcgu.o" "/target/debug/examples/keygen-0f122b02e37912f8.keygen.bglzcxvh-cgu.8.rcgu.o" "/target/debug/examples/keygen-0f122b02e37912f8.keygen.bglzcxvh-cgu.9.rcgu.o" "-o" "/target/debug/examples/keygen-0f122b02e37912f8" "/target/debug/examples/keygen-0f122b02e37912f8.tg7qddmwjihm195.rcgu.o" "-Wl,--gc-sections" "-pie" "-Wl,-zrelro" "-Wl,-znow" "-nodefaultlibs" "-L" "/target/debug/deps" "-L" "/rustup-home/toolchains/1.30.0-x86_64-unknown-linux-gnu/lib/rustlib/x86_64-unknown-linux-gnu/lib" "-Wl,-Bstatic" "/target/debug/deps/libthemis-f572905643d5424e.rlib" "/target/debug/deps/libclap-9c89418978152399.rlib" "/target/debug/deps/libvec_map-e2d855d07ffe5abe.rlib" "/target/debug/deps/libtextwrap-9d60e103b7172e24.rlib" "/target/debug/deps/libunicode_width-6942c571be6fadab.rlib" "/target/debug/deps/libstrsim-831061139d61ad20.rlib" "/target/debug/deps/libbitflags-a9ae270d9c6e8239.rlib" "/target/debug/deps/libatty-617a6b3fabd8f9e5.rlib" "/target/debug/deps/liblibc-242412c9b9279256.rlib" "/target/debug/deps/libansi_term-f52acd0599030a45.rlib" "-Wl,--start-group" "/rustup-home/toolchains/1.30.0-x86_64-unknown-linux-gnu/lib/rustlib/x86_64-unknown-linux-gnu/lib/libstd-d4cefb87c2fd1187.rlib" "/rustup-home/toolchains/1.30.0-x86_64-unknown-linux-gnu/lib/rustlib/x86_64-unknown-linux-gnu/lib/libpanic_unwind-a5cee6db9acbf011.rlib" "/rustup-home/toolchains/1.30.0-x86_64-unknown-linux-gnu/lib/rustlib/x86_64-unknown-linux-gnu/lib/liballoc_jemalloc-9840acadca9bde9c.rlib" "/rustup-home/toolchains/1.30.0-x86_64-unknown-linux-gnu/lib/rustlib/x86_64-unknown-linux-gnu/lib/libunwind-39e43f615b6f2306.rlib" "/rustup-home/toolchains/1.30.0-x86_64-unknown-linux-gnu/lib/rustlib/x86_64-unknown-linux-gnu/lib/liballoc_system-25d597b777206248.rlib" "/rustup-home/toolchains/1.30.0-x86_64-unknown-linux-gnu/lib/rustlib/x86_64-unknown-linux-gnu/lib/liblibc-606804d39647c276.rlib" "/rustup-home/toolchains/1.30.0-x86_64-unknown-linux-gnu/lib/rustlib/x86_64-unknown-linux-gnu/lib/liballoc-3f0e239bf2ed5cd4.rlib" "/rustup-home/toolchains/1.30.0-x86_64-unknown-linux-gnu/lib/rustlib/x86_64-unknown-linux-gnu/lib/libcore-62177162265c5821.rlib" "-Wl,--end-group" "/rustup-home/toolchains/1.30.0-x86_64-unknown-linux-gnu/lib/rustlib/x86_64-unknown-linux-gnu/lib/libcompiler_builtins-f946e458612ced9a.rlib" "-Wl,-Bdynamic" "-lthemis" "-lthemis" "-lthemis" "-lthemis" "-lthemis" "-lthemis" "-lthemis" "-lutil" "-lutil" "-ldl" "-lrt" "-lpthread" "-lpthread" "-lgcc_s" "-lc" "-lm" "-lrt" "-lpthread" "-lutil" "-lutil"
Nov 02 02:45:25.475 INFO kablam!   = note: /usr/bin/ld: cannot find -lthemis
Nov 02 02:45:25.475 INFO kablam!           /usr/bin/ld: cannot find -lthemis
Nov 02 02:45:25.475 INFO kablam!           /usr/bin/ld: cannot find -lthemis
Nov 02 02:45:25.475 INFO kablam!           /usr/bin/ld: cannot find -lthemis
Nov 02 02:45:25.475 INFO kablam!           /usr/bin/ld: cannot find -lthemis
Nov 02 02:45:25.475 INFO kablam!           /usr/bin/ld: cannot find -lthemis
Nov 02 02:45:25.475 INFO kablam!           /usr/bin/ld: cannot find -lthemis
Nov 02 02:45:25.475 INFO kablam!           collect2: error: ld returned 1 exit status
Nov 02 02:45:25.475 INFO kablam!           
Nov 02 02:45:25.475 INFO kablam! 
Nov 02 02:45:25.475 INFO kablam! error: aborting due to previous error
Nov 02 02:45:25.475 INFO kablam! 
Nov 02 02:45:25.486 INFO kablam! error: Could not compile `themis`.
Nov 02 02:45:25.486 INFO kablam! warning: build failed, waiting for other jobs to finish...
Nov 02 02:45:28.239 INFO kablam! error: linking with `cc` failed: exit code: 1
Nov 02 02:45:28.239 INFO kablam!   |
Nov 02 02:45:28.239 INFO kablam!   = note: "cc" "-Wl,--as-needed" "-Wl,-z,noexecstack" "-m64" "-L" "/rustup-home/toolchains/1.30.0-x86_64-unknown-linux-gnu/lib/rustlib/x86_64-unknown-linux-gnu/lib" "/target/debug/examples/secure_message_client_encrypt-68655c16ee3c7cb7.secure_message_client_encrypt.8vdiah5n-cgu.0.rcgu.o" "/target/debug/examples/secure_message_client_encrypt-68655c16ee3c7cb7.secure_message_client_encrypt.8vdiah5n-cgu.1.rcgu.o" "/target/debug/examples/secure_message_client_encrypt-68655c16ee3c7cb7.secure_message_client_encrypt.8vdiah5n-cgu.10.rcgu.o" "/target/debug/examples/secure_message_client_encrypt-68655c16ee3c7cb7.secure_message_client_encrypt.8vdiah5n-cgu.11.rcgu.o" "/target/debug/examples/secure_message_client_encrypt-68655c16ee3c7cb7.secure_message_client_encrypt.8vdiah5n-cgu.12.rcgu.o" "/target/debug/examples/secure_message_client_encrypt-68655c16ee3c7cb7.secure_message_client_encrypt.8vdiah5n-cgu.13.rcgu.o" "/target/debug/examples/secure_message_client_encrypt-68655c16ee3c7cb7.secure_message_client_encrypt.8vdiah5n-cgu.14.rcgu.o" "/target/debug/examples/secure_message_client_encrypt-68655c16ee3c7cb7.secure_message_client_encrypt.8vdiah5n-cgu.15.rcgu.o" "/target/debug/examples/secure_message_client_encrypt-68655c16ee3c7cb7.secure_message_client_encrypt.8vdiah5n-cgu.2.rcgu.o" "/target/debug/examples/secure_message_client_encrypt-68655c16ee3c7cb7.secure_message_client_encrypt.8vdiah5n-cgu.3.rcgu.o" "/target/debug/examples/secure_message_client_encrypt-68655c16ee3c7cb7.secure_message_client_encrypt.8vdiah5n-cgu.4.rcgu.o" "/target/debug/examples/secure_message_client_encrypt-68655c16ee3c7cb7.secure_message_client_encrypt.8vdiah5n-cgu.5.rcgu.o" "/target/debug/examples/secure_message_client_encrypt-68655c16ee3c7cb7.secure_message_client_encrypt.8vdiah5n-cgu.6.rcgu.o" "/target/debug/examples/secure_message_client_encrypt-68655c16ee3c7cb7.secure_message_client_encrypt.8vdiah5n-cgu.7.rcgu.o" "/target/debug/examples/secure_message_client_encrypt-68655c16ee3c7cb7.secure_message_client_encrypt.8vdiah5n-cgu.8.rcgu.o" "/target/debug/examples/secure_message_client_encrypt-68655c16ee3c7cb7.secure_message_client_encrypt.8vdiah5n-cgu.9.rcgu.o" "-o" "/target/debug/examples/secure_message_client_encrypt-68655c16ee3c7cb7" "/target/debug/examples/secure_message_client_encrypt-68655c16ee3c7cb7.12hxw5sfo19rgjkg.rcgu.o" "-Wl,--gc-sections" "-pie" "-Wl,-zrelro" "-Wl,-znow" "-nodefaultlibs" "-L" "/target/debug/deps" "-L" "/rustup-home/toolchains/1.30.0-x86_64-unknown-linux-gnu/lib/rustlib/x86_64-unknown-linux-gnu/lib" "-Wl,-Bstatic" "/target/debug/deps/libthemis-f572905643d5424e.rlib" "/target/debug/deps/libenv_logger-e9e3be6121073a8f.rlib" "/target/debug/deps/libregex-99e12999bdafb1c9.rlib" "/target/debug/deps/libutf8_ranges-c98f28f2a19fec96.rlib" "/target/debug/deps/libregex_syntax-426ea9bfca01bf40.rlib" "/target/debug/deps/libucd_util-72704853b6a7c208.rlib" "/target/debug/deps/libthread_local-25ebd30943c52b88.rlib" "/target/debug/deps/liblazy_static-9a75508398f34db6.rlib" "/target/debug/deps/libaho_corasick-0ad4d2e90e784ff7.rlib" "/target/debug/deps/libmemchr-62514187f236b5fb.rlib" "/target/debug/deps/libhumantime-05877abf10e2835b.rlib" "/target/debug/deps/libquick_error-1f1e1a0c789cdd24.rlib" "/target/debug/deps/libtermcolor-575a214731808d52.rlib" "/target/debug/deps/liblog-f7ef7e22ef0aa246.rlib" "/target/debug/deps/libcfg_if-e0fca1bd4be7311d.rlib" "/target/debug/deps/libclap-9c89418978152399.rlib" "/target/debug/deps/libvec_map-e2d855d07ffe5abe.rlib" "/target/debug/deps/libtextwrap-9d60e103b7172e24.rlib" "/target/debug/deps/libunicode_width-6942c571be6fadab.rlib" "/target/debug/deps/libstrsim-831061139d61ad20.rlib" "/target/debug/deps/libbitflags-a9ae270d9c6e8239.rlib" "/target/debug/deps/libatty-617a6b3fabd8f9e5.rlib" "/target/debug/deps/liblibc-242412c9b9279256.rlib" "/target/debug/deps/libansi_term-f52acd0599030a45.rlib" "-Wl,--start-group" "/rustup-home/toolchains/1.30.0-x86_64-unknown-linux-gnu/lib/rustlib/x86_64-unknown-linux-gnu/lib/libstd-d4cefb87c2fd1187.rlib" "/rustup-home/toolchains/1.30.0-x86_64-unknown-linux-gnu/lib/rustlib/x86_64-unknown-linux-gnu/lib/libpanic_unwind-a5cee6db9acbf011.rlib" "/rustup-home/toolchains/1.30.0-x86_64-unknown-linux-gnu/lib/rustlib/x86_64-unknown-linux-gnu/lib/liballoc_jemalloc-9840acadca9bde9c.rlib" "/rustup-home/toolchains/1.30.0-x86_64-unknown-linux-gnu/lib/rustlib/x86_64-unknown-linux-gnu/lib/libunwind-39e43f615b6f2306.rlib" "/rustup-home/toolchains/1.30.0-x86_64-unknown-linux-gnu/lib/rustlib/x86_64-unknown-linux-gnu/lib/liballoc_system-25d597b777206248.rlib" "/rustup-home/toolchains/1.30.0-x86_64-unknown-linux-gnu/lib/rustlib/x86_64-unknown-linux-gnu/lib/liblibc-606804d39647c276.rlib" "/rustup-home/toolchains/1.30.0-x86_64-unknown-linux-gnu/lib/rustlib/x86_64-unknown-linux-gnu/lib/liballoc-3f0e239bf2ed5cd4.rlib" "/rustup-home/toolchains/1.30.0-x86_64-unknown-linux-gnu/lib/rustlib/x86_64-unknown-linux-gnu/lib/libcore-62177162265c5821.rlib" "-Wl,--end-group" "/rustup-home/toolchains/1.30.0-x86_64-unknown-linux-gnu/lib/rustlib/x86_64-unknown-linux-gnu/lib/libcompiler_builtins-f946e458612ced9a.rlib" "-Wl,-Bdynamic" "-lthemis" "-lthemis" "-lthemis" "-lthemis" "-lthemis" "-lthemis" "-lthemis" "-lutil" "-lutil" "-ldl" "-lrt" "-lpthread" "-lpthread" "-lgcc_s" "-lc" "-lm" "-lrt" "-lpthread" "-lutil" "-lutil"
Nov 02 02:45:28.239 INFO kablam!   = note: /usr/bin/ld: cannot find -lthemis
Nov 02 02:45:28.239 INFO kablam!           /usr/bin/ld: cannot find -lthemis
Nov 02 02:45:28.239 INFO kablam!           /usr/bin/ld: cannot find -lthemis
Nov 02 02:45:28.239 INFO kablam!           /usr/bin/ld: cannot find -lthemis
Nov 02 02:45:28.239 INFO kablam!           /usr/bin/ld: cannot find -lthemis
Nov 02 02:45:28.239 INFO kablam!           /usr/bin/ld: cannot find -lthemis
Nov 02 02:45:28.239 INFO kablam!           /usr/bin/ld: cannot find -lthemis
Nov 02 02:45:28.239 INFO kablam!           collect2: error: ld returned 1 exit status
Nov 02 02:45:28.239 INFO kablam!           
Nov 02 02:45:28.239 INFO kablam! 
Nov 02 02:45:28.255 INFO kablam! error: aborting due to previous error
Nov 02 02:45:28.255 INFO kablam! 
Nov 02 02:45:28.255 INFO kablam! error: Could not compile `themis`.
Nov 02 02:45:28.255 INFO kablam! warning: build failed, waiting for other jobs to finish...
Nov 02 02:45:28.275 INFO kablam! error: linking with `cc` failed: exit code: 1
Nov 02 02:45:28.279 INFO kablam!   |
Nov 02 02:45:28.279 INFO kablam!   = note: "cc" "-Wl,--as-needed" "-Wl,-z,noexecstack" "-m64" "-L" "/rustup-home/toolchains/1.30.0-x86_64-unknown-linux-gnu/lib/rustlib/x86_64-unknown-linux-gnu/lib" "/target/debug/examples/secure_message_client_verify-ced56e0427c3d7e7.secure_message_client_verify.8cs7bhy2-cgu.0.rcgu.o" "/target/debug/examples/secure_message_client_verify-ced56e0427c3d7e7.secure_message_client_verify.8cs7bhy2-cgu.1.rcgu.o" "/target/debug/examples/secure_message_client_verify-ced56e0427c3d7e7.secure_message_client_verify.8cs7bhy2-cgu.10.rcgu.o" "/target/debug/examples/secure_message_client_verify-ced56e0427c3d7e7.secure_message_client_verify.8cs7bhy2-cgu.11.rcgu.o" "/target/debug/examples/secure_message_client_verify-ced56e0427c3d7e7.secure_message_client_verify.8cs7bhy2-cgu.12.rcgu.o" "/target/debug/examples/secure_message_client_verify-ced56e0427c3d7e7.secure_message_client_verify.8cs7bhy2-cgu.13.rcgu.o" "/target/debug/examples/secure_message_client_verify-ced56e0427c3d7e7.secure_message_client_verify.8cs7bhy2-cgu.14.rcgu.o" "/target/debug/examples/secure_message_client_verify-ced56e0427c3d7e7.secure_message_client_verify.8cs7bhy2-cgu.15.rcgu.o" "/target/debug/examples/secure_message_client_verify-ced56e0427c3d7e7.secure_message_client_verify.8cs7bhy2-cgu.2.rcgu.o" "/target/debug/examples/secure_message_client_verify-ced56e0427c3d7e7.secure_message_client_verify.8cs7bhy2-cgu.3.rcgu.o" "/target/debug/examples/secure_message_client_verify-ced56e0427c3d7e7.secure_message_client_verify.8cs7bhy2-cgu.4.rcgu.o" "/target/debug/examples/secure_message_client_verify-ced56e0427c3d7e7.secure_message_client_verify.8cs7bhy2-cgu.5.rcgu.o" "/target/debug/examples/secure_message_client_verify-ced56e0427c3d7e7.secure_message_client_verify.8cs7bhy2-cgu.6.rcgu.o" "/target/debug/examples/secure_message_client_verify-ced56e0427c3d7e7.secure_message_client_verify.8cs7bhy2-cgu.7.rcgu.o" "/target/debug/examples/secure_message_client_verify-ced56e0427c3d7e7.secure_message_client_verify.8cs7bhy2-cgu.8.rcgu.o" "/target/debug/examples/secure_message_client_verify-ced56e0427c3d7e7.secure_message_client_verify.8cs7bhy2-cgu.9.rcgu.o" "-o" "/target/debug/examples/secure_message_client_verify-ced56e0427c3d7e7" "/target/debug/examples/secure_message_client_verify-ced56e0427c3d7e7.45jow9eoimslw785.rcgu.o" "-Wl,--gc-sections" "-pie" "-Wl,-zrelro" "-Wl,-znow" "-nodefaultlibs" "-L" "/target/debug/deps" "-L" "/rustup-home/toolchains/1.30.0-x86_64-unknown-linux-gnu/lib/rustlib/x86_64-unknown-linux-gnu/lib" "-Wl,-Bstatic" "/target/debug/deps/libthemis-f572905643d5424e.rlib" "/target/debug/deps/libenv_logger-e9e3be6121073a8f.rlib" "/target/debug/deps/libregex-99e12999bdafb1c9.rlib" "/target/debug/deps/libutf8_ranges-c98f28f2a19fec96.rlib" "/target/debug/deps/libregex_syntax-426ea9bfca01bf40.rlib" "/target/debug/deps/libucd_util-72704853b6a7c208.rlib" "/target/debug/deps/libthread_local-25ebd30943c52b88.rlib" "/target/debug/deps/liblazy_static-9a75508398f34db6.rlib" "/target/debug/deps/libaho_corasick-0ad4d2e90e784ff7.rlib" "/target/debug/deps/libmemchr-62514187f236b5fb.rlib" "/target/debug/deps/libhumantime-05877abf10e2835b.rlib" "/target/debug/deps/libquick_error-1f1e1a0c789cdd24.rlib" "/target/debug/deps/libtermcolor-575a214731808d52.rlib" "/target/debug/deps/liblog-f7ef7e22ef0aa246.rlib" "/target/debug/deps/libcfg_if-e0fca1bd4be7311d.rlib" "/target/debug/deps/libclap-9c89418978152399.rlib" "/target/debug/deps/libvec_map-e2d855d07ffe5abe.rlib" "/target/debug/deps/libtextwrap-9d60e103b7172e24.rlib" "/target/debug/deps/libunicode_width-6942c571be6fadab.rlib" "/target/debug/deps/libstrsim-831061139d61ad20.rlib" "/target/debug/deps/libbitflags-a9ae270d9c6e8239.rlib" "/target/debug/deps/libatty-617a6b3fabd8f9e5.rlib" "/target/debug/deps/liblibc-242412c9b9279256.rlib" "/target/debug/deps/libansi_term-f52acd0599030a45.rlib" "-Wl,--start-group" "/rustup-home/toolchains/1.30.0-x86_64-unknown-linux-gnu/lib/rustlib/x86_64-unknown-linux-gnu/lib/libstd-d4cefb87c2fd1187.rlib" "/rustup-home/toolchains/1.30.0-x86_64-unknown-linux-gnu/lib/rustlib/x86_64-unknown-linux-gnu/lib/libpanic_unwind-a5cee6db9acbf011.rlib" "/rustup-home/toolchains/1.30.0-x86_64-unknown-linux-gnu/lib/rustlib/x86_64-unknown-linux-gnu/lib/liballoc_jemalloc-9840acadca9bde9c.rlib" "/rustup-home/toolchains/1.30.0-x86_64-unknown-linux-gnu/lib/rustlib/x86_64-unknown-linux-gnu/lib/libunwind-39e43f615b6f2306.rlib" "/rustup-home/toolchains/1.30.0-x86_64-unknown-linux-gnu/lib/rustlib/x86_64-unknown-linux-gnu/lib/liballoc_system-25d597b777206248.rlib" "/rustup-home/toolchains/1.30.0-x86_64-unknown-linux-gnu/lib/rustlib/x86_64-unknown-linux-gnu/lib/liblibc-606804d39647c276.rlib" "/rustup-home/toolchains/1.30.0-x86_64-unknown-linux-gnu/lib/rustlib/x86_64-unknown-linux-gnu/lib/liballoc-3f0e239bf2ed5cd4.rlib" "/rustup-home/toolchains/1.30.0-x86_64-unknown-linux-gnu/lib/rustlib/x86_64-unknown-linux-gnu/lib/libcore-62177162265c5821.rlib" "-Wl,--end-group" "/rustup-home/toolchains/1.30.0-x86_64-unknown-linux-gnu/lib/rustlib/x86_64-unknown-linux-gnu/lib/libcompiler_builtins-f946e458612ced9a.rlib" "-Wl,-Bdynamic" "-lthemis" "-lthemis" "-lthemis" "-lthemis" "-lthemis" "-lthemis" "-lthemis" "-lutil" "-lutil" "-ldl" "-lrt" "-lpthread" "-lpthread" "-lgcc_s" "-lc" "-lm" "-lrt" "-lpthread" "-lutil" "-lutil"
Nov 02 02:45:28.279 INFO kablam!   = note: /usr/bin/ld: cannot find -lthemis
Nov 02 02:45:28.279 INFO kablam!           /usr/bin/ld: cannot find -lthemis
Nov 02 02:45:28.279 INFO kablam!           /usr/bin/ld: cannot find -lthemis
Nov 02 02:45:28.279 INFO kablam!           /usr/bin/ld: cannot find -lthemis
Nov 02 02:45:28.279 INFO kablam!           /usr/bin/ld: cannot find -lthemis
Nov 02 02:45:28.279 INFO kablam!           /usr/bin/ld: cannot find -lthemis
Nov 02 02:45:28.279 INFO kablam!           /usr/bin/ld: cannot find -lthemis
Nov 02 02:45:28.279 INFO kablam!           collect2: error: ld returned 1 exit status
Nov 02 02:45:28.279 INFO kablam!           
Nov 02 02:45:28.279 INFO kablam! 
Nov 02 02:45:28.279 INFO kablam! error: aborting due to previous error
Nov 02 02:45:28.279 INFO kablam! 
Nov 02 02:45:28.289 INFO kablam! error: Could not compile `themis`.
Nov 02 02:45:28.289 INFO kablam! warning: build failed, waiting for other jobs to finish...
Nov 02 02:45:28.431 INFO kablam! error: linking with `cc` failed: exit code: 1
Nov 02 02:45:28.431 INFO kablam!   |
Nov 02 02:45:28.431 INFO kablam!   = note: "cc" "-Wl,--as-needed" "-Wl,-z,noexecstack" "-m64" "-L" "/rustup-home/toolchains/1.30.0-x86_64-unknown-linux-gnu/lib/rustlib/x86_64-unknown-linux-gnu/lib" "/target/debug/deps/themis-da24549a53ed5d81.themis.b58p32sv-cgu.0.rcgu.o" "/target/debug/deps/themis-da24549a53ed5d81.themis.b58p32sv-cgu.1.rcgu.o" "/target/debug/deps/themis-da24549a53ed5d81.themis.b58p32sv-cgu.10.rcgu.o" "/target/debug/deps/themis-da24549a53ed5d81.themis.b58p32sv-cgu.11.rcgu.o" "/target/debug/deps/themis-da24549a53ed5d81.themis.b58p32sv-cgu.12.rcgu.o" "/target/debug/deps/themis-da24549a53ed5d81.themis.b58p32sv-cgu.13.rcgu.o" "/target/debug/deps/themis-da24549a53ed5d81.themis.b58p32sv-cgu.14.rcgu.o" "/target/debug/deps/themis-da24549a53ed5d81.themis.b58p32sv-cgu.15.rcgu.o" "/target/debug/deps/themis-da24549a53ed5d81.themis.b58p32sv-cgu.2.rcgu.o" "/target/debug/deps/themis-da24549a53ed5d81.themis.b58p32sv-cgu.3.rcgu.o" "/target/debug/deps/themis-da24549a53ed5d81.themis.b58p32sv-cgu.4.rcgu.o" "/target/debug/deps/themis-da24549a53ed5d81.themis.b58p32sv-cgu.5.rcgu.o" "/target/debug/deps/themis-da24549a53ed5d81.themis.b58p32sv-cgu.6.rcgu.o" "/target/debug/deps/themis-da24549a53ed5d81.themis.b58p32sv-cgu.7.rcgu.o" "/target/debug/deps/themis-da24549a53ed5d81.themis.b58p32sv-cgu.8.rcgu.o" "/target/debug/deps/themis-da24549a53ed5d81.themis.b58p32sv-cgu.9.rcgu.o" "-o" "/target/debug/deps/themis-da24549a53ed5d81" "/target/debug/deps/themis-da24549a53ed5d81.ukmp4mdiu8v4v1m.rcgu.o" "-Wl,--gc-sections" "-pie" "-Wl,-zrelro" "-Wl,-znow" "-nodefaultlibs" "-L" "/target/debug/deps" "-L" "/rustup-home/toolchains/1.30.0-x86_64-unknown-linux-gnu/lib/rustlib/x86_64-unknown-linux-gnu/lib" "-lthemis" "-lthemis" "-lthemis" "-lthemis" "-lthemis" "-lthemis" "-lthemis" "-Wl,-Bstatic" "/rustup-home/toolchains/1.30.0-x86_64-unknown-linux-gnu/lib/rustlib/x86_64-unknown-linux-gnu/lib/libtest-6cfea01e7ed849e7.rlib" "/rustup-home/toolchains/1.30.0-x86_64-unknown-linux-gnu/lib/rustlib/x86_64-unknown-linux-gnu/lib/libterm-f893b74708ea283f.rlib" "/rustup-home/toolchains/1.30.0-x86_64-unknown-linux-gnu/lib/rustlib/x86_64-unknown-linux-gnu/lib/libgetopts-9c5e741843c608b0.rlib" "/target/debug/deps/liblibc-242412c9b9279256.rlib" "-Wl,--start-group" "/rustup-home/toolchains/1.30.0-x86_64-unknown-linux-gnu/lib/rustlib/x86_64-unknown-linux-gnu/lib/libstd-d4cefb87c2fd1187.rlib" "/rustup-home/toolchains/1.30.0-x86_64-unknown-linux-gnu/lib/rustlib/x86_64-unknown-linux-gnu/lib/libpanic_unwind-a5cee6db9acbf011.rlib" "/rustup-home/toolchains/1.30.0-x86_64-unknown-linux-gnu/lib/rustlib/x86_64-unknown-linux-gnu/lib/liballoc_jemalloc-9840acadca9bde9c.rlib" "/rustup-home/toolchains/1.30.0-x86_64-unknown-linux-gnu/lib/rustlib/x86_64-unknown-linux-gnu/lib/libunwind-39e43f615b6f2306.rlib" "/rustup-home/toolchains/1.30.0-x86_64-unknown-linux-gnu/lib/rustlib/x86_64-unknown-linux-gnu/lib/liballoc_system-25d597b777206248.rlib" "/rustup-home/toolchains/1.30.0-x86_64-unknown-linux-gnu/lib/rustlib/x86_64-unknown-linux-gnu/lib/liblibc-606804d39647c276.rlib" "/rustup-home/toolchains/1.30.0-x86_64-unknown-linux-gnu/lib/rustlib/x86_64-unknown-linux-gnu/lib/liballoc-3f0e239bf2ed5cd4.rlib" "/rustup-home/toolchains/1.30.0-x86_64-unknown-linux-gnu/lib/rustlib/x86_64-unknown-linux-gnu/lib/libcore-62177162265c5821.rlib" "-Wl,--end-group" "/rustup-home/toolchains/1.30.0-x86_64-unknown-linux-gnu/lib/rustlib/x86_64-unknown-linux-gnu/lib/libcompiler_builtins-f946e458612ced9a.rlib" "-Wl,-Bdynamic" "-lutil" "-lutil" "-ldl" "-lrt" "-lpthread" "-lpthread" "-lgcc_s" "-lc" "-lm" "-lrt" "-lpthread" "-lutil" "-lutil"
Nov 02 02:45:28.431 INFO kablam!   = note: /usr/bin/ld: cannot find -lthemis
Nov 02 02:45:28.431 INFO kablam!           /usr/bin/ld: cannot find -lthemis
Nov 02 02:45:28.431 INFO kablam!           /usr/bin/ld: cannot find -lthemis
Nov 02 02:45:28.431 INFO kablam!           /usr/bin/ld: cannot find -lthemis
Nov 02 02:45:28.431 INFO kablam!           /usr/bin/ld: cannot find -lthemis
Nov 02 02:45:28.431 INFO kablam!           /usr/bin/ld: cannot find -lthemis
Nov 02 02:45:28.431 INFO kablam!           /usr/bin/ld: cannot find -lthemis
Nov 02 02:45:28.431 INFO kablam!           collect2: error: ld returned 1 exit status
Nov 02 02:45:28.431 INFO kablam!           
Nov 02 02:45:28.431 INFO kablam! 
Nov 02 02:45:28.431 INFO kablam! error: aborting due to previous error
Nov 02 02:45:28.431 INFO kablam! 
Nov 02 02:45:28.432 INFO kablam! error: Could not compile `themis`.
Nov 02 02:45:28.432 INFO kablam! warning: build failed, waiting for other jobs to finish...
Nov 02 02:45:29.387 INFO kablam! error: build failed
Nov 02 02:45:29.389 INFO kablam! su: No module specific data is present
Nov 02 02:45:29.902 INFO running `"docker" "rm" "-f" "4d81fa0329289a0a94b1c827dbd325dd550b0450faca1e7861ded892be80f816"`
Nov 02 02:45:30.213 INFO blam! 4d81fa0329289a0a94b1c827dbd325dd550b0450faca1e7861ded892be80f816
