Nov 02 02:48:40.334 INFO testing tester-0.4.1 against beta-2018-10-30 for beta-1.31-1
Nov 02 02:48:40.336 INFO running `"docker" "create" "-v" "/mnt/big/crater/work/local/target-dirs/beta-1.31-1/worker-3/beta-2018-10-30:/target:rw,Z" "-v" "/mnt/big/crater/work/local/test-source/worker-3/beta-1.31-1/beta-2018-10-30:/source:ro,Z" "-v" "/mnt/big/crater/work/local/cargo-home:/cargo-home:ro,Z" "-v" "/mnt/big/crater/work/local/rustup-home:/rustup-home:ro,Z" "-e" "USER_ID=1000" "-e" "SOURCE_DIR=/source" "-e" "USER_ID=1000" "-e" "CMD=cargo +beta-2018-10-30 build --frozen" "-e" "CARGO_TARGET_DIR=/target" "-e" "CARGO_INCREMENTAL=0" "-e" "RUST_BACKTRACE=full" "-e" "RUSTFLAGS=--cap-lints=warn" "-e" "CARGO_HOME=/cargo-home" "-e" "RUSTUP_HOME=/rustup-home" "-m" "1536M" "--network" "none" "crater"`
Nov 02 02:48:40.667 INFO blam! dd3977911aa86816da7bb925b9ceb1c77386b485fb87ab3139f022997f6fa5ff
Nov 02 02:48:40.669 INFO running `"docker" "start" "-a" "dd3977911aa86816da7bb925b9ceb1c77386b485fb87ab3139f022997f6fa5ff"`
Nov 02 02:48:41.967 INFO kablam! usermod: no changes
Nov 02 02:48:42.047 INFO kablam!    Compiling tester v0.4.1 (/source)
Nov 02 02:48:46.747 INFO kablam!     Finished dev [unoptimized + debuginfo] target(s) in 4.74s
Nov 02 02:48:46.755 INFO kablam! su: No module specific data is present
Nov 02 02:48:47.383 INFO running `"docker" "rm" "-f" "dd3977911aa86816da7bb925b9ceb1c77386b485fb87ab3139f022997f6fa5ff"`
Nov 02 02:48:47.628 INFO blam! dd3977911aa86816da7bb925b9ceb1c77386b485fb87ab3139f022997f6fa5ff
Nov 02 02:48:47.630 INFO running `"docker" "create" "-v" "/mnt/big/crater/work/local/target-dirs/beta-1.31-1/worker-3/beta-2018-10-30:/target:rw,Z" "-v" "/mnt/big/crater/work/local/test-source/worker-3/beta-1.31-1/beta-2018-10-30:/source:ro,Z" "-v" "/mnt/big/crater/work/local/cargo-home:/cargo-home:ro,Z" "-v" "/mnt/big/crater/work/local/rustup-home:/rustup-home:ro,Z" "-e" "USER_ID=1000" "-e" "SOURCE_DIR=/source" "-e" "USER_ID=1000" "-e" "CMD=cargo +beta-2018-10-30 test --frozen --no-run" "-e" "CARGO_TARGET_DIR=/target" "-e" "CARGO_INCREMENTAL=0" "-e" "RUST_BACKTRACE=full" "-e" "RUSTFLAGS=--cap-lints=warn" "-e" "CARGO_HOME=/cargo-home" "-e" "RUSTUP_HOME=/rustup-home" "-m" "1536M" "--network" "none" "crater"`
Nov 02 02:48:48.065 INFO blam! 9d6971d7ef91c675d93f1dacf0ad58b56ae06c05a08c3466011c02a99f88ff94
Nov 02 02:48:48.069 INFO running `"docker" "start" "-a" "9d6971d7ef91c675d93f1dacf0ad58b56ae06c05a08c3466011c02a99f88ff94"`
Nov 02 02:48:49.503 INFO kablam! usermod: no changes
Nov 02 02:48:49.596 INFO kablam!    Compiling tester v0.4.1 (/source)
Nov 02 02:48:50.600 INFO kablam! error[E0308]: mismatched types
Nov 02 02:48:50.600 INFO kablam!    --> src/stats.rs:913:5
Nov 02 02:48:50.600 INFO kablam!     |
Nov 02 02:48:50.600 INFO kablam! 913 | /     pub fn sum_three_items(b: &mut Bencher) {
Nov 02 02:48:50.600 INFO kablam! 914 | |         b.iter(|| { [1e20f64, 1.5f64, -1e20f64].sum(); })
Nov 02 02:48:50.600 INFO kablam! 915 | |     }
Nov 02 02:48:50.600 INFO kablam!     | |_____^ expected struct `Bencher`, found struct `test::Bencher`
Nov 02 02:48:50.600 INFO kablam!     |
Nov 02 02:48:50.600 INFO kablam!     = note: expected type `&mut Bencher`
Nov 02 02:48:50.600 INFO kablam!                found type `&mut test::Bencher`
Nov 02 02:48:50.600 INFO kablam! 
Nov 02 02:48:50.623 INFO kablam! error[E0308]: mismatched types
Nov 02 02:48:50.623 INFO kablam!    --> src/stats.rs:917:5
Nov 02 02:48:50.623 INFO kablam!     |
Nov 02 02:48:50.623 INFO kablam! 917 | /     pub fn sum_many_f64(b: &mut Bencher) {
Nov 02 02:48:50.623 INFO kablam! 918 | |         let nums = [-1e30f64, 1e60, 1e30, 1.0, -1e60];
Nov 02 02:48:50.623 INFO kablam! 919 | |         let v = (0..500).map(|i| nums[i % 5]).collect::<Vec<_>>();
Nov 02 02:48:50.623 INFO kablam! 920 | |
Nov 02 02:48:50.623 INFO kablam! 921 | |         b.iter(|| { v.sum(); })
Nov 02 02:48:50.623 INFO kablam! 922 | |     }
Nov 02 02:48:50.623 INFO kablam!     | |_____^ expected struct `Bencher`, found struct `test::Bencher`
Nov 02 02:48:50.623 INFO kablam!     |
Nov 02 02:48:50.643 INFO kablam!     = note: expected type `&mut Bencher`
Nov 02 02:48:50.643 INFO kablam!                found type `&mut test::Bencher`
Nov 02 02:48:50.643 INFO kablam! 
Nov 02 02:48:50.655 INFO kablam! error[E0308]: mismatched types
Nov 02 02:48:50.655 INFO kablam!    --> src/stats.rs:925:5
Nov 02 02:48:50.655 INFO kablam!     |
Nov 02 02:48:50.655 INFO kablam! 925 |     pub fn no_iter(_: &mut Bencher) {}
Nov 02 02:48:50.655 INFO kablam!     |     ^^^^^^^^^^^^^^^^^^^^^^^^^^^^^^^^^^ expected struct `Bencher`, found struct `test::Bencher`
Nov 02 02:48:50.655 INFO kablam!     |
Nov 02 02:48:50.655 INFO kablam!     = note: expected type `&mut Bencher`
Nov 02 02:48:50.655 INFO kablam!                found type `&mut test::Bencher`
Nov 02 02:48:50.655 INFO kablam! 
Nov 02 02:48:50.675 INFO kablam! error: aborting due to 3 previous errors
Nov 02 02:48:50.675 INFO kablam! 
Nov 02 02:48:50.675 INFO kablam! For more information about this error, try `rustc --explain E0308`.
Nov 02 02:48:50.677 INFO kablam! error: Could not compile `tester`.
Nov 02 02:48:50.677 INFO kablam! 
Nov 02 02:48:50.677 INFO kablam! To learn more, run the command again with --verbose.
Nov 02 02:48:50.679 INFO kablam! su: No module specific data is present
Nov 02 02:48:51.205 INFO running `"docker" "rm" "-f" "9d6971d7ef91c675d93f1dacf0ad58b56ae06c05a08c3466011c02a99f88ff94"`
Nov 02 02:48:51.463 INFO blam! 9d6971d7ef91c675d93f1dacf0ad58b56ae06c05a08c3466011c02a99f88ff94
