Nov 02 03:38:30.640 INFO testing stm32f429i-disc-0.1.0 against beta-2018-10-30 for beta-1.31-1
Nov 02 03:38:30.640 INFO running `"docker" "create" "-v" "/mnt/big/crater/work/local/target-dirs/beta-1.31-1/worker-7/beta-2018-10-30:/target:rw,Z" "-v" "/mnt/big/crater/work/local/test-source/worker-7/beta-1.31-1/beta-2018-10-30:/source:ro,Z" "-v" "/mnt/big/crater/work/local/cargo-home:/cargo-home:ro,Z" "-v" "/mnt/big/crater/work/local/rustup-home:/rustup-home:ro,Z" "-e" "USER_ID=1000" "-e" "SOURCE_DIR=/source" "-e" "USER_ID=1000" "-e" "CMD=cargo +beta-2018-10-30 build --frozen" "-e" "CARGO_TARGET_DIR=/target" "-e" "CARGO_INCREMENTAL=0" "-e" "RUST_BACKTRACE=full" "-e" "RUSTFLAGS=--cap-lints=warn" "-e" "CARGO_HOME=/cargo-home" "-e" "RUSTUP_HOME=/rustup-home" "-m" "1536M" "--network" "none" "crater"`
Nov 02 03:38:31.158 INFO blam! f1d617b99c6124f2614cf857268159b64ce891f5cb827318e7ef7cb2b11244f3
Nov 02 03:38:31.163 INFO running `"docker" "start" "-a" "f1d617b99c6124f2614cf857268159b64ce891f5cb827318e7ef7cb2b11244f3"`
Nov 02 03:38:32.222 INFO kablam! usermod: no changes
Nov 02 03:38:32.355 INFO kablam!    Compiling cortex-m-rt v0.6.5
Nov 02 03:38:32.355 INFO kablam!    Compiling cortex-m v0.5.8
Nov 02 03:38:32.355 INFO kablam!    Compiling vcell v0.1.0
Nov 02 03:38:32.355 INFO kablam!    Compiling aligned v0.2.0
Nov 02 03:38:32.355 INFO kablam!    Compiling r0 v0.2.2
Nov 02 03:38:32.355 INFO kablam!    Compiling stm32f4 v0.2.3
Nov 02 03:38:32.355 INFO kablam!    Compiling rand_core v0.2.2
Nov 02 03:38:32.360 INFO kablam!    Compiling embedded-hal v0.2.1
Nov 02 03:38:32.825 INFO kablam!    Compiling bare-metal v0.2.4
Nov 02 03:38:32.939 INFO kablam!    Compiling rand v0.5.5
Nov 02 03:38:32.991 INFO kablam!    Compiling syn v0.15.17
Nov 02 03:38:33.179 INFO kablam!    Compiling volatile-register v0.2.0
Nov 02 03:38:51.255 INFO kablam!    Compiling cortex-m-rt-macros v0.1.3
Nov 02 03:39:01.020 INFO kablam! error[E0554]: #![feature] may not be used on the beta release channel
Nov 02 03:39:01.020 INFO kablam!   --> /cargo-home/registry/src/github.com-1ecc6299db9ec823/stm32f4-0.2.3/src/lib.rs:20:1
Nov 02 03:39:01.020 INFO kablam!    |
Nov 02 03:39:01.020 INFO kablam! 20 | #![feature(const_fn)]
Nov 02 03:39:01.020 INFO kablam!    | ^^^^^^^^^^^^^^^^^^^^^
Nov 02 03:39:01.020 INFO kablam! 
Nov 02 03:39:01.020 INFO kablam! error[E0554]: #![feature] may not be used on the beta release channel
Nov 02 03:39:01.020 INFO kablam!   --> /cargo-home/registry/src/github.com-1ecc6299db9ec823/stm32f4-0.2.3/src/lib.rs:21:1
Nov 02 03:39:01.020 INFO kablam!    |
Nov 02 03:39:01.020 INFO kablam! 21 | #![feature(try_from)]
Nov 02 03:39:01.020 INFO kablam!    | ^^^^^^^^^^^^^^^^^^^^^
Nov 02 03:39:01.020 INFO kablam! 
Nov 02 03:39:01.020 INFO kablam! error[E0554]: #![feature] may not be used on the beta release channel
Nov 02 03:39:01.020 INFO kablam!   --> /cargo-home/registry/src/github.com-1ecc6299db9ec823/stm32f4-0.2.3/src/lib.rs:24:29
Nov 02 03:39:01.020 INFO kablam!    |
Nov 02 03:39:01.020 INFO kablam! 24 | #![cfg_attr(feature = "rt", feature(global_asm))]
Nov 02 03:39:01.020 INFO kablam!    |                             ^^^^^^^^^^^^^^^^^^^
Nov 02 03:39:01.020 INFO kablam! 
Nov 02 03:39:01.020 INFO kablam! error[E0554]: #![feature] may not be used on the beta release channel
Nov 02 03:39:01.020 INFO kablam!   --> /cargo-home/registry/src/github.com-1ecc6299db9ec823/stm32f4-0.2.3/src/lib.rs:25:29
Nov 02 03:39:01.020 INFO kablam!    |
Nov 02 03:39:01.020 INFO kablam! 25 | #![cfg_attr(feature = "rt", feature(use_extern_macros))]
Nov 02 03:39:01.020 INFO kablam!    |                             ^^^^^^^^^^^^^^^^^^^^^^^^^^
Nov 02 03:39:01.020 INFO kablam! 
Nov 02 03:39:01.020 INFO kablam! error[E0554]: #![feature] may not be used on the beta release channel
Nov 02 03:39:01.020 INFO kablam!   --> /cargo-home/registry/src/github.com-1ecc6299db9ec823/stm32f4-0.2.3/src/lib.rs:26:29
Nov 02 03:39:01.020 INFO kablam!    |
Nov 02 03:39:01.020 INFO kablam! 26 | #![cfg_attr(feature = "rt", feature(used))]
Nov 02 03:39:01.020 INFO kablam!    |                             ^^^^^^^^^^^^^
Nov 02 03:39:01.020 INFO kablam! 
Nov 02 03:39:01.424 INFO kablam! error: aborting due to 5 previous errors
Nov 02 03:39:01.424 INFO kablam! 
Nov 02 03:39:01.424 INFO kablam! For more information about this error, try `rustc --explain E0554`.
Nov 02 03:39:01.431 INFO kablam! error: Could not compile `stm32f4`.
Nov 02 03:39:01.431 INFO kablam! 
Nov 02 03:39:01.431 INFO kablam! To learn more, run the command again with --verbose.
Nov 02 03:39:01.434 INFO kablam! su: No module specific data is present
Nov 02 03:39:02.032 INFO running `"docker" "rm" "-f" "f1d617b99c6124f2614cf857268159b64ce891f5cb827318e7ef7cb2b11244f3"`
Nov 02 03:39:02.128 INFO blam! f1d617b99c6124f2614cf857268159b64ce891f5cb827318e7ef7cb2b11244f3
