Nov 02 04:20:12.833 INFO testing solana-ws-0.1.1 against 1.30.0 for beta-1.31-1
Nov 02 04:20:12.834 INFO running `"docker" "create" "-v" "/mnt/big/crater/work/local/target-dirs/beta-1.31-1/worker-0/1.30.0:/target:rw,Z" "-v" "/mnt/big/crater/work/local/test-source/worker-0/beta-1.31-1/1.30.0:/source:ro,Z" "-v" "/mnt/big/crater/work/local/cargo-home:/cargo-home:ro,Z" "-v" "/mnt/big/crater/work/local/rustup-home:/rustup-home:ro,Z" "-e" "USER_ID=1000" "-e" "SOURCE_DIR=/source" "-e" "USER_ID=1000" "-e" "CMD=cargo +1.30.0 build --frozen" "-e" "CARGO_TARGET_DIR=/target" "-e" "CARGO_INCREMENTAL=0" "-e" "RUST_BACKTRACE=full" "-e" "RUSTFLAGS=--cap-lints=warn" "-e" "CARGO_HOME=/cargo-home" "-e" "RUSTUP_HOME=/rustup-home" "-m" "1536M" "--network" "none" "crater"`
Nov 02 04:20:13.074 INFO blam! 9698ad0fb04dfabad1c1c07621cd8035fec71836f88a6a414216550fb7f6e552
Nov 02 04:20:13.076 INFO running `"docker" "start" "-a" "9698ad0fb04dfabad1c1c07621cd8035fec71836f88a6a414216550fb7f6e552"`
Nov 02 04:20:13.426 INFO kablam! usermod: no changes
Nov 02 04:20:13.525 INFO kablam!    Compiling solana-ws v0.1.1 (/source)
Nov 02 04:20:17.364 INFO kablam!     Finished dev [unoptimized + debuginfo] target(s) in 3.92s
Nov 02 04:20:17.376 INFO kablam! su: No module specific data is present
Nov 02 04:20:18.552 INFO running `"docker" "rm" "-f" "9698ad0fb04dfabad1c1c07621cd8035fec71836f88a6a414216550fb7f6e552"`
Nov 02 04:20:18.759 INFO blam! 9698ad0fb04dfabad1c1c07621cd8035fec71836f88a6a414216550fb7f6e552
Nov 02 04:20:18.771 INFO running `"docker" "create" "-v" "/mnt/big/crater/work/local/target-dirs/beta-1.31-1/worker-0/1.30.0:/target:rw,Z" "-v" "/mnt/big/crater/work/local/test-source/worker-0/beta-1.31-1/1.30.0:/source:ro,Z" "-v" "/mnt/big/crater/work/local/cargo-home:/cargo-home:ro,Z" "-v" "/mnt/big/crater/work/local/rustup-home:/rustup-home:ro,Z" "-e" "USER_ID=1000" "-e" "SOURCE_DIR=/source" "-e" "USER_ID=1000" "-e" "CMD=cargo +1.30.0 test --frozen --no-run" "-e" "CARGO_TARGET_DIR=/target" "-e" "CARGO_INCREMENTAL=0" "-e" "RUST_BACKTRACE=full" "-e" "RUSTFLAGS=--cap-lints=warn" "-e" "CARGO_HOME=/cargo-home" "-e" "RUSTUP_HOME=/rustup-home" "-m" "1536M" "--network" "none" "crater"`
Nov 02 04:20:19.265 INFO blam! 6d01a071f40f5a8e641a18a4a90dd438ce56541060106a98415ac7b3cdec39f0
Nov 02 04:20:19.271 INFO running `"docker" "start" "-a" "6d01a071f40f5a8e641a18a4a90dd438ce56541060106a98415ac7b3cdec39f0"`
Nov 02 04:20:20.280 INFO kablam! usermod: no changes
Nov 02 04:20:20.495 INFO kablam!    Compiling solana-ws v0.1.1 (/source)
Nov 02 04:20:21.343 INFO kablam! error[E0463]: can't find crate for `ws`
Nov 02 04:20:21.344 INFO kablam!  --> examples/ssl-server.rs:9:1
Nov 02 04:20:21.344 INFO kablam!   |
Nov 02 04:20:21.344 INFO kablam! 9 | extern crate ws;
Nov 02 04:20:21.344 INFO kablam!   | ^^^^^^^^^^^^^^^^ can't find crate
Nov 02 04:20:21.344 INFO kablam! 
Nov 02 04:20:21.355 INFO kablam! error: aborting due to previous error
Nov 02 04:20:21.355 INFO kablam! 
Nov 02 04:20:21.355 INFO kablam! For more information about this error, try `rustc --explain E0463`.
Nov 02 04:20:21.355 INFO kablam! error: Could not compile `solana-ws`.
Nov 02 04:20:21.355 INFO kablam! warning: build failed, waiting for other jobs to finish...
Nov 02 04:20:21.851 INFO kablam! error[E0463]: can't find crate for `ws`
Nov 02 04:20:21.851 INFO kablam!  --> examples/server.rs:4:1
Nov 02 04:20:21.851 INFO kablam!   |
Nov 02 04:20:21.851 INFO kablam! 4 | extern crate ws;
Nov 02 04:20:21.851 INFO kablam!   | ^^^^^^^^^^^^^^^^ can't find crate
Nov 02 04:20:21.851 INFO kablam! 
Nov 02 04:20:21.851 INFO kablam! error: aborting due to previous error
Nov 02 04:20:21.851 INFO kablam! 
Nov 02 04:20:21.851 INFO kablam! For more information about this error, try `rustc --explain E0463`.
Nov 02 04:20:21.855 INFO kablam! error: Could not compile `solana-ws`.
Nov 02 04:20:21.855 INFO kablam! warning: build failed, waiting for other jobs to finish...
Nov 02 04:20:21.903 INFO kablam! error[E0463]: can't find crate for `ws`
Nov 02 04:20:21.903 INFO kablam!   --> examples/peer2peer.rs:27:1
Nov 02 04:20:21.903 INFO kablam!    |
Nov 02 04:20:21.903 INFO kablam! 27 | extern crate ws;
Nov 02 04:20:21.903 INFO kablam!    | ^^^^^^^^^^^^^^^^ can't find crate
Nov 02 04:20:21.903 INFO kablam! 
Nov 02 04:20:21.903 INFO kablam! error[E0463]: can't find crate for `ws`
Nov 02 04:20:21.903 INFO kablam!   --> examples/channel.rs:11:1
Nov 02 04:20:21.903 INFO kablam!    |
Nov 02 04:20:21.903 INFO kablam! 11 | extern crate ws;
Nov 02 04:20:21.903 INFO kablam!    | ^^^^^^^^^^^^^^^^ can't find crate
Nov 02 04:20:21.903 INFO kablam! 
Nov 02 04:20:21.903 INFO kablam! error: aborting due to previous error
Nov 02 04:20:21.903 INFO kablam! 
Nov 02 04:20:21.903 INFO kablam! For more information about this error, try `rustc --explain E0463`.
Nov 02 04:20:21.903 INFO kablam! error: aborting due to previous error
Nov 02 04:20:21.903 INFO kablam! 
Nov 02 04:20:21.903 INFO kablam! For more information about this error, try `rustc --explain E0463`.
Nov 02 04:20:21.911 INFO kablam! error: Could not compile `solana-ws`.
Nov 02 04:20:21.911 INFO kablam! warning: build failed, waiting for other jobs to finish...
Nov 02 04:20:21.913 INFO kablam! error: Could not compile `solana-ws`.
Nov 02 04:20:21.913 INFO kablam! warning: build failed, waiting for other jobs to finish...
Nov 02 04:20:21.931 INFO kablam! error[E0463]: can't find crate for `ws`
Nov 02 04:20:21.931 INFO kablam!  --> examples/unsafe-ssl-client.rs:1:1
Nov 02 04:20:21.931 INFO kablam!   |
Nov 02 04:20:21.931 INFO kablam! 1 | extern crate ws;
Nov 02 04:20:21.931 INFO kablam!   | ^^^^^^^^^^^^^^^^ can't find crate
Nov 02 04:20:21.931 INFO kablam! 
Nov 02 04:20:21.931 INFO kablam! error: aborting due to previous error
Nov 02 04:20:21.931 INFO kablam! 
Nov 02 04:20:21.931 INFO kablam! For more information about this error, try `rustc --explain E0463`.
Nov 02 04:20:21.933 INFO kablam! error: Could not compile `solana-ws`.
Nov 02 04:20:21.933 INFO kablam! warning: build failed, waiting for other jobs to finish...
Nov 02 04:20:21.947 INFO kablam! error[E0463]: can't find crate for `ws`
Nov 02 04:20:21.947 INFO kablam!  --> examples/shared.rs:4:1
Nov 02 04:20:21.947 INFO kablam!   |
Nov 02 04:20:21.947 INFO kablam! 4 | extern crate ws;
Nov 02 04:20:21.947 INFO kablam!   | ^^^^^^^^^^^^^^^^ can't find crate
Nov 02 04:20:21.947 INFO kablam! 
Nov 02 04:20:21.947 INFO kablam! error: aborting due to previous error
Nov 02 04:20:21.947 INFO kablam! 
Nov 02 04:20:21.947 INFO kablam! For more information about this error, try `rustc --explain E0463`.
Nov 02 04:20:21.947 INFO kablam! error[E0463]: can't find crate for `ws`
Nov 02 04:20:21.947 INFO kablam!  --> examples/bench.rs:5:1
Nov 02 04:20:21.947 INFO kablam!   |
Nov 02 04:20:21.947 INFO kablam! 5 | extern crate ws;
Nov 02 04:20:21.947 INFO kablam!   | ^^^^^^^^^^^^^^^^ can't find crate
Nov 02 04:20:21.947 INFO kablam! 
Nov 02 04:20:21.947 INFO kablam! error: aborting due to previous error
Nov 02 04:20:21.947 INFO kablam! 
Nov 02 04:20:21.947 INFO kablam! For more information about this error, try `rustc --explain E0463`.
Nov 02 04:20:21.950 INFO kablam! error: Could not compile `solana-ws`.
Nov 02 04:20:21.950 INFO kablam! warning: build failed, waiting for other jobs to finish...
Nov 02 04:20:21.955 INFO kablam! error: Could not compile `solana-ws`.
Nov 02 04:20:21.955 INFO kablam! warning: build failed, waiting for other jobs to finish...
Nov 02 04:20:21.974 INFO kablam! error[E0463]: can't find crate for `ws`
Nov 02 04:20:21.974 INFO kablam!  --> examples/external_shutdown.rs:1:1
Nov 02 04:20:21.975 INFO kablam!   |
Nov 02 04:20:21.975 INFO kablam! 1 | extern crate ws;
Nov 02 04:20:21.975 INFO kablam!   | ^^^^^^^^^^^^^^^^ can't find crate
Nov 02 04:20:21.975 INFO kablam! 
Nov 02 04:20:21.975 INFO kablam! error: aborting due to previous error
Nov 02 04:20:21.975 INFO kablam! 
Nov 02 04:20:21.975 INFO kablam! For more information about this error, try `rustc --explain E0463`.
Nov 02 04:20:21.987 INFO kablam! error: Could not compile `solana-ws`.
Nov 02 04:20:21.987 INFO kablam! 
Nov 02 04:20:21.987 INFO kablam! To learn more, run the command again with --verbose.
Nov 02 04:20:21.990 INFO kablam! su: No module specific data is present
Nov 02 04:20:22.295 INFO running `"docker" "rm" "-f" "6d01a071f40f5a8e641a18a4a90dd438ce56541060106a98415ac7b3cdec39f0"`
Nov 02 04:20:22.379 INFO blam! 6d01a071f40f5a8e641a18a4a90dd438ce56541060106a98415ac7b3cdec39f0
