Nov 02 06:18:53.926 INFO testing rustc-ap-syntax-273.0.0 against beta-2018-10-30 for beta-1.31-1
Nov 02 06:18:53.926 INFO running `"docker" "create" "-v" "/mnt/big/crater/work/local/target-dirs/beta-1.31-1/worker-6/beta-2018-10-30:/target:rw,Z" "-v" "/mnt/big/crater/work/local/test-source/worker-6/beta-1.31-1/beta-2018-10-30:/source:ro,Z" "-v" "/mnt/big/crater/work/local/cargo-home:/cargo-home:ro,Z" "-v" "/mnt/big/crater/work/local/rustup-home:/rustup-home:ro,Z" "-e" "USER_ID=1000" "-e" "SOURCE_DIR=/source" "-e" "USER_ID=1000" "-e" "CMD=cargo +beta-2018-10-30 build --frozen" "-e" "CARGO_TARGET_DIR=/target" "-e" "CARGO_INCREMENTAL=0" "-e" "RUST_BACKTRACE=full" "-e" "RUSTFLAGS=--cap-lints=warn" "-e" "CARGO_HOME=/cargo-home" "-e" "RUSTUP_HOME=/rustup-home" "-m" "1536M" "--network" "none" "crater"`
Nov 02 06:18:54.391 INFO blam! d1ea33ad2ab6edc10ddc3a952b581de09dd849f764b945ac5382a8133f2470b7
Nov 02 06:18:54.393 INFO running `"docker" "start" "-a" "d1ea33ad2ab6edc10ddc3a952b581de09dd849f764b945ac5382a8133f2470b7"`
Nov 02 06:18:55.252 INFO kablam! usermod: no changes
Nov 02 06:18:55.461 INFO kablam!    Compiling rustc-rayon-core v0.1.1
Nov 02 06:18:55.461 INFO kablam!    Compiling scoped-tls v0.1.2
Nov 02 06:18:55.461 INFO kablam!    Compiling rustc-ap-rustc_target v273.0.0
Nov 02 06:18:55.462 INFO kablam!    Compiling rustc-ap-syntax v273.0.0 (/source)
Nov 02 06:18:55.464 INFO kablam!    Compiling rustc-hash v1.0.1
Nov 02 06:18:55.466 INFO kablam!    Compiling rustc-ap-rustc_cratesio_shim v273.0.0
Nov 02 06:18:55.466 INFO kablam!    Compiling ena v0.9.3
Nov 02 06:18:55.466 INFO kablam!    Compiling smallvec v0.6.5
Nov 02 06:18:57.259 INFO kablam! error[E0554]: #![feature] may not be used on the beta release channel
Nov 02 06:18:57.259 INFO kablam!   --> /cargo-home/registry/src/github.com-1ecc6299db9ec823/rustc-ap-rustc_cratesio_shim-273.0.0/src/lib.rs:14:1
Nov 02 06:18:57.259 INFO kablam!    |
Nov 02 06:18:57.259 INFO kablam! 14 | #![feature(nll)]
Nov 02 06:18:57.259 INFO kablam!    | ^^^^^^^^^^^^^^^^
Nov 02 06:18:57.259 INFO kablam! 
Nov 02 06:18:57.259 INFO kablam! error: aborting due to previous error
Nov 02 06:18:57.259 INFO kablam! 
Nov 02 06:18:57.259 INFO kablam! For more information about this error, try `rustc --explain E0554`.
Nov 02 06:18:57.267 INFO kablam! error: Could not compile `rustc-ap-rustc_cratesio_shim`.
Nov 02 06:18:57.267 INFO kablam! warning: build failed, waiting for other jobs to finish...
Nov 02 06:18:57.383 INFO kablam! error[E0554]: #![feature] may not be used on the beta release channel
Nov 02 06:18:57.383 INFO kablam!   --> /cargo-home/registry/src/github.com-1ecc6299db9ec823/scoped-tls-0.1.2/src/lib.rs:47:34
Nov 02 06:18:57.383 INFO kablam!    |
Nov 02 06:18:57.383 INFO kablam! 47 | #![cfg_attr(feature = "nightly", feature(macro_vis_matcher))]
Nov 02 06:18:57.383 INFO kablam!    |                                  ^^^^^^^^^^^^^^^^^^^^^^^^^^
Nov 02 06:18:57.391 INFO kablam! 
Nov 02 06:18:57.391 INFO kablam! error[E0554]: #![feature] may not be used on the beta release channel
Nov 02 06:18:57.391 INFO kablam!   --> /cargo-home/registry/src/github.com-1ecc6299db9ec823/scoped-tls-0.1.2/src/lib.rs:48:34
Nov 02 06:18:57.391 INFO kablam!    |
Nov 02 06:18:57.391 INFO kablam! 48 | #![cfg_attr(feature = "nightly", feature(allow_internal_unstable))]
Nov 02 06:18:57.391 INFO kablam!    |                                  ^^^^^^^^^^^^^^^^^^^^^^^^^^^^^^^^
Nov 02 06:18:57.391 INFO kablam! 
Nov 02 06:18:57.391 INFO kablam! error: aborting due to 2 previous errors
Nov 02 06:18:57.391 INFO kablam! 
Nov 02 06:18:57.391 INFO kablam! For more information about this error, try `rustc --explain E0554`.
Nov 02 06:18:57.399 INFO kablam! error: Could not compile `scoped-tls`.
Nov 02 06:18:57.399 INFO kablam! warning: build failed, waiting for other jobs to finish...
Nov 02 06:18:57.438 INFO kablam! error[E0554]: #![feature] may not be used on the beta release channel
Nov 02 06:18:57.438 INFO kablam!   --> /cargo-home/registry/src/github.com-1ecc6299db9ec823/smallvec-0.6.5/lib.rs:33:32
Nov 02 06:18:57.438 INFO kablam!    |
Nov 02 06:18:57.438 INFO kablam! 33 | #![cfg_attr(feature = "union", feature(untagged_unions))]
Nov 02 06:18:57.438 INFO kablam!    |                                ^^^^^^^^^^^^^^^^^^^^^^^^
Nov 02 06:18:57.438 INFO kablam! 
Nov 02 06:18:57.443 INFO kablam! error: aborting due to previous error
Nov 02 06:18:57.443 INFO kablam! 
Nov 02 06:18:57.443 INFO kablam! For more information about this error, try `rustc --explain E0554`.
Nov 02 06:18:57.460 INFO kablam! error: Could not compile `smallvec`.
Nov 02 06:18:57.460 INFO kablam! warning: build failed, waiting for other jobs to finish...
Nov 02 06:18:58.103 INFO kablam! error: build failed
Nov 02 06:18:58.105 INFO kablam! su: No module specific data is present
Nov 02 06:18:58.937 INFO running `"docker" "rm" "-f" "d1ea33ad2ab6edc10ddc3a952b581de09dd849f764b945ac5382a8133f2470b7"`
Nov 02 06:18:59.195 INFO blam! d1ea33ad2ab6edc10ddc3a952b581de09dd849f764b945ac5382a8133f2470b7
