Nov 02 06:19:00.541 INFO testing rustc-ap-rustc_errors-273.0.0 against 1.30.0 for beta-1.31-1
Nov 02 06:19:00.541 INFO running `"docker" "create" "-v" "/mnt/big/crater/work/local/target-dirs/beta-1.31-1/worker-5/1.30.0:/target:rw,Z" "-v" "/mnt/big/crater/work/local/test-source/worker-5/beta-1.31-1/1.30.0:/source:ro,Z" "-v" "/mnt/big/crater/work/local/cargo-home:/cargo-home:ro,Z" "-v" "/mnt/big/crater/work/local/rustup-home:/rustup-home:ro,Z" "-e" "USER_ID=1000" "-e" "SOURCE_DIR=/source" "-e" "USER_ID=1000" "-e" "CMD=cargo +1.30.0 build --frozen" "-e" "CARGO_TARGET_DIR=/target" "-e" "CARGO_INCREMENTAL=0" "-e" "RUST_BACKTRACE=full" "-e" "RUSTFLAGS=--cap-lints=warn" "-e" "CARGO_HOME=/cargo-home" "-e" "RUSTUP_HOME=/rustup-home" "-m" "1536M" "--network" "none" "crater"`
Nov 02 06:19:00.770 INFO blam! eaab58fc3cd313bd4668ede39c7cafd5494d5184cdfba896de5042f7a8264712
Nov 02 06:19:00.773 INFO running `"docker" "start" "-a" "eaab58fc3cd313bd4668ede39c7cafd5494d5184cdfba896de5042f7a8264712"`
Nov 02 06:19:01.884 INFO kablam! usermod: no changes
Nov 02 06:19:02.026 INFO kablam!    Compiling scoped-tls v0.1.2
Nov 02 06:19:02.027 INFO kablam!    Compiling rustc-rayon-core v0.1.1
Nov 02 06:19:02.027 INFO kablam!    Compiling rustc-ap-rustc_cratesio_shim v273.0.0
Nov 02 06:19:02.027 INFO kablam!    Compiling smallvec v0.6.5
Nov 02 06:19:02.035 INFO kablam!    Compiling lock_api v0.1.4
Nov 02 06:19:02.035 INFO kablam!    Compiling parking_lot_core v0.3.1
Nov 02 06:19:03.255 INFO kablam! error[E0554]: #![feature] may not be used on the stable release channel
Nov 02 06:19:03.256 INFO kablam!   --> /cargo-home/registry/src/github.com-1ecc6299db9ec823/rustc-ap-rustc_cratesio_shim-273.0.0/src/lib.rs:14:1
Nov 02 06:19:03.256 INFO kablam!    |
Nov 02 06:19:03.256 INFO kablam! 14 | #![feature(nll)]
Nov 02 06:19:03.256 INFO kablam!    | ^^^^^^^^^^^^^^^^
Nov 02 06:19:03.257 INFO kablam! 
Nov 02 06:19:03.257 INFO kablam! error: aborting due to previous error
Nov 02 06:19:03.257 INFO kablam! 
Nov 02 06:19:03.258 INFO kablam! For more information about this error, try `rustc --explain E0554`.
Nov 02 06:19:03.267 INFO kablam! error: Could not compile `rustc-ap-rustc_cratesio_shim`.
Nov 02 06:19:03.267 INFO kablam! warning: build failed, waiting for other jobs to finish...
Nov 02 06:19:03.701 INFO kablam! error[E0554]: #![feature] may not be used on the stable release channel
Nov 02 06:19:03.701 INFO kablam!   --> /cargo-home/registry/src/github.com-1ecc6299db9ec823/scoped-tls-0.1.2/src/lib.rs:47:34
Nov 02 06:19:03.701 INFO kablam!    |
Nov 02 06:19:03.701 INFO kablam! 47 | #![cfg_attr(feature = "nightly", feature(macro_vis_matcher))]
Nov 02 06:19:03.701 INFO kablam!    |                                  ^^^^^^^^^^^^^^^^^^^^^^^^^^^
Nov 02 06:19:03.701 INFO kablam! 
Nov 02 06:19:03.701 INFO kablam! error[E0554]: #![feature] may not be used on the stable release channel
Nov 02 06:19:03.701 INFO kablam!   --> /cargo-home/registry/src/github.com-1ecc6299db9ec823/scoped-tls-0.1.2/src/lib.rs:48:34
Nov 02 06:19:03.701 INFO kablam!    |
Nov 02 06:19:03.701 INFO kablam! 48 | #![cfg_attr(feature = "nightly", feature(allow_internal_unstable))]
Nov 02 06:19:03.701 INFO kablam!    |                                  ^^^^^^^^^^^^^^^^^^^^^^^^^^^^^^^^^
Nov 02 06:19:03.701 INFO kablam! 
Nov 02 06:19:03.701 INFO kablam! error: aborting due to 2 previous errors
Nov 02 06:19:03.701 INFO kablam! 
Nov 02 06:19:03.701 INFO kablam! For more information about this error, try `rustc --explain E0554`.
Nov 02 06:19:03.717 INFO kablam! error: Could not compile `scoped-tls`.
Nov 02 06:19:03.717 INFO kablam! warning: build failed, waiting for other jobs to finish...
Nov 02 06:19:03.859 INFO kablam! error[E0554]: #![feature] may not be used on the stable release channel
Nov 02 06:19:03.859 INFO kablam!   --> /cargo-home/registry/src/github.com-1ecc6299db9ec823/lock_api-0.1.4/src/lib.rs:88:34
Nov 02 06:19:03.859 INFO kablam!    |
Nov 02 06:19:03.859 INFO kablam! 88 | #![cfg_attr(feature = "nightly", feature(const_fn))]
Nov 02 06:19:03.859 INFO kablam!    |                                  ^^^^^^^^^^^^^^^^^^
Nov 02 06:19:03.860 INFO kablam! 
Nov 02 06:19:03.865 INFO kablam! error: aborting due to previous error
Nov 02 06:19:03.879 INFO kablam! 
Nov 02 06:19:03.879 INFO kablam! For more information about this error, try `rustc --explain E0554`.
Nov 02 06:19:03.891 INFO kablam! error: Could not compile `lock_api`.
Nov 02 06:19:03.891 INFO kablam! warning: build failed, waiting for other jobs to finish...
Nov 02 06:19:03.963 INFO kablam! error[E0554]: #![feature] may not be used on the stable release channel
Nov 02 06:19:03.963 INFO kablam!   --> /cargo-home/registry/src/github.com-1ecc6299db9ec823/smallvec-0.6.5/lib.rs:33:32
Nov 02 06:19:03.963 INFO kablam!    |
Nov 02 06:19:03.963 INFO kablam! 33 | #![cfg_attr(feature = "union", feature(untagged_unions))]
Nov 02 06:19:03.963 INFO kablam!    |                                ^^^^^^^^^^^^^^^^^^^^^^^^^
Nov 02 06:19:03.971 INFO kablam! 
Nov 02 06:19:03.987 INFO kablam! error: aborting due to previous error
Nov 02 06:19:03.987 INFO kablam! 
Nov 02 06:19:03.987 INFO kablam! For more information about this error, try `rustc --explain E0554`.
Nov 02 06:19:03.999 INFO kablam! error: Could not compile `smallvec`.
Nov 02 06:19:03.999 INFO kablam! warning: build failed, waiting for other jobs to finish...
Nov 02 06:19:06.763 INFO kablam! error: build failed
Nov 02 06:19:06.767 INFO kablam! su: No module specific data is present
Nov 02 06:19:07.454 INFO running `"docker" "rm" "-f" "eaab58fc3cd313bd4668ede39c7cafd5494d5184cdfba896de5042f7a8264712"`
Nov 02 06:19:07.561 INFO blam! eaab58fc3cd313bd4668ede39c7cafd5494d5184cdfba896de5042f7a8264712
