Nov 02 06:19:02.364 INFO testing rustc-ap-rustc_data_structures-273.0.0 against beta-2018-10-30 for beta-1.31-1
Nov 02 06:19:02.364 INFO running `"docker" "create" "-v" "/mnt/big/crater/work/local/target-dirs/beta-1.31-1/worker-3/beta-2018-10-30:/target:rw,Z" "-v" "/mnt/big/crater/work/local/test-source/worker-3/beta-1.31-1/beta-2018-10-30:/source:ro,Z" "-v" "/mnt/big/crater/work/local/cargo-home:/cargo-home:ro,Z" "-v" "/mnt/big/crater/work/local/rustup-home:/rustup-home:ro,Z" "-e" "USER_ID=1000" "-e" "SOURCE_DIR=/source" "-e" "USER_ID=1000" "-e" "CMD=cargo +beta-2018-10-30 build --frozen" "-e" "CARGO_TARGET_DIR=/target" "-e" "CARGO_INCREMENTAL=0" "-e" "RUST_BACKTRACE=full" "-e" "RUSTFLAGS=--cap-lints=warn" "-e" "CARGO_HOME=/cargo-home" "-e" "RUSTUP_HOME=/rustup-home" "-m" "1536M" "--network" "none" "crater"`
Nov 02 06:19:02.788 INFO blam! 57706ca4004337141136f7360ec1dcd6c0082c4d5192304f7381bd53fd4b80a4
Nov 02 06:19:02.807 INFO running `"docker" "start" "-a" "57706ca4004337141136f7360ec1dcd6c0082c4d5192304f7381bd53fd4b80a4"`
Nov 02 06:19:03.963 INFO kablam! usermod: no changes
Nov 02 06:19:04.115 INFO kablam!    Compiling rustc-rayon-core v0.1.1
Nov 02 06:19:04.115 INFO kablam!    Compiling rustc-hash v1.0.1
Nov 02 06:19:04.122 INFO kablam!    Compiling ena v0.9.3
Nov 02 06:19:04.123 INFO kablam!    Compiling rustc-ap-rustc_cratesio_shim v273.0.0
Nov 02 06:19:04.123 INFO kablam!    Compiling smallvec v0.6.5
Nov 02 06:19:04.123 INFO kablam!    Compiling lock_api v0.1.4
Nov 02 06:19:04.123 INFO kablam!    Compiling parking_lot_core v0.3.1
Nov 02 06:19:06.027 INFO kablam! error[E0554]: #![feature] may not be used on the beta release channel
Nov 02 06:19:06.027 INFO kablam!   --> /cargo-home/registry/src/github.com-1ecc6299db9ec823/lock_api-0.1.4/src/lib.rs:88:34
Nov 02 06:19:06.027 INFO kablam!    |
Nov 02 06:19:06.027 INFO kablam! 88 | #![cfg_attr(feature = "nightly", feature(const_fn))]
Nov 02 06:19:06.027 INFO kablam!    |                                  ^^^^^^^^^^^^^^^^^
Nov 02 06:19:06.027 INFO kablam! 
Nov 02 06:19:06.039 INFO kablam! error: aborting due to previous error
Nov 02 06:19:06.039 INFO kablam! 
Nov 02 06:19:06.039 INFO kablam! For more information about this error, try `rustc --explain E0554`.
Nov 02 06:19:06.063 INFO kablam! error: Could not compile `lock_api`.
Nov 02 06:19:06.063 INFO kablam! warning: build failed, waiting for other jobs to finish...
Nov 02 06:19:06.127 INFO kablam! error[E0554]: #![feature] may not be used on the beta release channel
Nov 02 06:19:06.127 INFO kablam!   --> /cargo-home/registry/src/github.com-1ecc6299db9ec823/smallvec-0.6.5/lib.rs:33:32
Nov 02 06:19:06.127 INFO kablam!    |
Nov 02 06:19:06.127 INFO kablam! 33 | #![cfg_attr(feature = "union", feature(untagged_unions))]
Nov 02 06:19:06.127 INFO kablam!    |                                ^^^^^^^^^^^^^^^^^^^^^^^^
Nov 02 06:19:06.139 INFO kablam! 
Nov 02 06:19:06.139 INFO kablam! error: aborting due to previous error
Nov 02 06:19:06.139 INFO kablam! 
Nov 02 06:19:06.139 INFO kablam! For more information about this error, try `rustc --explain E0554`.
Nov 02 06:19:06.167 INFO kablam! error: Could not compile `smallvec`.
Nov 02 06:19:06.167 INFO kablam! warning: build failed, waiting for other jobs to finish...
Nov 02 06:19:06.447 INFO kablam! error[E0554]: #![feature] may not be used on the beta release channel
Nov 02 06:19:06.447 INFO kablam!   --> /cargo-home/registry/src/github.com-1ecc6299db9ec823/rustc-ap-rustc_cratesio_shim-273.0.0/src/lib.rs:14:1
Nov 02 06:19:06.447 INFO kablam!    |
Nov 02 06:19:06.447 INFO kablam! 14 | #![feature(nll)]
Nov 02 06:19:06.447 INFO kablam!    | ^^^^^^^^^^^^^^^^
Nov 02 06:19:06.447 INFO kablam! 
Nov 02 06:19:06.447 INFO kablam! error: aborting due to previous error
Nov 02 06:19:06.447 INFO kablam! 
Nov 02 06:19:06.447 INFO kablam! For more information about this error, try `rustc --explain E0554`.
Nov 02 06:19:06.483 INFO kablam! error: Could not compile `rustc-ap-rustc_cratesio_shim`.
Nov 02 06:19:06.483 INFO kablam! warning: build failed, waiting for other jobs to finish...
Nov 02 06:19:08.283 INFO kablam! error: build failed
Nov 02 06:19:08.285 INFO kablam! su: No module specific data is present
Nov 02 06:19:08.617 INFO running `"docker" "rm" "-f" "57706ca4004337141136f7360ec1dcd6c0082c4d5192304f7381bd53fd4b80a4"`
Nov 02 06:19:08.884 INFO blam! 57706ca4004337141136f7360ec1dcd6c0082c4d5192304f7381bd53fd4b80a4
