Nov 02 11:06:13.191 INFO testing nrf51-hal-0.5.4 against beta-2018-10-30 for beta-1.31-1
Nov 02 11:06:13.191 INFO running `"docker" "create" "-v" "/mnt/big/crater/work/local/target-dirs/beta-1.31-1/worker-5/beta-2018-10-30:/target:rw,Z" "-v" "/mnt/big/crater/work/local/test-source/worker-5/beta-1.31-1/beta-2018-10-30:/source:ro,Z" "-v" "/mnt/big/crater/work/local/cargo-home:/cargo-home:ro,Z" "-v" "/mnt/big/crater/work/local/rustup-home:/rustup-home:ro,Z" "-e" "USER_ID=1000" "-e" "SOURCE_DIR=/source" "-e" "USER_ID=1000" "-e" "CMD=cargo +beta-2018-10-30 build --frozen" "-e" "CARGO_TARGET_DIR=/target" "-e" "CARGO_INCREMENTAL=0" "-e" "RUST_BACKTRACE=full" "-e" "RUSTFLAGS=--cap-lints=warn" "-e" "CARGO_HOME=/cargo-home" "-e" "RUSTUP_HOME=/rustup-home" "-m" "1536M" "--network" "none" "crater"`
Nov 02 11:06:14.071 INFO blam! 634340ad7821d27e3fc23daba713c69679c39c94528865d06ca1fcfd0cdcb019
Nov 02 11:06:14.079 INFO running `"docker" "start" "-a" "634340ad7821d27e3fc23daba713c69679c39c94528865d06ca1fcfd0cdcb019"`
Nov 02 11:06:14.559 INFO kablam! usermod: no changes
Nov 02 11:06:14.618 INFO kablam!    Compiling semver-parser v0.7.0
Nov 02 11:06:14.623 INFO kablam!    Compiling proc-macro2 v0.4.20
Nov 02 11:06:14.624 INFO kablam!    Compiling unicode-xid v0.1.0
Nov 02 11:06:14.624 INFO kablam!    Compiling rand_core v0.3.0
Nov 02 11:06:14.624 INFO kablam!    Compiling cortex-m v0.5.8
Nov 02 11:06:14.624 INFO kablam!    Compiling vcell v0.1.0
Nov 02 11:06:14.624 INFO kablam!    Compiling cortex-m-rt v0.6.5
Nov 02 11:06:14.625 INFO kablam!    Compiling aligned v0.2.0
Nov 02 11:06:15.118 INFO kablam!    Compiling r0 v0.2.2
Nov 02 11:06:15.147 INFO kablam!    Compiling nrf51 v0.5.2
Nov 02 11:06:15.504 INFO kablam!    Compiling nb v0.1.1
Nov 02 11:06:15.555 INFO kablam!    Compiling void v1.0.2
Nov 02 11:06:15.587 INFO kablam!    Compiling cast v0.2.2
Nov 02 11:06:15.831 INFO kablam!    Compiling volatile-register v0.2.0
Nov 02 11:06:15.835 INFO kablam!    Compiling rand_core v0.2.2
Nov 02 11:06:16.111 INFO kablam!    Compiling embedded-hal v0.2.1
Nov 02 11:06:16.560 INFO kablam!    Compiling rand v0.5.5
Nov 02 11:06:17.531 INFO kablam!    Compiling semver v0.9.0
Nov 02 11:06:19.540 INFO kablam!    Compiling rustc_version v0.2.3
Nov 02 11:06:21.875 INFO kablam!    Compiling bare-metal v0.2.4
Nov 02 11:06:25.856 INFO kablam!    Compiling quote v0.6.9
Nov 02 11:06:29.708 INFO kablam!    Compiling syn v0.15.17
Nov 02 11:06:47.815 INFO kablam!    Compiling cortex-m-rt-macros v0.1.3
Nov 02 11:07:10.643 INFO kablam!    Compiling nrf51-hal v0.5.4 (/source)
Nov 02 11:07:11.407 INFO kablam! error[E0554]: #![feature] may not be used on the beta release channel
Nov 02 11:07:11.407 INFO kablam!  --> src/lib.rs:2:29
Nov 02 11:07:11.407 INFO kablam!   |
Nov 02 11:07:11.407 INFO kablam! 2 | #![cfg_attr(feature = "rt", feature(global_asm))]
Nov 02 11:07:11.407 INFO kablam!   |                             ^^^^^^^^^^^^^^^^^^^
Nov 02 11:07:11.407 INFO kablam! 
Nov 02 11:07:11.407 INFO kablam! error[E0554]: #![feature] may not be used on the beta release channel
Nov 02 11:07:11.407 INFO kablam!  --> src/lib.rs:3:29
Nov 02 11:07:11.407 INFO kablam!   |
Nov 02 11:07:11.407 INFO kablam! 3 | #![cfg_attr(feature = "rt", feature(used))]
Nov 02 11:07:11.407 INFO kablam!   |                             ^^^^^^^^^^^^^
Nov 02 11:07:11.407 INFO kablam! 
Nov 02 11:07:11.407 INFO kablam! error[E0554]: #![feature] may not be used on the beta release channel
Nov 02 11:07:11.407 INFO kablam!  --> src/lib.rs:4:1
Nov 02 11:07:11.407 INFO kablam!   |
Nov 02 11:07:11.407 INFO kablam! 4 | #![feature(const_fn)]
Nov 02 11:07:11.407 INFO kablam!   | ^^^^^^^^^^^^^^^^^^^^^
Nov 02 11:07:11.407 INFO kablam! 
Nov 02 11:07:11.407 INFO kablam! error: aborting due to 3 previous errors
Nov 02 11:07:11.407 INFO kablam! 
Nov 02 11:07:11.407 INFO kablam! For more information about this error, try `rustc --explain E0554`.
Nov 02 11:07:11.414 INFO kablam! error: Could not compile `nrf51-hal`.
Nov 02 11:07:11.414 INFO kablam! 
Nov 02 11:07:11.414 INFO kablam! To learn more, run the command again with --verbose.
Nov 02 11:07:11.417 INFO kablam! su: No module specific data is present
Nov 02 11:07:11.733 INFO running `"docker" "rm" "-f" "634340ad7821d27e3fc23daba713c69679c39c94528865d06ca1fcfd0cdcb019"`
Nov 02 11:07:11.827 INFO blam! 634340ad7821d27e3fc23daba713c69679c39c94528865d06ca1fcfd0cdcb019
