Nov 02 11:36:28.924 INFO testing nb-sync-0.2.0 against 1.30.0 for beta-1.31-1
Nov 02 11:36:28.924 INFO running `"docker" "create" "-v" "/mnt/big/crater/work/local/target-dirs/beta-1.31-1/worker-1/1.30.0:/target:rw,Z" "-v" "/mnt/big/crater/work/local/test-source/worker-1/beta-1.31-1/1.30.0:/source:ro,Z" "-v" "/mnt/big/crater/work/local/cargo-home:/cargo-home:ro,Z" "-v" "/mnt/big/crater/work/local/rustup-home:/rustup-home:ro,Z" "-e" "USER_ID=1000" "-e" "SOURCE_DIR=/source" "-e" "USER_ID=1000" "-e" "CMD=cargo +1.30.0 build --frozen" "-e" "CARGO_TARGET_DIR=/target" "-e" "CARGO_INCREMENTAL=0" "-e" "RUST_BACKTRACE=full" "-e" "RUSTFLAGS=--cap-lints=warn" "-e" "CARGO_HOME=/cargo-home" "-e" "RUSTUP_HOME=/rustup-home" "-m" "1536M" "--network" "none" "crater"`
Nov 02 11:36:29.439 INFO blam! 00f6c4b7df13fe9ebddcfd96f65c42fec6090df96d628e7370a3d4f88968af7f
Nov 02 11:36:29.450 INFO running `"docker" "start" "-a" "00f6c4b7df13fe9ebddcfd96f65c42fec6090df96d628e7370a3d4f88968af7f"`
Nov 02 11:36:30.757 INFO kablam! usermod: no changes
Nov 02 11:36:30.839 INFO kablam!    Compiling nb-sync v0.2.0 (/source)
Nov 02 11:36:31.015 INFO kablam! error[E0554]: #![feature] may not be used on the stable release channel
Nov 02 11:36:31.015 INFO kablam!    --> src/lib.rs:134:1
Nov 02 11:36:31.015 INFO kablam!     |
Nov 02 11:36:31.015 INFO kablam! 134 | #![feature(const_fn)]
Nov 02 11:36:31.015 INFO kablam!     | ^^^^^^^^^^^^^^^^^^^^^
Nov 02 11:36:31.015 INFO kablam! 
Nov 02 11:36:31.015 INFO kablam! error[E0554]: #![feature] may not be used on the stable release channel
Nov 02 11:36:31.015 INFO kablam!    --> src/lib.rs:135:1
Nov 02 11:36:31.015 INFO kablam!     |
Nov 02 11:36:31.015 INFO kablam! 135 | #![feature(optin_builtin_traits)]
Nov 02 11:36:31.015 INFO kablam!     | ^^^^^^^^^^^^^^^^^^^^^^^^^^^^^^^^^
Nov 02 11:36:31.015 INFO kablam! 
Nov 02 11:36:31.015 INFO kablam! error[E0554]: #![feature] may not be used on the stable release channel
Nov 02 11:36:31.015 INFO kablam!    --> src/lib.rs:136:1
Nov 02 11:36:31.015 INFO kablam!     |
Nov 02 11:36:31.015 INFO kablam! 136 | #![feature(never_type)]
Nov 02 11:36:31.015 INFO kablam!     | ^^^^^^^^^^^^^^^^^^^^^^^
Nov 02 11:36:31.015 INFO kablam! 
Nov 02 11:36:31.015 INFO kablam! error: aborting due to 3 previous errors
Nov 02 11:36:31.015 INFO kablam! 
Nov 02 11:36:31.015 INFO kablam! For more information about this error, try `rustc --explain E0554`.
Nov 02 11:36:31.024 INFO kablam! error: Could not compile `nb-sync`.
Nov 02 11:36:31.024 INFO kablam! 
Nov 02 11:36:31.024 INFO kablam! To learn more, run the command again with --verbose.
Nov 02 11:36:31.027 INFO kablam! su: No module specific data is present
Nov 02 11:36:31.825 INFO running `"docker" "rm" "-f" "00f6c4b7df13fe9ebddcfd96f65c42fec6090df96d628e7370a3d4f88968af7f"`
Nov 02 11:36:32.143 INFO blam! 00f6c4b7df13fe9ebddcfd96f65c42fec6090df96d628e7370a3d4f88968af7f
