Nov 02 12:26:37.091 INFO testing memorydb-0.3.0 against 1.30.0 for beta-1.31-1
Nov 02 12:26:37.092 INFO running `"docker" "create" "-v" "/mnt/big/crater/work/local/target-dirs/beta-1.31-1/worker-4/1.30.0:/target:rw,Z" "-v" "/mnt/big/crater/work/local/test-source/worker-4/beta-1.31-1/1.30.0:/source:ro,Z" "-v" "/mnt/big/crater/work/local/cargo-home:/cargo-home:ro,Z" "-v" "/mnt/big/crater/work/local/rustup-home:/rustup-home:ro,Z" "-e" "USER_ID=1000" "-e" "SOURCE_DIR=/source" "-e" "USER_ID=1000" "-e" "CMD=cargo +1.30.0 build --frozen" "-e" "CARGO_TARGET_DIR=/target" "-e" "CARGO_INCREMENTAL=0" "-e" "RUST_BACKTRACE=full" "-e" "RUSTFLAGS=--cap-lints=warn" "-e" "CARGO_HOME=/cargo-home" "-e" "RUSTUP_HOME=/rustup-home" "-m" "1536M" "--network" "none" "crater"`
Nov 02 12:26:37.304 INFO blam! e706b8d0b45811c9c3d4844c01bb542bf27efe75957947a2f24ab2792e6afa25
Nov 02 12:26:37.307 INFO running `"docker" "start" "-a" "e706b8d0b45811c9c3d4844c01bb542bf27efe75957947a2f24ab2792e6afa25"`
Nov 02 12:26:38.009 INFO kablam! usermod: no changes
Nov 02 12:26:38.095 INFO kablam!    Compiling memorydb v0.3.0 (/source)
Nov 02 12:26:38.926 INFO kablam!     Finished dev [unoptimized + debuginfo] target(s) in 0.88s
Nov 02 12:26:38.927 INFO kablam! su: No module specific data is present
Nov 02 12:26:39.322 INFO running `"docker" "rm" "-f" "e706b8d0b45811c9c3d4844c01bb542bf27efe75957947a2f24ab2792e6afa25"`
Nov 02 12:26:39.425 INFO blam! e706b8d0b45811c9c3d4844c01bb542bf27efe75957947a2f24ab2792e6afa25
Nov 02 12:26:39.430 INFO running `"docker" "create" "-v" "/mnt/big/crater/work/local/target-dirs/beta-1.31-1/worker-4/1.30.0:/target:rw,Z" "-v" "/mnt/big/crater/work/local/test-source/worker-4/beta-1.31-1/1.30.0:/source:ro,Z" "-v" "/mnt/big/crater/work/local/cargo-home:/cargo-home:ro,Z" "-v" "/mnt/big/crater/work/local/rustup-home:/rustup-home:ro,Z" "-e" "USER_ID=1000" "-e" "SOURCE_DIR=/source" "-e" "USER_ID=1000" "-e" "CMD=cargo +1.30.0 test --frozen --no-run" "-e" "CARGO_TARGET_DIR=/target" "-e" "CARGO_INCREMENTAL=0" "-e" "RUST_BACKTRACE=full" "-e" "RUSTFLAGS=--cap-lints=warn" "-e" "CARGO_HOME=/cargo-home" "-e" "RUSTUP_HOME=/rustup-home" "-m" "1536M" "--network" "none" "crater"`
Nov 02 12:26:39.566 INFO blam! 6e0f2a7e04f34a79879621ecaee9702a08395fc42efbc8f506f5ea1b1ef171d7
Nov 02 12:26:39.568 INFO running `"docker" "start" "-a" "6e0f2a7e04f34a79879621ecaee9702a08395fc42efbc8f506f5ea1b1ef171d7"`
Nov 02 12:26:40.139 INFO kablam! usermod: no changes
Nov 02 12:26:40.230 INFO kablam!    Compiling memorydb v0.3.0 (/source)
Nov 02 12:26:42.011 INFO kablam! error[E0599]: no function or associated item named `new` found for type `MemoryDB<keccak_hasher::KeccakHasher, std::vec::Vec<u8>>` in the current scope
Nov 02 12:26:42.011 INFO kablam!    --> src/lib.rs:346:15
Nov 02 12:26:42.011 INFO kablam!     |
Nov 02 12:26:42.011 INFO kablam! 85  | pub struct MemoryDB<H: KeyHasher, T> {
Nov 02 12:26:42.011 INFO kablam!     | ------------------------------------ function or associated item `new` not found for this
Nov 02 12:26:42.011 INFO kablam! ...
Nov 02 12:26:42.011 INFO kablam! 346 |         let mut m = MemoryDB::<KeccakHasher, Vec<u8>>::new();
Nov 02 12:26:42.011 INFO kablam!     |                     ^^^^^^^^^^^^^^^^^^^^^^^^^^^^^^^^^^^^^^ function or associated item not found in `MemoryDB<keccak_hasher::KeccakHasher, std::vec::Vec<u8>>`
Nov 02 12:26:42.011 INFO kablam!     |
Nov 02 12:26:42.011 INFO kablam!     = note: the method `new` exists but the following trait bounds were not satisfied:
Nov 02 12:26:42.011 INFO kablam!             `keccak_hasher::KeccakHasher : hashdb::Hasher`
Nov 02 12:26:42.011 INFO kablam!             `keccak_hasher::KeccakHasher : hashdb::Hasher`
Nov 02 12:26:42.011 INFO kablam! 
Nov 02 12:26:42.011 INFO kablam! error[E0277]: the trait bound `keccak_hasher::KeccakHasher: hashdb::Hasher` is not satisfied
Nov 02 12:26:42.011 INFO kablam!    --> src/lib.rs:346:15
Nov 02 12:26:42.011 INFO kablam!     |
Nov 02 12:26:42.011 INFO kablam! 346 |         let mut m = MemoryDB::<KeccakHasher, Vec<u8>>::new();
Nov 02 12:26:42.011 INFO kablam!     |                     ^^^^^^^^^^^^^^^^^^^^^^^^^^^^^^^^^^^^^^ the trait `hashdb::Hasher` is not implemented for `keccak_hasher::KeccakHasher`
Nov 02 12:26:42.011 INFO kablam!     |
Nov 02 12:26:42.011 INFO kablam! note: required by `MemoryDB`
Nov 02 12:26:42.011 INFO kablam!    --> src/lib.rs:85:1
Nov 02 12:26:42.011 INFO kablam!     |
Nov 02 12:26:42.011 INFO kablam! 85  | pub struct MemoryDB<H: KeyHasher, T> {
Nov 02 12:26:42.011 INFO kablam!     | ^^^^^^^^^^^^^^^^^^^^^^^^^^^^^^^^^^^^
Nov 02 12:26:42.011 INFO kablam! 
Nov 02 12:26:42.023 INFO kablam! error[E0599]: no function or associated item named `new` found for type `MemoryDB<keccak_hasher::KeccakHasher, std::vec::Vec<u8>>` in the current scope
Nov 02 12:26:42.023 INFO kablam!    --> src/lib.rs:356:15
Nov 02 12:26:42.023 INFO kablam!     |
Nov 02 12:26:42.024 INFO kablam! 85  | pub struct MemoryDB<H: KeyHasher, T> {
Nov 02 12:26:42.024 INFO kablam!     | ------------------------------------ function or associated item `new` not found for this
Nov 02 12:26:42.024 INFO kablam! ...
Nov 02 12:26:42.025 INFO kablam! 356 |         let mut m = MemoryDB::<KeccakHasher, Vec<u8>>::new();
Nov 02 12:26:42.025 INFO kablam!     |                     ^^^^^^^^^^^^^^^^^^^^^^^^^^^^^^^^^^^^^^ function or associated item not found in `MemoryDB<keccak_hasher::KeccakHasher, std::vec::Vec<u8>>`
Nov 02 12:26:42.025 INFO kablam!     |
Nov 02 12:26:42.025 INFO kablam!     = note: the method `new` exists but the following trait bounds were not satisfied:
Nov 02 12:26:42.026 INFO kablam!             `keccak_hasher::KeccakHasher : hashdb::Hasher`
Nov 02 12:26:42.026 INFO kablam!             `keccak_hasher::KeccakHasher : hashdb::Hasher`
Nov 02 12:26:42.026 INFO kablam! 
Nov 02 12:26:42.027 INFO kablam! error[E0277]: the trait bound `keccak_hasher::KeccakHasher: hashdb::Hasher` is not satisfied
Nov 02 12:26:42.027 INFO kablam!    --> src/lib.rs:356:15
Nov 02 12:26:42.027 INFO kablam!     |
Nov 02 12:26:42.027 INFO kablam! 356 |         let mut m = MemoryDB::<KeccakHasher, Vec<u8>>::new();
Nov 02 12:26:42.028 INFO kablam!     |                     ^^^^^^^^^^^^^^^^^^^^^^^^^^^^^^^^^^^^^^ the trait `hashdb::Hasher` is not implemented for `keccak_hasher::KeccakHasher`
Nov 02 12:26:42.028 INFO kablam!     |
Nov 02 12:26:42.028 INFO kablam! note: required by `MemoryDB`
Nov 02 12:26:42.028 INFO kablam!    --> src/lib.rs:85:1
Nov 02 12:26:42.029 INFO kablam!     |
Nov 02 12:26:42.029 INFO kablam! 85  | pub struct MemoryDB<H: KeyHasher, T> {
Nov 02 12:26:42.029 INFO kablam!     | ^^^^^^^^^^^^^^^^^^^^^^^^^^^^^^^^^^^^
Nov 02 12:26:42.029 INFO kablam! 
Nov 02 12:26:42.031 INFO kablam! error[E0599]: no function or associated item named `new` found for type `MemoryDB<keccak_hasher::KeccakHasher, std::vec::Vec<u8>>` in the current scope
Nov 02 12:26:42.032 INFO kablam!    --> src/lib.rs:369:18
Nov 02 12:26:42.032 INFO kablam!     |
Nov 02 12:26:42.032 INFO kablam! 85  | pub struct MemoryDB<H: KeyHasher, T> {
Nov 02 12:26:42.033 INFO kablam!     | ------------------------------------ function or associated item `new` not found for this
Nov 02 12:26:42.033 INFO kablam! ...
Nov 02 12:26:42.033 INFO kablam! 369 |         let mut main = MemoryDB::<KeccakHasher, Vec<u8>>::new();
Nov 02 12:26:42.033 INFO kablam!     |                        ^^^^^^^^^^^^^^^^^^^^^^^^^^^^^^^^^^^^^^ function or associated item not found in `MemoryDB<keccak_hasher::KeccakHasher, std::vec::Vec<u8>>`
Nov 02 12:26:42.034 INFO kablam!     |
Nov 02 12:26:42.034 INFO kablam!     = note: the method `new` exists but the following trait bounds were not satisfied:
Nov 02 12:26:42.034 INFO kablam!             `keccak_hasher::KeccakHasher : hashdb::Hasher`
Nov 02 12:26:42.035 INFO kablam!             `keccak_hasher::KeccakHasher : hashdb::Hasher`
Nov 02 12:26:42.035 INFO kablam! 
Nov 02 12:26:42.035 INFO kablam! error[E0277]: the trait bound `keccak_hasher::KeccakHasher: hashdb::Hasher` is not satisfied
Nov 02 12:26:42.036 INFO kablam!    --> src/lib.rs:369:18
Nov 02 12:26:42.036 INFO kablam!     |
Nov 02 12:26:42.036 INFO kablam! 369 |         let mut main = MemoryDB::<KeccakHasher, Vec<u8>>::new();
Nov 02 12:26:42.037 INFO kablam!     |                        ^^^^^^^^^^^^^^^^^^^^^^^^^^^^^^^^^^^^^^ the trait `hashdb::Hasher` is not implemented for `keccak_hasher::KeccakHasher`
Nov 02 12:26:42.037 INFO kablam!     |
Nov 02 12:26:42.037 INFO kablam! note: required by `MemoryDB`
Nov 02 12:26:42.038 INFO kablam!    --> src/lib.rs:85:1
Nov 02 12:26:42.038 INFO kablam!     |
Nov 02 12:26:42.038 INFO kablam! 85  | pub struct MemoryDB<H: KeyHasher, T> {
Nov 02 12:26:42.038 INFO kablam!     | ^^^^^^^^^^^^^^^^^^^^^^^^^^^^^^^^^^^^
Nov 02 12:26:42.039 INFO kablam! 
Nov 02 12:26:42.039 INFO kablam! error[E0599]: no function or associated item named `new` found for type `MemoryDB<keccak_hasher::KeccakHasher, std::vec::Vec<u8>>` in the current scope
Nov 02 12:26:42.040 INFO kablam!    --> src/lib.rs:370:19
Nov 02 12:26:42.040 INFO kablam!     |
Nov 02 12:26:42.040 INFO kablam! 85  | pub struct MemoryDB<H: KeyHasher, T> {
Nov 02 12:26:42.040 INFO kablam!     | ------------------------------------ function or associated item `new` not found for this
Nov 02 12:26:42.041 INFO kablam! ...
Nov 02 12:26:42.041 INFO kablam! 370 |         let mut other = MemoryDB::<KeccakHasher, Vec<u8>>::new();
Nov 02 12:26:42.041 INFO kablam!     |                         ^^^^^^^^^^^^^^^^^^^^^^^^^^^^^^^^^^^^^^ function or associated item not found in `MemoryDB<keccak_hasher::KeccakHasher, std::vec::Vec<u8>>`
Nov 02 12:26:42.041 INFO kablam!     |
Nov 02 12:26:42.042 INFO kablam!     = note: the method `new` exists but the following trait bounds were not satisfied:
Nov 02 12:26:42.042 INFO kablam!             `keccak_hasher::KeccakHasher : hashdb::Hasher`
Nov 02 12:26:42.042 INFO kablam!             `keccak_hasher::KeccakHasher : hashdb::Hasher`
Nov 02 12:26:42.042 INFO kablam! 
Nov 02 12:26:42.043 INFO kablam! error[E0277]: the trait bound `keccak_hasher::KeccakHasher: hashdb::Hasher` is not satisfied
Nov 02 12:26:42.043 INFO kablam!    --> src/lib.rs:370:19
Nov 02 12:26:42.043 INFO kablam!     |
Nov 02 12:26:42.044 INFO kablam! 370 |         let mut other = MemoryDB::<KeccakHasher, Vec<u8>>::new();
Nov 02 12:26:42.044 INFO kablam!     |                         ^^^^^^^^^^^^^^^^^^^^^^^^^^^^^^^^^^^^^^ the trait `hashdb::Hasher` is not implemented for `keccak_hasher::KeccakHasher`
Nov 02 12:26:42.044 INFO kablam!     |
Nov 02 12:26:42.044 INFO kablam! note: required by `MemoryDB`
Nov 02 12:26:42.045 INFO kablam!    --> src/lib.rs:85:1
Nov 02 12:26:42.045 INFO kablam!     |
Nov 02 12:26:42.045 INFO kablam! 85  | pub struct MemoryDB<H: KeyHasher, T> {
Nov 02 12:26:42.045 INFO kablam!     | ^^^^^^^^^^^^^^^^^^^^^^^^^^^^^^^^^^^^
Nov 02 12:26:42.046 INFO kablam! 
Nov 02 12:26:42.046 INFO kablam! error[E0599]: no function or associated item named `default` found for type `MemoryDB<keccak_hasher::KeccakHasher, std::vec::Vec<u8>>` in the current scope
Nov 02 12:26:42.046 INFO kablam!    --> src/lib.rs:393:16
Nov 02 12:26:42.046 INFO kablam!     |
Nov 02 12:26:42.047 INFO kablam! 85  | pub struct MemoryDB<H: KeyHasher, T> {
Nov 02 12:26:42.047 INFO kablam!     | ------------------------------------ function or associated item `default` not found for this
Nov 02 12:26:42.047 INFO kablam! ...
Nov 02 12:26:42.047 INFO kablam! 393 |         let mut db = MemoryDB::<KeccakHasher, Vec<u8>>::default();
Nov 02 12:26:42.048 INFO kablam!     |                      ^^^^^^^^^^^^^^^^^^^^^^^^^^^^^^^^^^^^^^^^^^ function or associated item not found in `MemoryDB<keccak_hasher::KeccakHasher, std::vec::Vec<u8>>`
Nov 02 12:26:42.048 INFO kablam!     |
Nov 02 12:26:42.048 INFO kablam!     = note: the method `default` exists but the following trait bounds were not satisfied:
Nov 02 12:26:42.049 INFO kablam!             `MemoryDB<keccak_hasher::KeccakHasher, std::vec::Vec<u8>> : std::default::Default`
Nov 02 12:26:42.049 INFO kablam!     = help: items from traits can only be used if the trait is implemented and in scope
Nov 02 12:26:42.049 INFO kablam!     = note: the following trait defines an item `default`, perhaps you need to implement it:
Nov 02 12:26:42.049 INFO kablam!             candidate #1: `std::default::Default`
Nov 02 12:26:42.050 INFO kablam! 
Nov 02 12:26:42.050 INFO kablam! error[E0277]: the trait bound `keccak_hasher::KeccakHasher: hashdb::Hasher` is not satisfied
Nov 02 12:26:42.050 INFO kablam!    --> src/lib.rs:393:16
Nov 02 12:26:42.050 INFO kablam!     |
Nov 02 12:26:42.051 INFO kablam! 393 |         let mut db = MemoryDB::<KeccakHasher, Vec<u8>>::default();
Nov 02 12:26:42.051 INFO kablam!     |                      ^^^^^^^^^^^^^^^^^^^^^^^^^^^^^^^^^^^^^^^^^^ the trait `hashdb::Hasher` is not implemented for `keccak_hasher::KeccakHasher`
Nov 02 12:26:42.051 INFO kablam!     |
Nov 02 12:26:42.051 INFO kablam! note: required by `MemoryDB`
Nov 02 12:26:42.052 INFO kablam!    --> src/lib.rs:85:1
Nov 02 12:26:42.052 INFO kablam!     |
Nov 02 12:26:42.052 INFO kablam! 85  | pub struct MemoryDB<H: KeyHasher, T> {
Nov 02 12:26:42.052 INFO kablam!     | ^^^^^^^^^^^^^^^^^^^^^^^^^^^^^^^^^^^^
Nov 02 12:26:42.053 INFO kablam! 
Nov 02 12:26:42.053 INFO kablam! error[E0599]: no function or associated item named `hash` found for type `keccak_hasher::KeccakHasher` in the current scope
Nov 02 12:26:42.053 INFO kablam!    --> src/lib.rs:394:26
Nov 02 12:26:42.053 INFO kablam!     |
Nov 02 12:26:42.054 INFO kablam! 394 |         let hashed_null_node = KeccakHasher::hash(&NULL_RLP);
Nov 02 12:26:42.054 INFO kablam!     |                                ^^^^^^^^^^^^^^^^^^ function or associated item not found in `keccak_hasher::KeccakHasher`
Nov 02 12:26:42.054 INFO kablam!     |
Nov 02 12:26:42.054 INFO kablam!     = help: items from traits can only be used if the trait is in scope
Nov 02 12:26:42.055 INFO kablam!     = note: the following trait is implemented but not in scope, perhaps add a `use` for it:
Nov 02 12:26:42.055 INFO kablam!             `use hashdb::Hasher;`
Nov 02 12:26:42.055 INFO kablam! 
Nov 02 12:26:42.055 INFO kablam! error: aborting due to 11 previous errors
Nov 02 12:26:42.056 INFO kablam! 
Nov 02 12:26:42.056 INFO kablam! Some errors occurred: E0277, E0599.
Nov 02 12:26:42.056 INFO kablam! For more information about an error, try `rustc --explain E0277`.
Nov 02 12:26:42.058 INFO kablam! error: Could not compile `memorydb`.
Nov 02 12:26:42.058 INFO kablam! 
Nov 02 12:26:42.058 INFO kablam! To learn more, run the command again with --verbose.
Nov 02 12:26:42.058 INFO kablam! su: No module specific data is present
Nov 02 12:26:42.359 INFO running `"docker" "rm" "-f" "6e0f2a7e04f34a79879621ecaee9702a08395fc42efbc8f506f5ea1b1ef171d7"`
Nov 02 12:26:42.501 INFO blam! 6e0f2a7e04f34a79879621ecaee9702a08395fc42efbc8f506f5ea1b1ef171d7
