Nov 02 13:05:52.877 INFO testing lm4f120-0.10.0 against 1.30.0 for beta-1.31-1
Nov 02 13:05:52.877 INFO running `"docker" "create" "-v" "/mnt/big/crater/work/local/target-dirs/beta-1.31-1/worker-7/1.30.0:/target:rw,Z" "-v" "/mnt/big/crater/work/local/test-source/worker-7/beta-1.31-1/1.30.0:/source:ro,Z" "-v" "/mnt/big/crater/work/local/cargo-home:/cargo-home:ro,Z" "-v" "/mnt/big/crater/work/local/rustup-home:/rustup-home:ro,Z" "-e" "USER_ID=1000" "-e" "SOURCE_DIR=/source" "-e" "USER_ID=1000" "-e" "CMD=cargo +1.30.0 build --frozen" "-e" "CARGO_TARGET_DIR=/target" "-e" "CARGO_INCREMENTAL=0" "-e" "RUST_BACKTRACE=full" "-e" "RUSTFLAGS=--cap-lints=warn" "-e" "CARGO_HOME=/cargo-home" "-e" "RUSTUP_HOME=/rustup-home" "-m" "1536M" "--network" "none" "crater"`
Nov 02 13:05:53.232 INFO blam! e2993d9074cadbf506cfdcee93711836b10e147fb4f82aecca4194967bca9b89
Nov 02 13:05:53.234 INFO running `"docker" "start" "-a" "e2993d9074cadbf506cfdcee93711836b10e147fb4f82aecca4194967bca9b89"`
Nov 02 13:05:53.997 INFO kablam! usermod: no changes
Nov 02 13:05:54.080 INFO kablam!    Compiling cortex-m v0.4.3
Nov 02 13:05:54.080 INFO kablam!    Compiling vcell v0.1.0
Nov 02 13:05:54.080 INFO kablam!    Compiling aligned v0.1.2
Nov 02 13:05:54.080 INFO kablam!    Compiling untagged-option v0.1.1
Nov 02 13:05:54.080 INFO kablam!    Compiling bare-metal v0.1.3
Nov 02 13:05:54.080 INFO kablam!    Compiling spin v0.4.10
Nov 02 13:05:54.080 INFO kablam!    Compiling nb v0.1.1
Nov 02 13:05:54.159 INFO kablam! error[E0554]: #![feature] may not be used on the stable release channel
Nov 02 13:05:54.159 INFO kablam!   --> /cargo-home/registry/src/github.com-1ecc6299db9ec823/aligned-0.1.2/src/lib.rs:32:35
Nov 02 13:05:54.159 INFO kablam!    |
Nov 02 13:05:54.159 INFO kablam! 32 | #![cfg_attr(feature = "const-fn", feature(const_fn))]
Nov 02 13:05:54.159 INFO kablam!    |                                   ^^^^^^^^^^^^^^^^^^
Nov 02 13:05:54.159 INFO kablam! 
Nov 02 13:05:54.160 INFO kablam! error: aborting due to previous error
Nov 02 13:05:54.160 INFO kablam! 
Nov 02 13:05:54.160 INFO kablam! For more information about this error, try `rustc --explain E0554`.
Nov 02 13:05:54.163 INFO kablam! error: Could not compile `aligned`.
Nov 02 13:05:54.163 INFO kablam! warning: build failed, waiting for other jobs to finish...
Nov 02 13:05:54.219 INFO kablam! error[E0554]: #![feature] may not be used on the stable release channel
Nov 02 13:05:54.219 INFO kablam!  --> /cargo-home/registry/src/github.com-1ecc6299db9ec823/spin-0.4.10/src/lib.rs:6:35
Nov 02 13:05:54.219 INFO kablam!   |
Nov 02 13:05:54.219 INFO kablam! 6 | #![cfg_attr(feature = "const_fn", feature(const_fn))]
Nov 02 13:05:54.219 INFO kablam!   |                                   ^^^^^^^^^^^^^^^^^^
Nov 02 13:05:54.219 INFO kablam! 
Nov 02 13:05:54.219 INFO kablam! error[E0554]: #![feature] may not be used on the stable release channel
Nov 02 13:05:54.219 INFO kablam!  --> /cargo-home/registry/src/github.com-1ecc6299db9ec823/untagged-option-0.1.1/src/lib.rs:5:1
Nov 02 13:05:54.219 INFO kablam!   |
Nov 02 13:05:54.219 INFO kablam! 5 | #![feature(untagged_unions, const_fn)]
Nov 02 13:05:54.219 INFO kablam!   | ^^^^^^^^^^^^^^^^^^^^^^^^^^^^^^^^^^^^^^
Nov 02 13:05:54.219 INFO kablam! 
Nov 02 13:05:54.219 INFO kablam! error: aborting due to previous error
Nov 02 13:05:54.219 INFO kablam! 
Nov 02 13:05:54.219 INFO kablam! For more information about this error, try `rustc --explain E0554`.
Nov 02 13:05:54.221 INFO kablam! error: aborting due to previous error
Nov 02 13:05:54.221 INFO kablam! 
Nov 02 13:05:54.221 INFO kablam! For more information about this error, try `rustc --explain E0554`.
Nov 02 13:05:54.225 INFO kablam! error: Could not compile `spin`.
Nov 02 13:05:54.225 INFO kablam! warning: build failed, waiting for other jobs to finish...
Nov 02 13:05:54.234 INFO kablam! error: Could not compile `untagged-option`.
Nov 02 13:05:54.234 INFO kablam! warning: build failed, waiting for other jobs to finish...
Nov 02 13:05:54.270 INFO kablam! error[E0554]: #![feature] may not be used on the stable release channel
Nov 02 13:05:54.270 INFO kablam!  --> /cargo-home/registry/src/github.com-1ecc6299db9ec823/bare-metal-0.1.3/src/lib.rs:5:35
Nov 02 13:05:54.270 INFO kablam!   |
Nov 02 13:05:54.270 INFO kablam! 5 | #![cfg_attr(feature = "const-fn", feature(const_fn))]
Nov 02 13:05:54.270 INFO kablam!   |                                   ^^^^^^^^^^^^^^^^^^
Nov 02 13:05:54.270 INFO kablam! 
Nov 02 13:05:54.270 INFO kablam! error: aborting due to previous error
Nov 02 13:05:54.270 INFO kablam! 
Nov 02 13:05:54.270 INFO kablam! For more information about this error, try `rustc --explain E0554`.
Nov 02 13:05:54.270 INFO kablam! error: Could not compile `bare-metal`.
Nov 02 13:05:54.270 INFO kablam! warning: build failed, waiting for other jobs to finish...
Nov 02 13:05:54.928 INFO kablam! error: build failed
Nov 02 13:05:54.929 INFO kablam! su: No module specific data is present
Nov 02 13:05:55.185 INFO running `"docker" "rm" "-f" "e2993d9074cadbf506cfdcee93711836b10e147fb4f82aecca4194967bca9b89"`
Nov 02 13:05:55.273 INFO blam! e2993d9074cadbf506cfdcee93711836b10e147fb4f82aecca4194967bca9b89
