Nov 02 16:49:49.851 INFO testing google-surveys2-cli-1.0.7+20170407 against 1.30.0 for beta-1.31-1
Nov 02 16:49:49.851 INFO running `"docker" "create" "-v" "/mnt/big/crater/work/local/target-dirs/beta-1.31-1/worker-7/1.30.0:/target:rw,Z" "-v" "/mnt/big/crater/work/local/test-source/worker-7/beta-1.31-1/1.30.0:/source:ro,Z" "-v" "/mnt/big/crater/work/local/cargo-home:/cargo-home:ro,Z" "-v" "/mnt/big/crater/work/local/rustup-home:/rustup-home:ro,Z" "-e" "USER_ID=1000" "-e" "SOURCE_DIR=/source" "-e" "USER_ID=1000" "-e" "CMD=cargo +1.30.0 build --frozen" "-e" "CARGO_TARGET_DIR=/target" "-e" "CARGO_INCREMENTAL=0" "-e" "RUST_BACKTRACE=full" "-e" "RUSTFLAGS=--cap-lints=warn" "-e" "CARGO_HOME=/cargo-home" "-e" "RUSTUP_HOME=/rustup-home" "-m" "1536M" "--network" "none" "crater"`
Nov 02 16:49:50.309 INFO blam! 34590f696dcb4c1beed41d600475bb8a408b83557c75c605fcac4f43b8279248
Nov 02 16:49:50.311 INFO running `"docker" "start" "-a" "34590f696dcb4c1beed41d600475bb8a408b83557c75c605fcac4f43b8279248"`
Nov 02 16:49:52.534 INFO kablam! usermod: no changes
Nov 02 16:49:52.572 INFO kablam! warning: An explicit [[bin]] section is specified in Cargo.toml which currently
Nov 02 16:49:52.572 INFO kablam! disables Cargo from automatically inferring other binary targets.
Nov 02 16:49:52.572 INFO kablam! This inference behavior will change in the Rust 2018 edition and the following
Nov 02 16:49:52.572 INFO kablam! files will be included as a binary target:
Nov 02 16:49:52.572 INFO kablam! 
Nov 02 16:49:52.572 INFO kablam! * /source/src/main.rs
Nov 02 16:49:52.572 INFO kablam! 
Nov 02 16:49:52.572 INFO kablam! This is likely to break cargo build or cargo test as these files may not be
Nov 02 16:49:52.572 INFO kablam! ready to be compiled as a binary target today. You can future-proof yourself
Nov 02 16:49:52.572 INFO kablam! and disable this warning by adding `autobins = false` to your [package]
Nov 02 16:49:52.572 INFO kablam! section. You may also move the files to a location where Cargo would not
Nov 02 16:49:52.572 INFO kablam! automatically infer them to be a target, such as in subfolders.
Nov 02 16:49:52.572 INFO kablam! 
Nov 02 16:49:52.572 INFO kablam! For more information on this warning you can consult
Nov 02 16:49:52.572 INFO kablam! https://github.com/rust-lang/cargo/issues/5330
Nov 02 16:49:52.572 INFO kablam! warning: path `/source/src/main.rs` was erroneously implicitly accepted for binary `surveys2`,
Nov 02 16:49:52.572 INFO kablam! please set bin.path in Cargo.toml
Nov 02 16:49:52.728 INFO kablam!    Compiling google-surveys2 v1.0.8+20180508
Nov 02 16:49:59.555 INFO kablam!    Compiling google-surveys2-cli v1.0.7+20170407 (/source)
Nov 02 16:50:04.807 INFO kablam! error[E0412]: cannot find type `MobileAppPanel` in module `api`
Nov 02 16:50:04.807 INFO kablam!    --> src/main.rs:202:31
Nov 02 16:50:04.807 INFO kablam!     |
Nov 02 16:50:04.807 INFO kablam! 202 |         let mut request: api::MobileAppPanel = json::value::from_value(object).unwrap();
Nov 02 16:50:04.807 INFO kablam!     |                               ^^^^^^^^^^^^^^ not found in `api`
Nov 02 16:50:04.807 INFO kablam! 
Nov 02 16:50:05.108 INFO kablam! error[E0599]: no method named `mobileapppanels` found for type `api::Surveys<hyper::Client, oauth2::Authenticator<oauth2::DefaultAuthenticatorDelegate, cmn::JsonTokenStorage, hyper::Client>>` in the current scope
Nov 02 16:50:05.108 INFO kablam!   --> src/main.rs:51:33
Nov 02 16:50:05.108 INFO kablam!    |
Nov 02 16:50:05.108 INFO kablam! 51 |         let mut call = self.hub.mobileapppanels().get(opt.value_of("panel-id").unwrap_or(""));
Nov 02 16:50:05.108 INFO kablam!    |                                 ^^^^^^^^^^^^^^^
Nov 02 16:50:05.108 INFO kablam! 
Nov 02 16:50:05.128 INFO kablam! error[E0599]: no method named `mobileapppanels` found for type `api::Surveys<hyper::Client, oauth2::Authenticator<oauth2::DefaultAuthenticatorDelegate, cmn::JsonTokenStorage, hyper::Client>>` in the current scope
Nov 02 16:50:05.128 INFO kablam!    --> src/main.rs:103:33
Nov 02 16:50:05.128 INFO kablam!     |
Nov 02 16:50:05.128 INFO kablam! 103 |         let mut call = self.hub.mobileapppanels().list();
Nov 02 16:50:05.128 INFO kablam!     |                                 ^^^^^^^^^^^^^^^
Nov 02 16:50:05.128 INFO kablam! 
Nov 02 16:50:05.151 INFO kablam! error[E0599]: no method named `mobileapppanels` found for type `api::Surveys<hyper::Client, oauth2::Authenticator<oauth2::DefaultAuthenticatorDelegate, cmn::JsonTokenStorage, hyper::Client>>` in the current scope
Nov 02 16:50:05.151 INFO kablam!    --> src/main.rs:203:33
Nov 02 16:50:05.151 INFO kablam!     |
Nov 02 16:50:05.151 INFO kablam! 203 |         let mut call = self.hub.mobileapppanels().update(request, opt.value_of("panel-id").unwrap_or(""));
Nov 02 16:50:05.151 INFO kablam!     |                                 ^^^^^^^^^^^^^^^
Nov 02 16:50:05.151 INFO kablam! 
Nov 02 16:50:05.571 INFO kablam! error: aborting due to 4 previous errors
Nov 02 16:50:05.571 INFO kablam! 
Nov 02 16:50:05.571 INFO kablam! Some errors occurred: E0412, E0599.
Nov 02 16:50:05.571 INFO kablam! For more information about an error, try `rustc --explain E0412`.
Nov 02 16:50:05.590 INFO kablam! error: Could not compile `google-surveys2-cli`.
Nov 02 16:50:05.591 INFO kablam! 
Nov 02 16:50:05.591 INFO kablam! To learn more, run the command again with --verbose.
Nov 02 16:50:05.591 INFO kablam! su: No module specific data is present
Nov 02 16:50:06.241 INFO running `"docker" "rm" "-f" "34590f696dcb4c1beed41d600475bb8a408b83557c75c605fcac4f43b8279248"`
Nov 02 16:50:06.603 INFO blam! 34590f696dcb4c1beed41d600475bb8a408b83557c75c605fcac4f43b8279248
