Oct 31 17:18:14.513 INFO testing villasv/snd against beta-2018-10-30 for beta-1.31-1
Oct 31 17:18:14.515 INFO running `"docker" "create" "-v" "/mnt/big/crater/work/local/target-dirs/beta-1.31-1/worker-5/beta-2018-10-30:/target:rw,Z" "-v" "/mnt/big/crater/work/local/test-source/worker-5/beta-1.31-1/beta-2018-10-30:/source:ro,Z" "-v" "/mnt/big/crater/work/local/cargo-home:/cargo-home:ro,Z" "-v" "/mnt/big/crater/work/local/rustup-home:/rustup-home:ro,Z" "-e" "USER_ID=1000" "-e" "SOURCE_DIR=/source" "-e" "USER_ID=1000" "-e" "CMD=cargo +beta-2018-10-30 build --frozen" "-e" "CARGO_TARGET_DIR=/target" "-e" "CARGO_INCREMENTAL=0" "-e" "RUST_BACKTRACE=full" "-e" "RUSTFLAGS=--cap-lints=warn" "-e" "CARGO_HOME=/cargo-home" "-e" "RUSTUP_HOME=/rustup-home" "-m" "1536M" "--network" "none" "crater"`
Oct 31 17:18:14.915 INFO blam! 6d1049ad8096eab1bcbc2d06f69194fd2bca68595f12e20036c63c6857b592df
Oct 31 17:18:14.927 INFO running `"docker" "start" "-a" "6d1049ad8096eab1bcbc2d06f69194fd2bca68595f12e20036c63c6857b592df"`
Oct 31 17:18:16.123 INFO kablam! usermod: no changes
Oct 31 17:18:16.171 INFO kablam!    Compiling esherm v0.1.0 (/source)
Oct 31 17:18:16.378 INFO kablam! error: cannot find macro `return_or_report!` in this scope
Oct 31 17:18:16.378 INFO kablam!   --> src/server.rs:73:32
Oct 31 17:18:16.379 INFO kablam!    |
Oct 31 17:18:16.379 INFO kablam! 73 |                     let data = return_or_report!(res_buffer.get_range(0, len), "Failed to get buffer data");
Oct 31 17:18:16.379 INFO kablam!    |                                ^^^^^^^^^^^^^^^^
Oct 31 17:18:16.379 INFO kablam! 
Oct 31 17:18:16.379 INFO kablam! error: cannot find macro `ignore_or_report!` in this scope
Oct 31 17:18:16.379 INFO kablam!   --> src/server.rs:74:21
Oct 31 17:18:16.379 INFO kablam!    |
Oct 31 17:18:16.379 INFO kablam! 74 |                     ignore_or_report!(socket_clone.send_to(data, src), "Failed to send response packet");
Oct 31 17:18:16.379 INFO kablam!    |                     ^^^^^^^^^^^^^^^^
Oct 31 17:18:16.379 INFO kablam! 
Oct 31 17:18:16.379 INFO kablam! error[E0433]: failed to resolve. Use of undeclared type or module `DnsRecord`
Oct 31 17:18:16.379 INFO kablam!   --> src/server.rs:59:32
Oct 31 17:18:16.379 INFO kablam!    |
Oct 31 17:18:16.379 INFO kablam! 59 |                         if let DnsRecord::OPT { packet_len, .. } = request.resources[0] {
Oct 31 17:18:16.379 INFO kablam!    |                                ^^^^^^^^^ Use of undeclared type or module `DnsRecord`
Oct 31 17:18:16.379 INFO kablam! 
Oct 31 17:18:16.379 INFO kablam! error[E0433]: failed to resolve. Use of undeclared type or module `VectorPacketBuffer`
Oct 31 17:18:16.379 INFO kablam!   --> src/server.rs:66:42
Oct 31 17:18:16.379 INFO kablam!    |
Oct 31 17:18:16.379 INFO kablam! 66 |                     let mut res_buffer = VectorPacketBuffer::new();
Oct 31 17:18:16.379 INFO kablam!    |                                          ^^^^^^^^^^^^^^^^^^ Use of undeclared type or module `VectorPacketBuffer`
Oct 31 17:18:16.379 INFO kablam! 
Oct 31 17:18:16.379 INFO kablam! error[E0433]: failed to resolve. Use of undeclared type or module `Ordering`
Oct 31 17:18:16.379 INFO kablam!   --> src/server.rs:82:78
Oct 31 17:18:16.379 INFO kablam!    |
Oct 31 17:18:16.379 INFO kablam! 82 |                 let _ = self.context.statistics.udp_query_count.fetch_add(1, Ordering::Release);
Oct 31 17:18:16.379 INFO kablam!    |                                                                              ^^^^^^^^ Use of undeclared type or module `Ordering`
Oct 31 17:18:16.385 INFO kablam! 
Oct 31 17:18:16.385 INFO kablam! error[E0433]: failed to resolve. Use of undeclared type or module `BytePacketBuffer`
Oct 31 17:18:16.385 INFO kablam!   --> src/server.rs:85:38
Oct 31 17:18:16.385 INFO kablam!    |
Oct 31 17:18:16.385 INFO kablam! 85 |                 let mut req_buffer = BytePacketBuffer::new();
Oct 31 17:18:16.385 INFO kablam!    |                                      ^^^^^^^^^^^^^^^^ Use of undeclared type or module `BytePacketBuffer`
Oct 31 17:18:16.385 INFO kablam! 
Oct 31 17:18:16.385 INFO kablam! error[E0433]: failed to resolve. Use of undeclared type or module `DnsPacket`
Oct 31 17:18:16.385 INFO kablam!   --> src/server.rs:95:37
Oct 31 17:18:16.385 INFO kablam!    |
Oct 31 17:18:16.385 INFO kablam! 95 |                 let request = match DnsPacket::from_buffer(&mut req_buffer) {
Oct 31 17:18:16.385 INFO kablam!    |                                     ^^^^^^^^^ Use of undeclared type or module `DnsPacket`
Oct 31 17:18:16.385 INFO kablam! 
Oct 31 17:18:16.385 INFO kablam! error[E0412]: cannot find type `ServerContext` in this scope
Oct 31 17:18:16.385 INFO kablam!   --> src/server.rs:13:18
Oct 31 17:18:16.385 INFO kablam!    |
Oct 31 17:18:16.385 INFO kablam! 13 |     context: Arc<ServerContext>,
Oct 31 17:18:16.385 INFO kablam!    |                  ^^^^^^^^^^^^^ not found in this scope
Oct 31 17:18:16.385 INFO kablam! 
Oct 31 17:18:16.385 INFO kablam! error[E0412]: cannot find type `DnsPacket` in this scope
Oct 31 17:18:16.385 INFO kablam!   --> src/server.rs:14:52
Oct 31 17:18:16.385 INFO kablam!    |
Oct 31 17:18:16.385 INFO kablam! 14 |     request_queue: Arc<Mutex<VecDeque<(SocketAddr, DnsPacket)>>>,
Oct 31 17:18:16.385 INFO kablam!    |                                                    ^^^^^^^^^ not found in this scope
Oct 31 17:18:16.385 INFO kablam! 
Oct 31 17:18:16.385 INFO kablam! error[E0425]: cannot find function `execute_query` in this scope
Oct 31 17:18:16.385 INFO kablam!   --> src/server.rs:68:38
Oct 31 17:18:16.385 INFO kablam!    |
Oct 31 17:18:16.385 INFO kablam! 68 |                     let mut packet = execute_query(context.clone(), &request);
Oct 31 17:18:16.385 INFO kablam!    |                                      ^^^^^^^^^^^^^ not found in this scope
Oct 31 17:18:16.385 INFO kablam! 
Oct 31 17:18:16.390 INFO kablam! error: aborting due to 10 previous errors
Oct 31 17:18:16.390 INFO kablam! 
Oct 31 17:18:16.390 INFO kablam! Some errors occurred: E0412, E0425, E0433.
Oct 31 17:18:16.390 INFO kablam! For more information about an error, try `rustc --explain E0412`.
Oct 31 17:18:16.391 INFO kablam! error: Could not compile `esherm`.
Oct 31 17:18:16.391 INFO kablam! 
Oct 31 17:18:16.391 INFO kablam! To learn more, run the command again with --verbose.
Oct 31 17:18:16.392 INFO kablam! su: No module specific data is present
Oct 31 17:18:17.264 INFO running `"docker" "rm" "-f" "6d1049ad8096eab1bcbc2d06f69194fd2bca68595f12e20036c63c6857b592df"`
Oct 31 17:18:17.563 INFO blam! 6d1049ad8096eab1bcbc2d06f69194fd2bca68595f12e20036c63c6857b592df
