Oct 31 17:18:15.112 INFO testing villasv/snd against 1.30.0 for beta-1.31-1
Oct 31 17:18:15.112 INFO running `"docker" "create" "-v" "/mnt/big/crater/work/local/target-dirs/beta-1.31-1/worker-6/1.30.0:/target:rw,Z" "-v" "/mnt/big/crater/work/local/test-source/worker-6/beta-1.31-1/1.30.0:/source:ro,Z" "-v" "/mnt/big/crater/work/local/cargo-home:/cargo-home:ro,Z" "-v" "/mnt/big/crater/work/local/rustup-home:/rustup-home:ro,Z" "-e" "USER_ID=1000" "-e" "SOURCE_DIR=/source" "-e" "USER_ID=1000" "-e" "CMD=cargo +1.30.0 build --frozen" "-e" "CARGO_TARGET_DIR=/target" "-e" "CARGO_INCREMENTAL=0" "-e" "RUST_BACKTRACE=full" "-e" "RUSTFLAGS=--cap-lints=warn" "-e" "CARGO_HOME=/cargo-home" "-e" "RUSTUP_HOME=/rustup-home" "-m" "1536M" "--network" "none" "crater"`
Oct 31 17:18:15.640 INFO blam! 1a17a1eda16c6237fe023c6f42509eef46d363bea51ca2b4a16f5e5d930c9620
Oct 31 17:18:15.643 INFO running `"docker" "start" "-a" "1a17a1eda16c6237fe023c6f42509eef46d363bea51ca2b4a16f5e5d930c9620"`
Oct 31 17:18:16.858 INFO kablam! usermod: no changes
Oct 31 17:18:16.917 INFO kablam!    Compiling esherm v0.1.0 (/source)
Oct 31 17:18:17.079 INFO kablam! error: cannot find macro `return_or_report!` in this scope
Oct 31 17:18:17.079 INFO kablam!   --> src/server.rs:73:32
Oct 31 17:18:17.079 INFO kablam!    |
Oct 31 17:18:17.079 INFO kablam! 73 |                     let data = return_or_report!(res_buffer.get_range(0, len), "Failed to get buffer data");
Oct 31 17:18:17.079 INFO kablam!    |                                ^^^^^^^^^^^^^^^^
Oct 31 17:18:17.079 INFO kablam! 
Oct 31 17:18:17.079 INFO kablam! error: cannot find macro `ignore_or_report!` in this scope
Oct 31 17:18:17.079 INFO kablam!   --> src/server.rs:74:21
Oct 31 17:18:17.079 INFO kablam!    |
Oct 31 17:18:17.079 INFO kablam! 74 |                     ignore_or_report!(socket_clone.send_to(data, src), "Failed to send response packet");
Oct 31 17:18:17.079 INFO kablam!    |                     ^^^^^^^^^^^^^^^^
Oct 31 17:18:17.079 INFO kablam! 
Oct 31 17:18:17.079 INFO kablam! error[E0433]: failed to resolve. Use of undeclared type or module `DnsRecord`
Oct 31 17:18:17.079 INFO kablam!   --> src/server.rs:59:32
Oct 31 17:18:17.079 INFO kablam!    |
Oct 31 17:18:17.079 INFO kablam! 59 |                         if let DnsRecord::OPT { packet_len, .. } = request.resources[0] {
Oct 31 17:18:17.079 INFO kablam!    |                                ^^^^^^^^^ Use of undeclared type or module `DnsRecord`
Oct 31 17:18:17.079 INFO kablam! 
Oct 31 17:18:17.079 INFO kablam! error[E0433]: failed to resolve. Use of undeclared type or module `VectorPacketBuffer`
Oct 31 17:18:17.079 INFO kablam!   --> src/server.rs:66:42
Oct 31 17:18:17.079 INFO kablam!    |
Oct 31 17:18:17.079 INFO kablam! 66 |                     let mut res_buffer = VectorPacketBuffer::new();
Oct 31 17:18:17.079 INFO kablam!    |                                          ^^^^^^^^^^^^^^^^^^ Use of undeclared type or module `VectorPacketBuffer`
Oct 31 17:18:17.079 INFO kablam! 
Oct 31 17:18:17.079 INFO kablam! error[E0433]: failed to resolve. Use of undeclared type or module `Ordering`
Oct 31 17:18:17.080 INFO kablam!   --> src/server.rs:82:78
Oct 31 17:18:17.080 INFO kablam!    |
Oct 31 17:18:17.080 INFO kablam! 82 |                 let _ = self.context.statistics.udp_query_count.fetch_add(1, Ordering::Release);
Oct 31 17:18:17.080 INFO kablam!    |                                                                              ^^^^^^^^ Use of undeclared type or module `Ordering`
Oct 31 17:18:17.080 INFO kablam! 
Oct 31 17:18:17.080 INFO kablam! error[E0433]: failed to resolve. Use of undeclared type or module `BytePacketBuffer`
Oct 31 17:18:17.080 INFO kablam!   --> src/server.rs:85:38
Oct 31 17:18:17.080 INFO kablam!    |
Oct 31 17:18:17.080 INFO kablam! 85 |                 let mut req_buffer = BytePacketBuffer::new();
Oct 31 17:18:17.080 INFO kablam!    |                                      ^^^^^^^^^^^^^^^^ Use of undeclared type or module `BytePacketBuffer`
Oct 31 17:18:17.080 INFO kablam! 
Oct 31 17:18:17.080 INFO kablam! error[E0433]: failed to resolve. Use of undeclared type or module `DnsPacket`
Oct 31 17:18:17.080 INFO kablam!   --> src/server.rs:95:37
Oct 31 17:18:17.080 INFO kablam!    |
Oct 31 17:18:17.080 INFO kablam! 95 |                 let request = match DnsPacket::from_buffer(&mut req_buffer) {
Oct 31 17:18:17.080 INFO kablam!    |                                     ^^^^^^^^^ Use of undeclared type or module `DnsPacket`
Oct 31 17:18:17.080 INFO kablam! 
Oct 31 17:18:17.080 INFO kablam! error[E0412]: cannot find type `ServerContext` in this scope
Oct 31 17:18:17.080 INFO kablam!   --> src/server.rs:13:18
Oct 31 17:18:17.080 INFO kablam!    |
Oct 31 17:18:17.080 INFO kablam! 13 |     context: Arc<ServerContext>,
Oct 31 17:18:17.080 INFO kablam!    |                  ^^^^^^^^^^^^^ not found in this scope
Oct 31 17:18:17.080 INFO kablam! 
Oct 31 17:18:17.080 INFO kablam! error[E0412]: cannot find type `DnsPacket` in this scope
Oct 31 17:18:17.080 INFO kablam!   --> src/server.rs:14:52
Oct 31 17:18:17.080 INFO kablam!    |
Oct 31 17:18:17.080 INFO kablam! 14 |     request_queue: Arc<Mutex<VecDeque<(SocketAddr, DnsPacket)>>>,
Oct 31 17:18:17.080 INFO kablam!    |                                                    ^^^^^^^^^ not found in this scope
Oct 31 17:18:17.080 INFO kablam! 
Oct 31 17:18:17.080 INFO kablam! error[E0425]: cannot find function `execute_query` in this scope
Oct 31 17:18:17.080 INFO kablam!   --> src/server.rs:68:38
Oct 31 17:18:17.080 INFO kablam!    |
Oct 31 17:18:17.080 INFO kablam! 68 |                     let mut packet = execute_query(context.clone(), &request);
Oct 31 17:18:17.080 INFO kablam!    |                                      ^^^^^^^^^^^^^ not found in this scope
Oct 31 17:18:17.080 INFO kablam! 
Oct 31 17:18:17.083 INFO kablam! error: aborting due to 10 previous errors
Oct 31 17:18:17.083 INFO kablam! 
Oct 31 17:18:17.083 INFO kablam! Some errors occurred: E0412, E0425, E0433.
Oct 31 17:18:17.083 INFO kablam! For more information about an error, try `rustc --explain E0412`.
Oct 31 17:18:17.090 INFO kablam! error: Could not compile `esherm`.
Oct 31 17:18:17.090 INFO kablam! 
Oct 31 17:18:17.090 INFO kablam! To learn more, run the command again with --verbose.
Oct 31 17:18:17.090 INFO kablam! su: No module specific data is present
Oct 31 17:18:17.669 INFO running `"docker" "rm" "-f" "1a17a1eda16c6237fe023c6f42509eef46d363bea51ca2b4a16f5e5d930c9620"`
Oct 31 17:18:17.867 INFO blam! 1a17a1eda16c6237fe023c6f42509eef46d363bea51ca2b4a16f5e5d930c9620
