Oct 31 17:55:52.249 INFO testing twissel/tickets-search against 1.30.0 for beta-1.31-1
Oct 31 17:55:52.251 INFO running `"docker" "create" "-v" "/mnt/big/crater/work/local/target-dirs/beta-1.31-1/worker-4/1.30.0:/target:rw,Z" "-v" "/mnt/big/crater/work/local/test-source/worker-4/beta-1.31-1/1.30.0:/source:ro,Z" "-v" "/mnt/big/crater/work/local/cargo-home:/cargo-home:ro,Z" "-v" "/mnt/big/crater/work/local/rustup-home:/rustup-home:ro,Z" "-e" "USER_ID=1000" "-e" "SOURCE_DIR=/source" "-e" "USER_ID=1000" "-e" "CMD=cargo +1.30.0 build --frozen" "-e" "CARGO_TARGET_DIR=/target" "-e" "CARGO_INCREMENTAL=0" "-e" "RUST_BACKTRACE=full" "-e" "RUSTFLAGS=--cap-lints=warn" "-e" "CARGO_HOME=/cargo-home" "-e" "RUSTUP_HOME=/rustup-home" "-m" "1536M" "--network" "none" "crater"`
Oct 31 17:55:52.704 INFO blam! 270cdad2d2b1f8d422cb80ffb068b2c90ce0d43f25ce71f51d7763d9107bbc8d
Oct 31 17:55:52.706 INFO running `"docker" "start" "-a" "270cdad2d2b1f8d422cb80ffb068b2c90ce0d43f25ce71f51d7763d9107bbc8d"`
Oct 31 17:55:54.895 INFO kablam! usermod: no changes
Oct 31 17:55:55.297 INFO kablam!    Compiling cfg-if v0.1.4
Oct 31 17:55:55.300 INFO kablam!    Compiling smallvec v0.6.2
Oct 31 17:55:55.301 INFO kablam!    Compiling ordermap v0.3.5
Oct 31 17:55:55.302 INFO kablam!    Compiling fixedbitset v0.1.9
Oct 31 17:55:55.403 INFO kablam!    Compiling num_cpus v1.8.0
Oct 31 17:55:55.404 INFO kablam!    Compiling hostname v0.1.5
Oct 31 17:55:55.404 INFO kablam!    Compiling actix-web v0.6.14
Oct 31 17:55:55.415 INFO kablam!    Compiling tempdir v0.3.7
Oct 31 17:55:55.787 INFO kablam!    Compiling rand v0.3.22
Oct 31 17:55:57.481 INFO kablam!    Compiling aho-corasick v0.6.5
Oct 31 17:55:57.596 INFO kablam!    Compiling serde v1.0.69
Oct 31 17:56:00.341 INFO kablam!    Compiling backtrace-sys v0.1.23
Oct 31 17:56:00.416 INFO kablam!    Compiling miniz-sys v0.1.10
Oct 31 17:56:00.433 INFO kablam!    Compiling brotli-sys v0.3.2
Oct 31 17:56:00.443 INFO kablam!    Compiling http v0.1.7
Oct 31 17:56:00.516 INFO kablam!    Compiling crossbeam-utils v0.3.2
Oct 31 17:56:01.778 INFO kablam!    Compiling log v0.4.3
Oct 31 17:56:01.843 INFO kablam!    Compiling crossbeam-utils v0.2.2
Oct 31 17:56:01.887 INFO kablam!    Compiling net2 v0.2.33
Oct 31 17:56:03.532 INFO kablam!    Compiling uuid v0.6.5
Oct 31 17:56:03.972 INFO kablam!    Compiling resolv-conf v0.6.1
Oct 31 17:56:04.036 INFO kablam!    Compiling syn v0.14.4
Oct 31 17:56:06.180 INFO kablam!    Compiling actix_derive v0.2.0
Oct 31 17:56:06.516 INFO kablam!    Compiling parking_lot_core v0.2.14
Oct 31 17:56:11.547 INFO kablam!    Compiling futures-cpupool v0.1.8
Oct 31 17:56:11.547 INFO kablam!    Compiling backtrace v0.3.9
Oct 31 17:56:11.609 INFO kablam!    Compiling flate2 v1.0.1
Oct 31 17:56:18.855 INFO kablam!    Compiling brotli2 v0.3.2
Oct 31 17:56:21.635 INFO kablam!    Compiling crossbeam-epoch v0.4.3
Oct 31 17:56:21.752 INFO kablam!    Compiling petgraph v0.4.12
Oct 31 17:56:22.700 INFO kablam!    Compiling regex v1.0.1
Oct 31 17:56:22.729 INFO kablam!    Compiling tokio-io v0.1.7
Oct 31 17:56:28.836 INFO kablam!    Compiling mime v0.3.8
Oct 31 17:56:28.955 INFO kablam!    Compiling crossbeam-epoch v0.3.1
Oct 31 17:56:32.929 INFO kablam!    Compiling backtrace v0.2.3
Oct 31 17:56:35.571 INFO kablam! error[E0034]: multiple applicable items in scope
Oct 31 17:56:35.572 INFO kablam!     --> /cargo-home/registry/src/github.com-1ecc6299db9ec823/petgraph-0.4.12/src/graph_impl/stable_graph/mod.rs:1171:19
Oct 31 17:56:35.573 INFO kablam!      |
Oct 31 17:56:35.573 INFO kablam! 1171 |         self.iter.find_map(|(i, node)| {
Oct 31 17:56:35.574 INFO kablam!      |                   ^^^^^^^^ multiple `find_map` found
Oct 31 17:56:35.575 INFO kablam!      |
Oct 31 17:56:35.575 INFO kablam! note: candidate #1 is defined in an impl of the trait `iter_utils::IterUtilsExt` for the type `_`
Oct 31 17:56:35.576 INFO kablam!     --> /cargo-home/registry/src/github.com-1ecc6299db9ec823/petgraph-0.4.12/src/iter_utils.rs:5:5
Oct 31 17:56:35.576 INFO kablam!      |
Oct 31 17:56:35.577 INFO kablam! 5    | /     fn find_map<F, R>(&mut self, mut f: F) -> Option<R>
Oct 31 17:56:35.577 INFO kablam! 6    | |         where F: FnMut(Self::Item) -> Option<R>
Oct 31 17:56:35.578 INFO kablam! 7    | |     {
Oct 31 17:56:35.579 INFO kablam! 8    | |         while let Some(elt) = self.next() {
Oct 31 17:56:35.579 INFO kablam! ...    |
Oct 31 17:56:35.580 INFO kablam! 13   | |         None
Oct 31 17:56:35.580 INFO kablam! 14   | |     }
Oct 31 17:56:35.581 INFO kablam!      | |_____^
Oct 31 17:56:35.582 INFO kablam!      = note: candidate #2 is defined in an impl of the trait `std::iter::Iterator` for the type `std::iter::Enumerate<_>`
Oct 31 17:56:35.583 INFO kablam! 
Oct 31 17:56:35.687 INFO kablam! error[E0034]: multiple applicable items in scope
Oct 31 17:56:35.688 INFO kablam!     --> /cargo-home/registry/src/github.com-1ecc6299db9ec823/petgraph-0.4.12/src/graph_impl/stable_graph/mod.rs:1363:19
Oct 31 17:56:35.688 INFO kablam!      |
Oct 31 17:56:35.689 INFO kablam! 1363 |         self.iter.find_map(|(i, edge)|
Oct 31 17:56:35.689 INFO kablam!      |                   ^^^^^^^^ multiple `find_map` found
Oct 31 17:56:35.715 INFO kablam!      |
Oct 31 17:56:35.715 INFO kablam! note: candidate #1 is defined in an impl of the trait `iter_utils::IterUtilsExt` for the type `_`
Oct 31 17:56:35.715 INFO kablam!     --> /cargo-home/registry/src/github.com-1ecc6299db9ec823/petgraph-0.4.12/src/iter_utils.rs:5:5
Oct 31 17:56:35.715 INFO kablam!      |
Oct 31 17:56:35.715 INFO kablam! 5    | /     fn find_map<F, R>(&mut self, mut f: F) -> Option<R>
Oct 31 17:56:35.715 INFO kablam! 6    | |         where F: FnMut(Self::Item) -> Option<R>
Oct 31 17:56:35.715 INFO kablam! 7    | |     {
Oct 31 17:56:35.715 INFO kablam! 8    | |         while let Some(elt) = self.next() {
Oct 31 17:56:35.715 INFO kablam! ...    |
Oct 31 17:56:35.715 INFO kablam! 13   | |         None
Oct 31 17:56:35.715 INFO kablam! 14   | |     }
Oct 31 17:56:35.715 INFO kablam!      | |_____^
Oct 31 17:56:35.715 INFO kablam!      = note: candidate #2 is defined in an impl of the trait `std::iter::Iterator` for the type `std::iter::Enumerate<_>`
Oct 31 17:56:35.717 INFO kablam! 
Oct 31 17:56:35.785 INFO kablam! error[E0034]: multiple applicable items in scope
Oct 31 17:56:35.785 INFO kablam!     --> /cargo-home/registry/src/github.com-1ecc6299db9ec823/petgraph-0.4.12/src/graph_impl/stable_graph/mod.rs:1527:19
Oct 31 17:56:35.785 INFO kablam!      |
Oct 31 17:56:35.785 INFO kablam! 1527 |         self.iter.find_map(|(i, node)| {
Oct 31 17:56:35.785 INFO kablam!      |                   ^^^^^^^^ multiple `find_map` found
Oct 31 17:56:35.785 INFO kablam!      |
Oct 31 17:56:35.785 INFO kablam! note: candidate #1 is defined in an impl of the trait `iter_utils::IterUtilsExt` for the type `_`
Oct 31 17:56:35.785 INFO kablam!     --> /cargo-home/registry/src/github.com-1ecc6299db9ec823/petgraph-0.4.12/src/iter_utils.rs:5:5
Oct 31 17:56:35.785 INFO kablam!      |
Oct 31 17:56:35.785 INFO kablam! 5    | /     fn find_map<F, R>(&mut self, mut f: F) -> Option<R>
Oct 31 17:56:35.785 INFO kablam! 6    | |         where F: FnMut(Self::Item) -> Option<R>
Oct 31 17:56:35.785 INFO kablam! 7    | |     {
Oct 31 17:56:35.785 INFO kablam! 8    | |         while let Some(elt) = self.next() {
Oct 31 17:56:35.785 INFO kablam! ...    |
Oct 31 17:56:35.785 INFO kablam! 13   | |         None
Oct 31 17:56:35.785 INFO kablam! 14   | |     }
Oct 31 17:56:35.785 INFO kablam!      | |_____^
Oct 31 17:56:35.785 INFO kablam!      = note: candidate #2 is defined in an impl of the trait `std::iter::Iterator` for the type `std::iter::Enumerate<_>`
Oct 31 17:56:35.785 INFO kablam! 
Oct 31 17:56:35.814 INFO kablam! error[E0034]: multiple applicable items in scope
Oct 31 17:56:35.814 INFO kablam!     --> /cargo-home/registry/src/github.com-1ecc6299db9ec823/petgraph-0.4.12/src/graph_impl/stable_graph/mod.rs:1573:19
Oct 31 17:56:35.814 INFO kablam!      |
Oct 31 17:56:35.814 INFO kablam! 1573 |         self.iter.find_map(|(i, node)| {
Oct 31 17:56:35.814 INFO kablam!      |                   ^^^^^^^^ multiple `find_map` found
Oct 31 17:56:35.827 INFO kablam!      |
Oct 31 17:56:35.827 INFO kablam! note: candidate #1 is defined in an impl of the trait `iter_utils::IterUtilsExt` for the type `_`
Oct 31 17:56:35.827 INFO kablam!     --> /cargo-home/registry/src/github.com-1ecc6299db9ec823/petgraph-0.4.12/src/iter_utils.rs:5:5
Oct 31 17:56:35.827 INFO kablam!      |
Oct 31 17:56:35.827 INFO kablam! 5    | /     fn find_map<F, R>(&mut self, mut f: F) -> Option<R>
Oct 31 17:56:35.827 INFO kablam! 6    | |         where F: FnMut(Self::Item) -> Option<R>
Oct 31 17:56:35.827 INFO kablam! 7    | |     {
Oct 31 17:56:35.827 INFO kablam! 8    | |         while let Some(elt) = self.next() {
Oct 31 17:56:35.827 INFO kablam! ...    |
Oct 31 17:56:35.827 INFO kablam! 13   | |         None
Oct 31 17:56:35.827 INFO kablam! 14   | |     }
Oct 31 17:56:35.827 INFO kablam!      | |_____^
Oct 31 17:56:35.827 INFO kablam!      = note: candidate #2 is defined in an impl of the trait `std::iter::Iterator` for the type `std::iter::Enumerate<_>`
Oct 31 17:56:35.827 INFO kablam! 
Oct 31 17:56:37.987 INFO kablam!    Compiling mio v0.6.15
Oct 31 17:56:37.988 INFO kablam!    Compiling parking_lot v0.5.5
Oct 31 17:56:38.107 INFO kablam!    Compiling error-chain v0.11.0
Oct 31 17:56:38.235 INFO kablam! error: aborting due to 4 previous errors
Oct 31 17:56:38.235 INFO kablam! 
Oct 31 17:56:38.235 INFO kablam! For more information about this error, try `rustc --explain E0034`.
Oct 31 17:56:38.319 INFO kablam! error: Could not compile `petgraph`.
Oct 31 17:56:38.319 INFO kablam! warning: build failed, waiting for other jobs to finish...
Oct 31 17:57:03.605 INFO kablam! error: build failed
Oct 31 17:57:03.611 INFO kablam! su: No module specific data is present
Oct 31 17:57:04.293 INFO running `"docker" "rm" "-f" "270cdad2d2b1f8d422cb80ffb068b2c90ce0d43f25ce71f51d7763d9107bbc8d"`
Oct 31 17:57:04.541 INFO blam! 270cdad2d2b1f8d422cb80ffb068b2c90ce0d43f25ce71f51d7763d9107bbc8d
