Oct 31 19:17:46.301 INFO testing tckastanek/graph-deps against 1.30.0 for beta-1.31-1
Oct 31 19:17:46.301 INFO running `"docker" "create" "-v" "/mnt/big/crater/work/local/target-dirs/beta-1.31-1/worker-5/1.30.0:/target:rw,Z" "-v" "/mnt/big/crater/work/local/test-source/worker-5/beta-1.31-1/1.30.0:/source:ro,Z" "-v" "/mnt/big/crater/work/local/cargo-home:/cargo-home:ro,Z" "-v" "/mnt/big/crater/work/local/rustup-home:/rustup-home:ro,Z" "-e" "USER_ID=1000" "-e" "SOURCE_DIR=/source" "-e" "USER_ID=1000" "-e" "CMD=cargo +1.30.0 build --frozen" "-e" "CARGO_TARGET_DIR=/target" "-e" "CARGO_INCREMENTAL=0" "-e" "RUST_BACKTRACE=full" "-e" "RUSTFLAGS=--cap-lints=warn" "-e" "CARGO_HOME=/cargo-home" "-e" "RUSTUP_HOME=/rustup-home" "-m" "1536M" "--network" "none" "crater"`
Oct 31 19:17:46.715 INFO blam! 3cc9bc605f0c13ef538bb6e48f67dfe5e197cec0f35e81a432834e9c9c0189e5
Oct 31 19:17:46.717 INFO running `"docker" "start" "-a" "3cc9bc605f0c13ef538bb6e48f67dfe5e197cec0f35e81a432834e9c9c0189e5"`
Oct 31 19:17:47.784 INFO kablam! usermod: no changes
Oct 31 19:17:47.918 INFO kablam!    Compiling cc v1.0.10
Oct 31 19:17:47.920 INFO kablam!    Compiling fixedbitset v0.1.9
Oct 31 19:17:47.920 INFO kablam!    Compiling ordermap v0.3.5
Oct 31 19:17:47.921 INFO kablam!    Compiling dot v0.1.3
Oct 31 19:17:47.921 INFO kablam!    Compiling serde_derive_internals v0.23.0
Oct 31 19:17:51.224 INFO kablam!    Compiling petgraph v0.4.12
Oct 31 19:17:52.156 INFO kablam!    Compiling backtrace-sys v0.1.16
Oct 31 19:17:54.902 INFO kablam!    Compiling serde_derive v1.0.37
Oct 31 19:17:56.871 INFO kablam! error[E0034]: multiple applicable items in scope
Oct 31 19:17:56.871 INFO kablam!     --> /cargo-home/registry/src/github.com-1ecc6299db9ec823/petgraph-0.4.12/src/graph_impl/stable_graph/mod.rs:1171:19
Oct 31 19:17:56.871 INFO kablam!      |
Oct 31 19:17:56.871 INFO kablam! 1171 |         self.iter.find_map(|(i, node)| {
Oct 31 19:17:56.871 INFO kablam!      |                   ^^^^^^^^ multiple `find_map` found
Oct 31 19:17:56.871 INFO kablam!      |
Oct 31 19:17:56.871 INFO kablam! note: candidate #1 is defined in an impl of the trait `iter_utils::IterUtilsExt` for the type `_`
Oct 31 19:17:56.871 INFO kablam!     --> /cargo-home/registry/src/github.com-1ecc6299db9ec823/petgraph-0.4.12/src/iter_utils.rs:5:5
Oct 31 19:17:56.871 INFO kablam!      |
Oct 31 19:17:56.871 INFO kablam! 5    | /     fn find_map<F, R>(&mut self, mut f: F) -> Option<R>
Oct 31 19:17:56.871 INFO kablam! 6    | |         where F: FnMut(Self::Item) -> Option<R>
Oct 31 19:17:56.871 INFO kablam! 7    | |     {
Oct 31 19:17:56.871 INFO kablam! 8    | |         while let Some(elt) = self.next() {
Oct 31 19:17:56.871 INFO kablam! ...    |
Oct 31 19:17:56.871 INFO kablam! 13   | |         None
Oct 31 19:17:56.871 INFO kablam! 14   | |     }
Oct 31 19:17:56.871 INFO kablam!      | |_____^
Oct 31 19:17:56.871 INFO kablam!      = note: candidate #2 is defined in an impl of the trait `std::iter::Iterator` for the type `std::iter::Enumerate<_>`
Oct 31 19:17:56.871 INFO kablam! 
Oct 31 19:17:56.923 INFO kablam! error[E0034]: multiple applicable items in scope
Oct 31 19:17:56.923 INFO kablam!     --> /cargo-home/registry/src/github.com-1ecc6299db9ec823/petgraph-0.4.12/src/graph_impl/stable_graph/mod.rs:1363:19
Oct 31 19:17:56.923 INFO kablam!      |
Oct 31 19:17:56.923 INFO kablam! 1363 |         self.iter.find_map(|(i, edge)|
Oct 31 19:17:56.923 INFO kablam!      |                   ^^^^^^^^ multiple `find_map` found
Oct 31 19:17:56.923 INFO kablam!      |
Oct 31 19:17:56.923 INFO kablam! note: candidate #1 is defined in an impl of the trait `iter_utils::IterUtilsExt` for the type `_`
Oct 31 19:17:56.923 INFO kablam!     --> /cargo-home/registry/src/github.com-1ecc6299db9ec823/petgraph-0.4.12/src/iter_utils.rs:5:5
Oct 31 19:17:56.923 INFO kablam!      |
Oct 31 19:17:56.923 INFO kablam! 5    | /     fn find_map<F, R>(&mut self, mut f: F) -> Option<R>
Oct 31 19:17:56.923 INFO kablam! 6    | |         where F: FnMut(Self::Item) -> Option<R>
Oct 31 19:17:56.923 INFO kablam! 7    | |     {
Oct 31 19:17:56.923 INFO kablam! 8    | |         while let Some(elt) = self.next() {
Oct 31 19:17:56.923 INFO kablam! ...    |
Oct 31 19:17:56.923 INFO kablam! 13   | |         None
Oct 31 19:17:56.923 INFO kablam! 14   | |     }
Oct 31 19:17:56.923 INFO kablam!      | |_____^
Oct 31 19:17:56.923 INFO kablam!      = note: candidate #2 is defined in an impl of the trait `std::iter::Iterator` for the type `std::iter::Enumerate<_>`
Oct 31 19:17:56.923 INFO kablam! 
Oct 31 19:17:56.939 INFO kablam! error[E0034]: multiple applicable items in scope
Oct 31 19:17:56.939 INFO kablam!     --> /cargo-home/registry/src/github.com-1ecc6299db9ec823/petgraph-0.4.12/src/graph_impl/stable_graph/mod.rs:1527:19
Oct 31 19:17:56.939 INFO kablam!      |
Oct 31 19:17:56.939 INFO kablam! 1527 |         self.iter.find_map(|(i, node)| {
Oct 31 19:17:56.939 INFO kablam!      |                   ^^^^^^^^ multiple `find_map` found
Oct 31 19:17:56.939 INFO kablam!      |
Oct 31 19:17:56.939 INFO kablam! note: candidate #1 is defined in an impl of the trait `iter_utils::IterUtilsExt` for the type `_`
Oct 31 19:17:56.939 INFO kablam!     --> /cargo-home/registry/src/github.com-1ecc6299db9ec823/petgraph-0.4.12/src/iter_utils.rs:5:5
Oct 31 19:17:56.939 INFO kablam!      |
Oct 31 19:17:56.939 INFO kablam! 5    | /     fn find_map<F, R>(&mut self, mut f: F) -> Option<R>
Oct 31 19:17:56.939 INFO kablam! 6    | |         where F: FnMut(Self::Item) -> Option<R>
Oct 31 19:17:56.939 INFO kablam! 7    | |     {
Oct 31 19:17:56.939 INFO kablam! 8    | |         while let Some(elt) = self.next() {
Oct 31 19:17:56.939 INFO kablam! ...    |
Oct 31 19:17:56.939 INFO kablam! 13   | |         None
Oct 31 19:17:56.939 INFO kablam! 14   | |     }
Oct 31 19:17:56.939 INFO kablam!      | |_____^
Oct 31 19:17:56.939 INFO kablam!      = note: candidate #2 is defined in an impl of the trait `std::iter::Iterator` for the type `std::iter::Enumerate<_>`
Oct 31 19:17:56.939 INFO kablam! 
Oct 31 19:17:56.951 INFO kablam! error[E0034]: multiple applicable items in scope
Oct 31 19:17:56.951 INFO kablam!     --> /cargo-home/registry/src/github.com-1ecc6299db9ec823/petgraph-0.4.12/src/graph_impl/stable_graph/mod.rs:1573:19
Oct 31 19:17:56.951 INFO kablam!      |
Oct 31 19:17:56.951 INFO kablam! 1573 |         self.iter.find_map(|(i, node)| {
Oct 31 19:17:56.951 INFO kablam!      |                   ^^^^^^^^ multiple `find_map` found
Oct 31 19:17:56.951 INFO kablam!      |
Oct 31 19:17:56.951 INFO kablam! note: candidate #1 is defined in an impl of the trait `iter_utils::IterUtilsExt` for the type `_`
Oct 31 19:17:56.951 INFO kablam!     --> /cargo-home/registry/src/github.com-1ecc6299db9ec823/petgraph-0.4.12/src/iter_utils.rs:5:5
Oct 31 19:17:56.951 INFO kablam!      |
Oct 31 19:17:56.951 INFO kablam! 5    | /     fn find_map<F, R>(&mut self, mut f: F) -> Option<R>
Oct 31 19:17:56.951 INFO kablam! 6    | |         where F: FnMut(Self::Item) -> Option<R>
Oct 31 19:17:56.951 INFO kablam! 7    | |     {
Oct 31 19:17:56.951 INFO kablam! 8    | |         while let Some(elt) = self.next() {
Oct 31 19:17:56.951 INFO kablam! ...    |
Oct 31 19:17:56.951 INFO kablam! 13   | |         None
Oct 31 19:17:56.951 INFO kablam! 14   | |     }
Oct 31 19:17:56.951 INFO kablam!      | |_____^
Oct 31 19:17:56.951 INFO kablam!      = note: candidate #2 is defined in an impl of the trait `std::iter::Iterator` for the type `std::iter::Enumerate<_>`
Oct 31 19:17:56.951 INFO kablam! 
Oct 31 19:17:57.671 INFO kablam! error: aborting due to 4 previous errors
Oct 31 19:17:57.672 INFO kablam! 
Oct 31 19:17:57.672 INFO kablam! For more information about this error, try `rustc --explain E0034`.
Oct 31 19:17:57.687 INFO kablam! error: Could not compile `petgraph`.
Oct 31 19:17:57.688 INFO kablam! warning: build failed, waiting for other jobs to finish...
Oct 31 19:18:12.776 INFO kablam! error: build failed
Oct 31 19:18:12.779 INFO kablam! su: No module specific data is present
Oct 31 19:18:13.680 INFO running `"docker" "rm" "-f" "3cc9bc605f0c13ef538bb6e48f67dfe5e197cec0f35e81a432834e9c9c0189e5"`
Oct 31 19:18:13.958 INFO blam! 3cc9bc605f0c13ef538bb6e48f67dfe5e197cec0f35e81a432834e9c9c0189e5
