Oct 31 19:23:58.004 INFO testing tarcieri/paradox against beta-2018-10-30 for beta-1.31-1
Oct 31 19:23:58.004 INFO running `"docker" "create" "-v" "/mnt/big/crater/work/local/target-dirs/beta-1.31-1/worker-7/beta-2018-10-30:/target:rw,Z" "-v" "/mnt/big/crater/work/local/test-source/worker-7/beta-1.31-1/beta-2018-10-30:/source:ro,Z" "-v" "/mnt/big/crater/work/local/cargo-home:/cargo-home:ro,Z" "-v" "/mnt/big/crater/work/local/rustup-home:/rustup-home:ro,Z" "-e" "USER_ID=1000" "-e" "SOURCE_DIR=/source" "-e" "USER_ID=1000" "-e" "CMD=cargo +beta-2018-10-30 build --frozen" "-e" "CARGO_TARGET_DIR=/target" "-e" "CARGO_INCREMENTAL=0" "-e" "RUST_BACKTRACE=full" "-e" "RUSTFLAGS=--cap-lints=warn" "-e" "CARGO_HOME=/cargo-home" "-e" "RUSTUP_HOME=/rustup-home" "-m" "1536M" "--network" "none" "crater"`
Oct 31 19:23:58.467 INFO blam! 182887e97d371662111c0e2b6d7c5b0fd08979f09a8dfff1c85e8fdff3d1b0fb
Oct 31 19:23:58.471 INFO running `"docker" "start" "-a" "182887e97d371662111c0e2b6d7c5b0fd08979f09a8dfff1c85e8fdff3d1b0fb"`
Oct 31 19:23:59.655 INFO kablam! usermod: no changes
Oct 31 19:23:59.934 INFO kablam!    Compiling ordermap v0.3.5
Oct 31 19:23:59.935 INFO kablam!    Compiling serde v1.0.45
Oct 31 19:23:59.940 INFO kablam!    Compiling fixedbitset v0.1.9
Oct 31 19:23:59.940 INFO kablam!    Compiling ena v0.5.0
Oct 31 19:23:59.940 INFO kablam!    Compiling lalrpop-util v0.15.2
Oct 31 19:23:59.941 INFO kablam!    Compiling diff v0.1.11
Oct 31 19:23:59.943 INFO kablam!    Compiling phf_shared v0.7.22
Oct 31 19:23:59.955 INFO kablam!    Compiling ascii-canvas v1.0.0
Oct 31 19:24:00.951 INFO kablam!    Compiling pairing v0.14.1
Oct 31 19:24:01.486 INFO kablam!    Compiling phf_generator v0.7.22
Oct 31 19:24:03.777 INFO kablam!    Compiling syn v0.13.7
Oct 31 19:24:04.121 INFO kablam!    Compiling string_cache_codegen v0.4.1
Oct 31 19:24:04.135 INFO kablam!    Compiling atty v0.1.2
Oct 31 19:24:04.144 INFO kablam!    Compiling digest v0.7.2
Oct 31 19:24:05.311 INFO kablam!    Compiling sha2 v0.7.1
Oct 31 19:24:05.411 INFO kablam!    Compiling petgraph v0.4.12
Oct 31 19:24:10.603 INFO kablam!    Compiling string_cache v0.7.2
Oct 31 19:24:11.507 INFO kablam! error[E0034]: multiple applicable items in scope
Oct 31 19:24:11.507 INFO kablam!     --> /cargo-home/registry/src/github.com-1ecc6299db9ec823/petgraph-0.4.12/src/graph_impl/stable_graph/mod.rs:1171:19
Oct 31 19:24:11.507 INFO kablam!      |
Oct 31 19:24:11.507 INFO kablam! 1171 |         self.iter.find_map(|(i, node)| {
Oct 31 19:24:11.507 INFO kablam!      |                   ^^^^^^^^ multiple `find_map` found
Oct 31 19:24:11.507 INFO kablam!      |
Oct 31 19:24:11.507 INFO kablam! note: candidate #1 is defined in an impl of the trait `iter_utils::IterUtilsExt` for the type `_`
Oct 31 19:24:11.507 INFO kablam!     --> /cargo-home/registry/src/github.com-1ecc6299db9ec823/petgraph-0.4.12/src/iter_utils.rs:5:5
Oct 31 19:24:11.507 INFO kablam!      |
Oct 31 19:24:11.507 INFO kablam! 5    | /     fn find_map<F, R>(&mut self, mut f: F) -> Option<R>
Oct 31 19:24:11.507 INFO kablam! 6    | |         where F: FnMut(Self::Item) -> Option<R>
Oct 31 19:24:11.507 INFO kablam! 7    | |     {
Oct 31 19:24:11.507 INFO kablam! 8    | |         while let Some(elt) = self.next() {
Oct 31 19:24:11.507 INFO kablam! ...    |
Oct 31 19:24:11.507 INFO kablam! 13   | |         None
Oct 31 19:24:11.507 INFO kablam! 14   | |     }
Oct 31 19:24:11.507 INFO kablam!      | |_____^
Oct 31 19:24:11.507 INFO kablam!      = note: candidate #2 is defined in an impl of the trait `std::iter::Iterator` for the type `std::iter::Enumerate<_>`
Oct 31 19:24:11.507 INFO kablam! 
Oct 31 19:24:11.603 INFO kablam! error[E0034]: multiple applicable items in scope
Oct 31 19:24:11.603 INFO kablam!     --> /cargo-home/registry/src/github.com-1ecc6299db9ec823/petgraph-0.4.12/src/graph_impl/stable_graph/mod.rs:1363:19
Oct 31 19:24:11.603 INFO kablam!      |
Oct 31 19:24:11.603 INFO kablam! 1363 |         self.iter.find_map(|(i, edge)|
Oct 31 19:24:11.603 INFO kablam!      |                   ^^^^^^^^ multiple `find_map` found
Oct 31 19:24:11.603 INFO kablam!      |
Oct 31 19:24:11.603 INFO kablam! note: candidate #1 is defined in an impl of the trait `iter_utils::IterUtilsExt` for the type `_`
Oct 31 19:24:11.603 INFO kablam!     --> /cargo-home/registry/src/github.com-1ecc6299db9ec823/petgraph-0.4.12/src/iter_utils.rs:5:5
Oct 31 19:24:11.603 INFO kablam!      |
Oct 31 19:24:11.603 INFO kablam! 5    | /     fn find_map<F, R>(&mut self, mut f: F) -> Option<R>
Oct 31 19:24:11.603 INFO kablam! 6    | |         where F: FnMut(Self::Item) -> Option<R>
Oct 31 19:24:11.603 INFO kablam! 7    | |     {
Oct 31 19:24:11.603 INFO kablam! 8    | |         while let Some(elt) = self.next() {
Oct 31 19:24:11.603 INFO kablam! ...    |
Oct 31 19:24:11.603 INFO kablam! 13   | |         None
Oct 31 19:24:11.603 INFO kablam! 14   | |     }
Oct 31 19:24:11.603 INFO kablam!      | |_____^
Oct 31 19:24:11.603 INFO kablam!      = note: candidate #2 is defined in an impl of the trait `std::iter::Iterator` for the type `std::iter::Enumerate<_>`
Oct 31 19:24:11.603 INFO kablam! 
Oct 31 19:24:11.635 INFO kablam! error[E0034]: multiple applicable items in scope
Oct 31 19:24:11.635 INFO kablam!     --> /cargo-home/registry/src/github.com-1ecc6299db9ec823/petgraph-0.4.12/src/graph_impl/stable_graph/mod.rs:1527:19
Oct 31 19:24:11.635 INFO kablam!      |
Oct 31 19:24:11.635 INFO kablam! 1527 |         self.iter.find_map(|(i, node)| {
Oct 31 19:24:11.635 INFO kablam!      |                   ^^^^^^^^ multiple `find_map` found
Oct 31 19:24:11.635 INFO kablam!      |
Oct 31 19:24:11.635 INFO kablam! note: candidate #1 is defined in an impl of the trait `iter_utils::IterUtilsExt` for the type `_`
Oct 31 19:24:11.635 INFO kablam!     --> /cargo-home/registry/src/github.com-1ecc6299db9ec823/petgraph-0.4.12/src/iter_utils.rs:5:5
Oct 31 19:24:11.635 INFO kablam!      |
Oct 31 19:24:11.635 INFO kablam! 5    | /     fn find_map<F, R>(&mut self, mut f: F) -> Option<R>
Oct 31 19:24:11.635 INFO kablam! 6    | |         where F: FnMut(Self::Item) -> Option<R>
Oct 31 19:24:11.635 INFO kablam! 7    | |     {
Oct 31 19:24:11.635 INFO kablam! 8    | |         while let Some(elt) = self.next() {
Oct 31 19:24:11.635 INFO kablam! ...    |
Oct 31 19:24:11.635 INFO kablam! 13   | |         None
Oct 31 19:24:11.635 INFO kablam! 14   | |     }
Oct 31 19:24:11.635 INFO kablam!      | |_____^
Oct 31 19:24:11.635 INFO kablam!      = note: candidate #2 is defined in an impl of the trait `std::iter::Iterator` for the type `std::iter::Enumerate<_>`
Oct 31 19:24:11.635 INFO kablam! 
Oct 31 19:24:11.655 INFO kablam! error[E0034]: multiple applicable items in scope
Oct 31 19:24:11.655 INFO kablam!     --> /cargo-home/registry/src/github.com-1ecc6299db9ec823/petgraph-0.4.12/src/graph_impl/stable_graph/mod.rs:1573:19
Oct 31 19:24:11.655 INFO kablam!      |
Oct 31 19:24:11.655 INFO kablam! 1573 |         self.iter.find_map(|(i, node)| {
Oct 31 19:24:11.655 INFO kablam!      |                   ^^^^^^^^ multiple `find_map` found
Oct 31 19:24:11.655 INFO kablam!      |
Oct 31 19:24:11.655 INFO kablam! note: candidate #1 is defined in an impl of the trait `iter_utils::IterUtilsExt` for the type `_`
Oct 31 19:24:11.655 INFO kablam!     --> /cargo-home/registry/src/github.com-1ecc6299db9ec823/petgraph-0.4.12/src/iter_utils.rs:5:5
Oct 31 19:24:11.655 INFO kablam!      |
Oct 31 19:24:11.655 INFO kablam! 5    | /     fn find_map<F, R>(&mut self, mut f: F) -> Option<R>
Oct 31 19:24:11.655 INFO kablam! 6    | |         where F: FnMut(Self::Item) -> Option<R>
Oct 31 19:24:11.655 INFO kablam! 7    | |     {
Oct 31 19:24:11.655 INFO kablam! 8    | |         while let Some(elt) = self.next() {
Oct 31 19:24:11.655 INFO kablam! ...    |
Oct 31 19:24:11.655 INFO kablam! 13   | |         None
Oct 31 19:24:11.655 INFO kablam! 14   | |     }
Oct 31 19:24:11.655 INFO kablam!      | |_____^
Oct 31 19:24:11.655 INFO kablam!      = note: candidate #2 is defined in an impl of the trait `std::iter::Iterator` for the type `std::iter::Enumerate<_>`
Oct 31 19:24:11.655 INFO kablam! 
Oct 31 19:24:12.403 INFO kablam! error: aborting due to 4 previous errors
Oct 31 19:24:12.403 INFO kablam! 
Oct 31 19:24:12.403 INFO kablam! For more information about this error, try `rustc --explain E0034`.
Oct 31 19:24:12.411 INFO kablam! error: Could not compile `petgraph`.
Oct 31 19:24:12.415 INFO kablam! warning: build failed, waiting for other jobs to finish...
Oct 31 19:24:28.111 INFO kablam! error: build failed
Oct 31 19:24:28.114 INFO kablam! su: No module specific data is present
Oct 31 19:24:29.577 INFO running `"docker" "rm" "-f" "182887e97d371662111c0e2b6d7c5b0fd08979f09a8dfff1c85e8fdff3d1b0fb"`
Oct 31 19:24:29.927 INFO blam! 182887e97d371662111c0e2b6d7c5b0fd08979f09a8dfff1c85e8fdff3d1b0fb
