Oct 31 19:23:59.644 INFO testing tarcieri/paradox against 1.30.0 for beta-1.31-1
Oct 31 19:23:59.644 INFO running `"docker" "create" "-v" "/mnt/big/crater/work/local/target-dirs/beta-1.31-1/worker-5/1.30.0:/target:rw,Z" "-v" "/mnt/big/crater/work/local/test-source/worker-5/beta-1.31-1/1.30.0:/source:ro,Z" "-v" "/mnt/big/crater/work/local/cargo-home:/cargo-home:ro,Z" "-v" "/mnt/big/crater/work/local/rustup-home:/rustup-home:ro,Z" "-e" "USER_ID=1000" "-e" "SOURCE_DIR=/source" "-e" "USER_ID=1000" "-e" "CMD=cargo +1.30.0 build --frozen" "-e" "CARGO_TARGET_DIR=/target" "-e" "CARGO_INCREMENTAL=0" "-e" "RUST_BACKTRACE=full" "-e" "RUSTFLAGS=--cap-lints=warn" "-e" "CARGO_HOME=/cargo-home" "-e" "RUSTUP_HOME=/rustup-home" "-m" "1536M" "--network" "none" "crater"`
Oct 31 19:24:00.034 INFO blam! 83ea1c1637f579ce2007f5b3e4a25c1e3ad6f2574748ddc82afce3972ce475a4
Oct 31 19:24:00.035 INFO running `"docker" "start" "-a" "83ea1c1637f579ce2007f5b3e4a25c1e3ad6f2574748ddc82afce3972ce475a4"`
Oct 31 19:24:02.015 INFO kablam! usermod: no changes
Oct 31 19:24:02.183 INFO kablam!    Compiling string_cache_shared v0.3.0
Oct 31 19:24:02.183 INFO kablam!    Compiling winapi v0.2.8
Oct 31 19:24:02.199 INFO kablam!    Compiling lazy_static v1.0.0
Oct 31 19:24:02.207 INFO kablam!    Compiling fixedbitset v0.1.9
Oct 31 19:24:02.207 INFO kablam!    Compiling precomputed-hash v0.1.1
Oct 31 19:24:02.207 INFO kablam!    Compiling serde v1.0.45
Oct 31 19:24:02.207 INFO kablam!    Compiling bit-vec v0.4.4
Oct 31 19:24:02.207 INFO kablam!    Compiling ordermap v0.3.5
Oct 31 19:24:03.175 INFO kablam!    Compiling utf8-ranges v1.0.0
Oct 31 19:24:03.247 INFO kablam!    Compiling term v0.4.6
Oct 31 19:24:03.247 INFO kablam!    Compiling diff v0.1.11
Oct 31 19:24:04.808 INFO kablam!    Compiling regex-syntax v0.4.2
Oct 31 19:24:05.607 INFO kablam!    Compiling ena v0.5.0
Oct 31 19:24:06.059 INFO kablam!    Compiling lalrpop-util v0.15.2
Oct 31 19:24:07.939 INFO kablam!    Compiling phf_shared v0.7.22
Oct 31 19:24:07.955 INFO kablam!    Compiling memchr v2.0.1
Oct 31 19:24:08.723 INFO kablam!    Compiling unreachable v0.1.1
Oct 31 19:24:08.743 INFO kablam!    Compiling regex-syntax v0.5.6
Oct 31 19:24:08.796 INFO kablam!    Compiling itertools v0.7.8
Oct 31 19:24:09.221 INFO kablam!    Compiling bit-set v0.4.0
Oct 31 19:24:09.563 INFO kablam!    Compiling petgraph v0.4.12
Oct 31 19:24:13.967 INFO kablam!    Compiling pairing v0.14.1
Oct 31 19:24:14.120 INFO kablam!    Compiling thread_local v0.3.5
Oct 31 19:24:14.577 INFO kablam!    Compiling debug_unreachable v0.1.1
Oct 31 19:24:19.739 INFO kablam! error[E0034]: multiple applicable items in scope
Oct 31 19:24:19.739 INFO kablam!     --> /cargo-home/registry/src/github.com-1ecc6299db9ec823/petgraph-0.4.12/src/graph_impl/stable_graph/mod.rs:1171:19
Oct 31 19:24:19.739 INFO kablam!      |
Oct 31 19:24:19.739 INFO kablam! 1171 |         self.iter.find_map(|(i, node)| {
Oct 31 19:24:19.739 INFO kablam!      |                   ^^^^^^^^ multiple `find_map` found
Oct 31 19:24:19.739 INFO kablam!      |
Oct 31 19:24:19.746 INFO kablam! note: candidate #1 is defined in an impl of the trait `iter_utils::IterUtilsExt` for the type `_`
Oct 31 19:24:19.746 INFO kablam!     --> /cargo-home/registry/src/github.com-1ecc6299db9ec823/petgraph-0.4.12/src/iter_utils.rs:5:5
Oct 31 19:24:19.746 INFO kablam!      |
Oct 31 19:24:19.746 INFO kablam! 5    | /     fn find_map<F, R>(&mut self, mut f: F) -> Option<R>
Oct 31 19:24:19.746 INFO kablam! 6    | |         where F: FnMut(Self::Item) -> Option<R>
Oct 31 19:24:19.746 INFO kablam! 7    | |     {
Oct 31 19:24:19.746 INFO kablam! 8    | |         while let Some(elt) = self.next() {
Oct 31 19:24:19.746 INFO kablam! ...    |
Oct 31 19:24:19.746 INFO kablam! 13   | |         None
Oct 31 19:24:19.746 INFO kablam! 14   | |     }
Oct 31 19:24:19.746 INFO kablam!      | |_____^
Oct 31 19:24:19.746 INFO kablam!      = note: candidate #2 is defined in an impl of the trait `std::iter::Iterator` for the type `std::iter::Enumerate<_>`
Oct 31 19:24:19.746 INFO kablam! 
Oct 31 19:24:19.847 INFO kablam! error[E0034]: multiple applicable items in scope
Oct 31 19:24:19.847 INFO kablam!     --> /cargo-home/registry/src/github.com-1ecc6299db9ec823/petgraph-0.4.12/src/graph_impl/stable_graph/mod.rs:1363:19
Oct 31 19:24:19.847 INFO kablam!      |
Oct 31 19:24:19.847 INFO kablam! 1363 |         self.iter.find_map(|(i, edge)|
Oct 31 19:24:19.847 INFO kablam!      |                   ^^^^^^^^ multiple `find_map` found
Oct 31 19:24:19.883 INFO kablam!      |
Oct 31 19:24:19.883 INFO kablam! note: candidate #1 is defined in an impl of the trait `iter_utils::IterUtilsExt` for the type `_`
Oct 31 19:24:19.883 INFO kablam!     --> /cargo-home/registry/src/github.com-1ecc6299db9ec823/petgraph-0.4.12/src/iter_utils.rs:5:5
Oct 31 19:24:19.883 INFO kablam!      |
Oct 31 19:24:19.883 INFO kablam! 5    | /     fn find_map<F, R>(&mut self, mut f: F) -> Option<R>
Oct 31 19:24:19.883 INFO kablam! 6    | |         where F: FnMut(Self::Item) -> Option<R>
Oct 31 19:24:19.883 INFO kablam! 7    | |     {
Oct 31 19:24:19.883 INFO kablam! 8    | |         while let Some(elt) = self.next() {
Oct 31 19:24:19.883 INFO kablam! ...    |
Oct 31 19:24:19.883 INFO kablam! 13   | |         None
Oct 31 19:24:19.883 INFO kablam! 14   | |     }
Oct 31 19:24:19.883 INFO kablam!      | |_____^
Oct 31 19:24:19.883 INFO kablam!      = note: candidate #2 is defined in an impl of the trait `std::iter::Iterator` for the type `std::iter::Enumerate<_>`
Oct 31 19:24:19.883 INFO kablam! 
Oct 31 19:24:19.958 INFO kablam! error[E0034]: multiple applicable items in scope
Oct 31 19:24:19.958 INFO kablam!     --> /cargo-home/registry/src/github.com-1ecc6299db9ec823/petgraph-0.4.12/src/graph_impl/stable_graph/mod.rs:1527:19
Oct 31 19:24:19.958 INFO kablam!      |
Oct 31 19:24:19.958 INFO kablam! 1527 |         self.iter.find_map(|(i, node)| {
Oct 31 19:24:19.958 INFO kablam!      |                   ^^^^^^^^ multiple `find_map` found
Oct 31 19:24:19.958 INFO kablam!      |
Oct 31 19:24:19.958 INFO kablam! note: candidate #1 is defined in an impl of the trait `iter_utils::IterUtilsExt` for the type `_`
Oct 31 19:24:19.958 INFO kablam!     --> /cargo-home/registry/src/github.com-1ecc6299db9ec823/petgraph-0.4.12/src/iter_utils.rs:5:5
Oct 31 19:24:19.958 INFO kablam!      |
Oct 31 19:24:19.958 INFO kablam! 5    | /     fn find_map<F, R>(&mut self, mut f: F) -> Option<R>
Oct 31 19:24:19.959 INFO kablam! 6    | |         where F: FnMut(Self::Item) -> Option<R>
Oct 31 19:24:19.959 INFO kablam! 7    | |     {
Oct 31 19:24:19.959 INFO kablam! 8    | |         while let Some(elt) = self.next() {
Oct 31 19:24:19.959 INFO kablam! ...    |
Oct 31 19:24:19.959 INFO kablam! 13   | |         None
Oct 31 19:24:19.959 INFO kablam! 14   | |     }
Oct 31 19:24:19.959 INFO kablam!      | |_____^
Oct 31 19:24:19.959 INFO kablam!      = note: candidate #2 is defined in an impl of the trait `std::iter::Iterator` for the type `std::iter::Enumerate<_>`
Oct 31 19:24:19.959 INFO kablam! 
Oct 31 19:24:20.003 INFO kablam! error[E0034]: multiple applicable items in scope
Oct 31 19:24:20.003 INFO kablam!     --> /cargo-home/registry/src/github.com-1ecc6299db9ec823/petgraph-0.4.12/src/graph_impl/stable_graph/mod.rs:1573:19
Oct 31 19:24:20.003 INFO kablam!      |
Oct 31 19:24:20.003 INFO kablam! 1573 |         self.iter.find_map(|(i, node)| {
Oct 31 19:24:20.003 INFO kablam!      |                   ^^^^^^^^ multiple `find_map` found
Oct 31 19:24:20.015 INFO kablam!      |
Oct 31 19:24:20.015 INFO kablam! note: candidate #1 is defined in an impl of the trait `iter_utils::IterUtilsExt` for the type `_`
Oct 31 19:24:20.015 INFO kablam!     --> /cargo-home/registry/src/github.com-1ecc6299db9ec823/petgraph-0.4.12/src/iter_utils.rs:5:5
Oct 31 19:24:20.015 INFO kablam!      |
Oct 31 19:24:20.015 INFO kablam! 5    | /     fn find_map<F, R>(&mut self, mut f: F) -> Option<R>
Oct 31 19:24:20.015 INFO kablam! 6    | |         where F: FnMut(Self::Item) -> Option<R>
Oct 31 19:24:20.015 INFO kablam! 7    | |     {
Oct 31 19:24:20.015 INFO kablam! 8    | |         while let Some(elt) = self.next() {
Oct 31 19:24:20.015 INFO kablam! ...    |
Oct 31 19:24:20.015 INFO kablam! 13   | |         None
Oct 31 19:24:20.015 INFO kablam! 14   | |     }
Oct 31 19:24:20.015 INFO kablam!      | |_____^
Oct 31 19:24:20.027 INFO kablam!      = note: candidate #2 is defined in an impl of the trait `std::iter::Iterator` for the type `std::iter::Enumerate<_>`
Oct 31 19:24:20.027 INFO kablam! 
Oct 31 19:24:21.478 INFO kablam!    Compiling phf_generator v0.7.22
Oct 31 19:24:21.532 INFO kablam!    Compiling aho-corasick v0.6.4
Oct 31 19:24:21.698 INFO kablam!    Compiling kernel32-sys v0.2.2
Oct 31 19:24:22.083 INFO kablam! error: aborting due to 4 previous errors
Oct 31 19:24:22.107 INFO kablam! 
Oct 31 19:24:22.107 INFO kablam! For more information about this error, try `rustc --explain E0034`.
Oct 31 19:24:22.131 INFO kablam! error: Could not compile `petgraph`.
Oct 31 19:24:22.131 INFO kablam! warning: build failed, waiting for other jobs to finish...
Oct 31 19:24:35.643 INFO kablam! error: build failed
Oct 31 19:24:35.643 INFO kablam! su: No module specific data is present
Oct 31 19:24:36.474 INFO running `"docker" "rm" "-f" "83ea1c1637f579ce2007f5b3e4a25c1e3ad6f2574748ddc82afce3972ce475a4"`
Oct 31 19:24:36.777 INFO blam! 83ea1c1637f579ce2007f5b3e4a25c1e3ad6f2574748ddc82afce3972ce475a4
