Oct 31 19:50:10.346 INFO testing sunjay/lion against beta-2018-10-30 for beta-1.31-1
Oct 31 19:50:10.347 INFO running `"docker" "create" "-v" "/mnt/big/crater/work/local/target-dirs/beta-1.31-1/worker-0/beta-2018-10-30:/target:rw,Z" "-v" "/mnt/big/crater/work/local/test-source/worker-0/beta-1.31-1/beta-2018-10-30:/source:ro,Z" "-v" "/mnt/big/crater/work/local/cargo-home:/cargo-home:ro,Z" "-v" "/mnt/big/crater/work/local/rustup-home:/rustup-home:ro,Z" "-e" "USER_ID=1000" "-e" "SOURCE_DIR=/source" "-e" "USER_ID=1000" "-e" "CMD=cargo +beta-2018-10-30 build --frozen" "-e" "CARGO_TARGET_DIR=/target" "-e" "CARGO_INCREMENTAL=0" "-e" "RUST_BACKTRACE=full" "-e" "RUSTFLAGS=--cap-lints=warn" "-e" "CARGO_HOME=/cargo-home" "-e" "RUSTUP_HOME=/rustup-home" "-m" "1536M" "--network" "none" "crater"`
Oct 31 19:50:10.772 INFO blam! 6e687a6290d11991e88843303c498f8ae110ce5af2ad2fe2f6a5978bf8170025
Oct 31 19:50:10.775 INFO running `"docker" "start" "-a" "6e687a6290d11991e88843303c498f8ae110ce5af2ad2fe2f6a5978bf8170025"`
Oct 31 19:50:12.203 INFO kablam! usermod: no changes
Oct 31 19:50:12.351 INFO kablam!    Compiling num-bigint v0.2.0
Oct 31 19:50:12.351 INFO kablam!    Compiling bytecount v0.3.2
Oct 31 19:50:12.353 INFO kablam!    Compiling ordermap v0.3.5
Oct 31 19:50:12.357 INFO kablam!    Compiling phf_shared v0.7.22
Oct 31 19:50:12.371 INFO kablam!    Compiling memchr v1.0.2
Oct 31 19:50:12.386 INFO kablam!    Compiling nom v4.0.0
Oct 31 19:50:12.388 INFO kablam!    Compiling smallvec v0.6.4
Oct 31 19:50:12.390 INFO kablam!    Compiling nix v0.7.0
Oct 31 19:50:14.463 INFO kablam!    Compiling phf_generator v0.7.22
Oct 31 19:50:14.463 INFO kablam!    Compiling phf v0.7.22
Oct 31 19:50:14.479 INFO kablam!    Compiling nom v3.2.1
Oct 31 19:50:16.027 INFO kablam!    Compiling phf_codegen v0.7.22
Oct 31 19:50:16.623 INFO kablam!    Compiling smallstr v0.1.0
Oct 31 19:50:17.940 INFO kablam!    Compiling terminfo v0.6.0
Oct 31 19:50:19.232 INFO kablam!    Compiling petgraph v0.4.12
Oct 31 19:50:28.259 INFO kablam!    Compiling nom_locate v0.3.1
Oct 31 19:50:28.477 INFO kablam! error[E0034]: multiple applicable items in scope
Oct 31 19:50:28.477 INFO kablam!     --> /cargo-home/registry/src/github.com-1ecc6299db9ec823/petgraph-0.4.12/src/graph_impl/stable_graph/mod.rs:1171:19
Oct 31 19:50:28.477 INFO kablam!      |
Oct 31 19:50:28.477 INFO kablam! 1171 |         self.iter.find_map(|(i, node)| {
Oct 31 19:50:28.477 INFO kablam!      |                   ^^^^^^^^ multiple `find_map` found
Oct 31 19:50:28.477 INFO kablam!      |
Oct 31 19:50:28.477 INFO kablam! note: candidate #1 is defined in an impl of the trait `iter_utils::IterUtilsExt` for the type `_`
Oct 31 19:50:28.477 INFO kablam!     --> /cargo-home/registry/src/github.com-1ecc6299db9ec823/petgraph-0.4.12/src/iter_utils.rs:5:5
Oct 31 19:50:28.477 INFO kablam!      |
Oct 31 19:50:28.477 INFO kablam! 5    | /     fn find_map<F, R>(&mut self, mut f: F) -> Option<R>
Oct 31 19:50:28.477 INFO kablam! 6    | |         where F: FnMut(Self::Item) -> Option<R>
Oct 31 19:50:28.477 INFO kablam! 7    | |     {
Oct 31 19:50:28.477 INFO kablam! 8    | |         while let Some(elt) = self.next() {
Oct 31 19:50:28.477 INFO kablam! ...    |
Oct 31 19:50:28.477 INFO kablam! 13   | |         None
Oct 31 19:50:28.477 INFO kablam! 14   | |     }
Oct 31 19:50:28.477 INFO kablam!      | |_____^
Oct 31 19:50:28.477 INFO kablam!      = note: candidate #2 is defined in an impl of the trait `std::iter::Iterator` for the type `std::iter::Enumerate<_>`
Oct 31 19:50:28.477 INFO kablam! 
Oct 31 19:50:28.503 INFO kablam! error[E0034]: multiple applicable items in scope
Oct 31 19:50:28.503 INFO kablam!     --> /cargo-home/registry/src/github.com-1ecc6299db9ec823/petgraph-0.4.12/src/graph_impl/stable_graph/mod.rs:1363:19
Oct 31 19:50:28.503 INFO kablam!      |
Oct 31 19:50:28.503 INFO kablam! 1363 |         self.iter.find_map(|(i, edge)|
Oct 31 19:50:28.503 INFO kablam!      |                   ^^^^^^^^ multiple `find_map` found
Oct 31 19:50:28.503 INFO kablam!      |
Oct 31 19:50:28.503 INFO kablam! note: candidate #1 is defined in an impl of the trait `iter_utils::IterUtilsExt` for the type `_`
Oct 31 19:50:28.504 INFO kablam!     --> /cargo-home/registry/src/github.com-1ecc6299db9ec823/petgraph-0.4.12/src/iter_utils.rs:5:5
Oct 31 19:50:28.504 INFO kablam!      |
Oct 31 19:50:28.504 INFO kablam! 5    | /     fn find_map<F, R>(&mut self, mut f: F) -> Option<R>
Oct 31 19:50:28.504 INFO kablam! 6    | |         where F: FnMut(Self::Item) -> Option<R>
Oct 31 19:50:28.504 INFO kablam! 7    | |     {
Oct 31 19:50:28.504 INFO kablam! 8    | |         while let Some(elt) = self.next() {
Oct 31 19:50:28.504 INFO kablam! ...    |
Oct 31 19:50:28.504 INFO kablam! 13   | |         None
Oct 31 19:50:28.504 INFO kablam! 14   | |     }
Oct 31 19:50:28.504 INFO kablam!      | |_____^
Oct 31 19:50:28.504 INFO kablam!      = note: candidate #2 is defined in an impl of the trait `std::iter::Iterator` for the type `std::iter::Enumerate<_>`
Oct 31 19:50:28.504 INFO kablam! 
Oct 31 19:50:28.523 INFO kablam! error[E0034]: multiple applicable items in scope
Oct 31 19:50:28.523 INFO kablam!     --> /cargo-home/registry/src/github.com-1ecc6299db9ec823/petgraph-0.4.12/src/graph_impl/stable_graph/mod.rs:1527:19
Oct 31 19:50:28.523 INFO kablam!      |
Oct 31 19:50:28.523 INFO kablam! 1527 |         self.iter.find_map(|(i, node)| {
Oct 31 19:50:28.523 INFO kablam!      |                   ^^^^^^^^ multiple `find_map` found
Oct 31 19:50:28.523 INFO kablam!      |
Oct 31 19:50:28.524 INFO kablam! note: candidate #1 is defined in an impl of the trait `iter_utils::IterUtilsExt` for the type `_`
Oct 31 19:50:28.524 INFO kablam!     --> /cargo-home/registry/src/github.com-1ecc6299db9ec823/petgraph-0.4.12/src/iter_utils.rs:5:5
Oct 31 19:50:28.524 INFO kablam!      |
Oct 31 19:50:28.524 INFO kablam! 5    | /     fn find_map<F, R>(&mut self, mut f: F) -> Option<R>
Oct 31 19:50:28.524 INFO kablam! 6    | |         where F: FnMut(Self::Item) -> Option<R>
Oct 31 19:50:28.524 INFO kablam! 7    | |     {
Oct 31 19:50:28.524 INFO kablam! 8    | |         while let Some(elt) = self.next() {
Oct 31 19:50:28.524 INFO kablam! ...    |
Oct 31 19:50:28.524 INFO kablam! 13   | |         None
Oct 31 19:50:28.524 INFO kablam! 14   | |     }
Oct 31 19:50:28.524 INFO kablam!      | |_____^
Oct 31 19:50:28.524 INFO kablam!      = note: candidate #2 is defined in an impl of the trait `std::iter::Iterator` for the type `std::iter::Enumerate<_>`
Oct 31 19:50:28.524 INFO kablam! 
Oct 31 19:50:28.527 INFO kablam! error[E0034]: multiple applicable items in scope
Oct 31 19:50:28.527 INFO kablam!     --> /cargo-home/registry/src/github.com-1ecc6299db9ec823/petgraph-0.4.12/src/graph_impl/stable_graph/mod.rs:1573:19
Oct 31 19:50:28.527 INFO kablam!      |
Oct 31 19:50:28.535 INFO kablam! 1573 |         self.iter.find_map(|(i, node)| {
Oct 31 19:50:28.535 INFO kablam!      |                   ^^^^^^^^ multiple `find_map` found
Oct 31 19:50:28.535 INFO kablam!      |
Oct 31 19:50:28.535 INFO kablam! note: candidate #1 is defined in an impl of the trait `iter_utils::IterUtilsExt` for the type `_`
Oct 31 19:50:28.535 INFO kablam!     --> /cargo-home/registry/src/github.com-1ecc6299db9ec823/petgraph-0.4.12/src/iter_utils.rs:5:5
Oct 31 19:50:28.535 INFO kablam!      |
Oct 31 19:50:28.535 INFO kablam! 5    | /     fn find_map<F, R>(&mut self, mut f: F) -> Option<R>
Oct 31 19:50:28.535 INFO kablam! 6    | |         where F: FnMut(Self::Item) -> Option<R>
Oct 31 19:50:28.535 INFO kablam! 7    | |     {
Oct 31 19:50:28.535 INFO kablam! 8    | |         while let Some(elt) = self.next() {
Oct 31 19:50:28.535 INFO kablam! ...    |
Oct 31 19:50:28.535 INFO kablam! 13   | |         None
Oct 31 19:50:28.535 INFO kablam! 14   | |     }
Oct 31 19:50:28.535 INFO kablam!      | |_____^
Oct 31 19:50:28.535 INFO kablam!      = note: candidate #2 is defined in an impl of the trait `std::iter::Iterator` for the type `std::iter::Enumerate<_>`
Oct 31 19:50:28.535 INFO kablam! 
Oct 31 19:50:29.603 INFO kablam! error: aborting due to 4 previous errors
Oct 31 19:50:29.603 INFO kablam! 
Oct 31 19:50:29.603 INFO kablam! For more information about this error, try `rustc --explain E0034`.
Oct 31 19:50:29.635 INFO kablam! error: Could not compile `petgraph`.
Oct 31 19:50:29.635 INFO kablam! warning: build failed, waiting for other jobs to finish...
Oct 31 19:50:32.827 INFO kablam! error: build failed
Oct 31 19:50:32.833 INFO kablam! su: No module specific data is present
Oct 31 19:50:33.646 INFO running `"docker" "rm" "-f" "6e687a6290d11991e88843303c498f8ae110ce5af2ad2fe2f6a5978bf8170025"`
Oct 31 19:50:33.963 INFO blam! 6e687a6290d11991e88843303c498f8ae110ce5af2ad2fe2f6a5978bf8170025
