Oct 31 19:50:13.035 INFO testing sunjay/lion against 1.30.0 for beta-1.31-1
Oct 31 19:50:13.036 INFO running `"docker" "create" "-v" "/mnt/big/crater/work/local/target-dirs/beta-1.31-1/worker-2/1.30.0:/target:rw,Z" "-v" "/mnt/big/crater/work/local/test-source/worker-2/beta-1.31-1/1.30.0:/source:ro,Z" "-v" "/mnt/big/crater/work/local/cargo-home:/cargo-home:ro,Z" "-v" "/mnt/big/crater/work/local/rustup-home:/rustup-home:ro,Z" "-e" "USER_ID=1000" "-e" "SOURCE_DIR=/source" "-e" "USER_ID=1000" "-e" "CMD=cargo +1.30.0 build --frozen" "-e" "CARGO_TARGET_DIR=/target" "-e" "CARGO_INCREMENTAL=0" "-e" "RUST_BACKTRACE=full" "-e" "RUSTFLAGS=--cap-lints=warn" "-e" "CARGO_HOME=/cargo-home" "-e" "RUSTUP_HOME=/rustup-home" "-m" "1536M" "--network" "none" "crater"`
Oct 31 19:50:13.507 INFO blam! 409c54df634e79527d361ddf3bd1d2f97514c36306f0c2c59428e95527221d1f
Oct 31 19:50:13.510 INFO running `"docker" "start" "-a" "409c54df634e79527d361ddf3bd1d2f97514c36306f0c2c59428e95527221d1f"`
Oct 31 19:50:15.102 INFO kablam! usermod: no changes
Oct 31 19:50:15.303 INFO kablam!    Compiling num-integer v0.1.39
Oct 31 19:50:15.303 INFO kablam!    Compiling num-bigint v0.2.0
Oct 31 19:50:15.303 INFO kablam!    Compiling bytecount v0.3.2
Oct 31 19:50:15.303 INFO kablam!    Compiling ordermap v0.3.5
Oct 31 19:50:15.303 INFO kablam!    Compiling rand v0.4.3
Oct 31 19:50:15.303 INFO kablam!    Compiling memchr v1.0.2
Oct 31 19:50:15.303 INFO kablam!    Compiling memchr v2.0.1
Oct 31 19:50:15.303 INFO kablam!    Compiling phf v0.7.22
Oct 31 19:50:18.500 INFO kablam!    Compiling smallvec v0.6.4
Oct 31 19:50:18.502 INFO kablam!    Compiling nom v4.0.0
Oct 31 19:50:18.503 INFO kablam!    Compiling nom v3.2.1
Oct 31 19:50:18.511 INFO kablam!    Compiling nix v0.7.0
Oct 31 19:50:23.186 INFO kablam!    Compiling smallstr v0.1.0
Oct 31 19:50:23.289 INFO kablam!    Compiling petgraph v0.4.12
Oct 31 19:50:26.503 INFO kablam!    Compiling phf_generator v0.7.22
Oct 31 19:50:27.711 INFO kablam!    Compiling phf_codegen v0.7.22
Oct 31 19:50:29.284 INFO kablam!    Compiling terminfo v0.6.0
Oct 31 19:50:30.399 INFO kablam! error[E0034]: multiple applicable items in scope
Oct 31 19:50:30.399 INFO kablam!     --> /cargo-home/registry/src/github.com-1ecc6299db9ec823/petgraph-0.4.12/src/graph_impl/stable_graph/mod.rs:1171:19
Oct 31 19:50:30.399 INFO kablam!      |
Oct 31 19:50:30.399 INFO kablam! 1171 |         self.iter.find_map(|(i, node)| {
Oct 31 19:50:30.399 INFO kablam!      |                   ^^^^^^^^ multiple `find_map` found
Oct 31 19:50:30.399 INFO kablam!      |
Oct 31 19:50:30.399 INFO kablam! note: candidate #1 is defined in an impl of the trait `iter_utils::IterUtilsExt` for the type `_`
Oct 31 19:50:30.399 INFO kablam!     --> /cargo-home/registry/src/github.com-1ecc6299db9ec823/petgraph-0.4.12/src/iter_utils.rs:5:5
Oct 31 19:50:30.399 INFO kablam!      |
Oct 31 19:50:30.399 INFO kablam! 5    | /     fn find_map<F, R>(&mut self, mut f: F) -> Option<R>
Oct 31 19:50:30.399 INFO kablam! 6    | |         where F: FnMut(Self::Item) -> Option<R>
Oct 31 19:50:30.399 INFO kablam! 7    | |     {
Oct 31 19:50:30.399 INFO kablam! 8    | |         while let Some(elt) = self.next() {
Oct 31 19:50:30.399 INFO kablam! ...    |
Oct 31 19:50:30.399 INFO kablam! 13   | |         None
Oct 31 19:50:30.399 INFO kablam! 14   | |     }
Oct 31 19:50:30.399 INFO kablam!      | |_____^
Oct 31 19:50:30.399 INFO kablam!      = note: candidate #2 is defined in an impl of the trait `std::iter::Iterator` for the type `std::iter::Enumerate<_>`
Oct 31 19:50:30.399 INFO kablam! 
Oct 31 19:50:30.493 INFO kablam! error[E0034]: multiple applicable items in scope
Oct 31 19:50:30.493 INFO kablam!     --> /cargo-home/registry/src/github.com-1ecc6299db9ec823/petgraph-0.4.12/src/graph_impl/stable_graph/mod.rs:1363:19
Oct 31 19:50:30.493 INFO kablam!      |
Oct 31 19:50:30.493 INFO kablam! 1363 |         self.iter.find_map(|(i, edge)|
Oct 31 19:50:30.493 INFO kablam!      |                   ^^^^^^^^ multiple `find_map` found
Oct 31 19:50:30.503 INFO kablam!      |
Oct 31 19:50:30.503 INFO kablam! note: candidate #1 is defined in an impl of the trait `iter_utils::IterUtilsExt` for the type `_`
Oct 31 19:50:30.503 INFO kablam!     --> /cargo-home/registry/src/github.com-1ecc6299db9ec823/petgraph-0.4.12/src/iter_utils.rs:5:5
Oct 31 19:50:30.503 INFO kablam!      |
Oct 31 19:50:30.503 INFO kablam! 5    | /     fn find_map<F, R>(&mut self, mut f: F) -> Option<R>
Oct 31 19:50:30.503 INFO kablam! 6    | |         where F: FnMut(Self::Item) -> Option<R>
Oct 31 19:50:30.503 INFO kablam! 7    | |     {
Oct 31 19:50:30.503 INFO kablam! 8    | |         while let Some(elt) = self.next() {
Oct 31 19:50:30.503 INFO kablam! ...    |
Oct 31 19:50:30.503 INFO kablam! 13   | |         None
Oct 31 19:50:30.503 INFO kablam! 14   | |     }
Oct 31 19:50:30.503 INFO kablam!      | |_____^
Oct 31 19:50:30.503 INFO kablam!      = note: candidate #2 is defined in an impl of the trait `std::iter::Iterator` for the type `std::iter::Enumerate<_>`
Oct 31 19:50:30.503 INFO kablam! 
Oct 31 19:50:30.559 INFO kablam! error[E0034]: multiple applicable items in scope
Oct 31 19:50:30.559 INFO kablam!     --> /cargo-home/registry/src/github.com-1ecc6299db9ec823/petgraph-0.4.12/src/graph_impl/stable_graph/mod.rs:1527:19
Oct 31 19:50:30.559 INFO kablam!      |
Oct 31 19:50:30.559 INFO kablam! 1527 |         self.iter.find_map(|(i, node)| {
Oct 31 19:50:30.559 INFO kablam!      |                   ^^^^^^^^ multiple `find_map` found
Oct 31 19:50:30.559 INFO kablam!      |
Oct 31 19:50:30.559 INFO kablam! note: candidate #1 is defined in an impl of the trait `iter_utils::IterUtilsExt` for the type `_`
Oct 31 19:50:30.559 INFO kablam!     --> /cargo-home/registry/src/github.com-1ecc6299db9ec823/petgraph-0.4.12/src/iter_utils.rs:5:5
Oct 31 19:50:30.559 INFO kablam!      |
Oct 31 19:50:30.559 INFO kablam! 5    | /     fn find_map<F, R>(&mut self, mut f: F) -> Option<R>
Oct 31 19:50:30.559 INFO kablam! 6    | |         where F: FnMut(Self::Item) -> Option<R>
Oct 31 19:50:30.559 INFO kablam! 7    | |     {
Oct 31 19:50:30.559 INFO kablam! 8    | |         while let Some(elt) = self.next() {
Oct 31 19:50:30.559 INFO kablam! ...    |
Oct 31 19:50:30.559 INFO kablam! 13   | |         None
Oct 31 19:50:30.559 INFO kablam! 14   | |     }
Oct 31 19:50:30.559 INFO kablam!      | |_____^
Oct 31 19:50:30.559 INFO kablam!      = note: candidate #2 is defined in an impl of the trait `std::iter::Iterator` for the type `std::iter::Enumerate<_>`
Oct 31 19:50:30.559 INFO kablam! 
Oct 31 19:50:30.571 INFO kablam! error[E0034]: multiple applicable items in scope
Oct 31 19:50:30.571 INFO kablam!     --> /cargo-home/registry/src/github.com-1ecc6299db9ec823/petgraph-0.4.12/src/graph_impl/stable_graph/mod.rs:1573:19
Oct 31 19:50:30.571 INFO kablam!      |
Oct 31 19:50:30.571 INFO kablam! 1573 |         self.iter.find_map(|(i, node)| {
Oct 31 19:50:30.571 INFO kablam!      |                   ^^^^^^^^ multiple `find_map` found
Oct 31 19:50:30.571 INFO kablam!      |
Oct 31 19:50:30.571 INFO kablam! note: candidate #1 is defined in an impl of the trait `iter_utils::IterUtilsExt` for the type `_`
Oct 31 19:50:30.571 INFO kablam!     --> /cargo-home/registry/src/github.com-1ecc6299db9ec823/petgraph-0.4.12/src/iter_utils.rs:5:5
Oct 31 19:50:30.571 INFO kablam!      |
Oct 31 19:50:30.571 INFO kablam! 5    | /     fn find_map<F, R>(&mut self, mut f: F) -> Option<R>
Oct 31 19:50:30.571 INFO kablam! 6    | |         where F: FnMut(Self::Item) -> Option<R>
Oct 31 19:50:30.571 INFO kablam! 7    | |     {
Oct 31 19:50:30.571 INFO kablam! 8    | |         while let Some(elt) = self.next() {
Oct 31 19:50:30.571 INFO kablam! ...    |
Oct 31 19:50:30.571 INFO kablam! 13   | |         None
Oct 31 19:50:30.571 INFO kablam! 14   | |     }
Oct 31 19:50:30.571 INFO kablam!      | |_____^
Oct 31 19:50:30.571 INFO kablam!      = note: candidate #2 is defined in an impl of the trait `std::iter::Iterator` for the type `std::iter::Enumerate<_>`
Oct 31 19:50:30.571 INFO kablam! 
Oct 31 19:50:31.763 INFO kablam! error: aborting due to 4 previous errors
Oct 31 19:50:31.764 INFO kablam! 
Oct 31 19:50:31.764 INFO kablam! For more information about this error, try `rustc --explain E0034`.
Oct 31 19:50:31.799 INFO kablam! error: Could not compile `petgraph`.
Oct 31 19:50:31.800 INFO kablam! warning: build failed, waiting for other jobs to finish...
Oct 31 19:50:35.682 INFO kablam! error: build failed
Oct 31 19:50:35.688 INFO kablam! su: No module specific data is present
Oct 31 19:50:36.327 INFO running `"docker" "rm" "-f" "409c54df634e79527d361ddf3bd1d2f97514c36306f0c2c59428e95527221d1f"`
Oct 31 19:50:36.739 INFO blam! 409c54df634e79527d361ddf3bd1d2f97514c36306f0c2c59428e95527221d1f
