Oct 31 21:53:35.212 INFO testing seanr707/gitter_gtk against beta-2018-10-30 for beta-1.31-1
Oct 31 21:53:35.212 INFO running `"docker" "create" "-v" "/mnt/big/crater/work/local/target-dirs/beta-1.31-1/worker-1/beta-2018-10-30:/target:rw,Z" "-v" "/mnt/big/crater/work/local/test-source/worker-1/beta-1.31-1/beta-2018-10-30:/source:ro,Z" "-v" "/mnt/big/crater/work/local/cargo-home:/cargo-home:ro,Z" "-v" "/mnt/big/crater/work/local/rustup-home:/rustup-home:ro,Z" "-e" "USER_ID=1000" "-e" "SOURCE_DIR=/source" "-e" "USER_ID=1000" "-e" "CMD=cargo +beta-2018-10-30 build --frozen" "-e" "CARGO_TARGET_DIR=/target" "-e" "CARGO_INCREMENTAL=0" "-e" "RUST_BACKTRACE=full" "-e" "RUSTFLAGS=--cap-lints=warn" "-e" "CARGO_HOME=/cargo-home" "-e" "RUSTUP_HOME=/rustup-home" "-m" "1536M" "--network" "none" "crater"`
Oct 31 21:53:35.489 INFO blam! a709372aceeb717c3e80c6267e21c675983b02b7e7b6895a0ca7e38953fb80d6
Oct 31 21:53:35.491 INFO running `"docker" "start" "-a" "a709372aceeb717c3e80c6267e21c675983b02b7e7b6895a0ca7e38953fb80d6"`
Oct 31 21:53:36.775 INFO kablam! usermod: no changes
Oct 31 21:53:37.058 INFO kablam!    Compiling gio v0.2.0
Oct 31 21:53:37.059 INFO kablam!    Compiling lazy_static v0.2.10
Oct 31 21:53:37.067 INFO kablam!    Compiling cairo-rs v0.2.0
Oct 31 21:53:37.068 INFO kablam!    Compiling gdk-pixbuf v0.2.0
Oct 31 21:53:37.068 INFO kablam!    Compiling gdk v0.6.0
Oct 31 21:53:37.068 INFO kablam!    Compiling gtk v0.2.0
Oct 31 21:53:37.068 INFO kablam!    Compiling serde v1.0.20
Oct 31 21:53:37.068 INFO kablam!    Compiling glib-sys v0.4.0
Oct 31 21:53:37.983 INFO kablam!    Compiling gobject-sys v0.4.0
Oct 31 21:53:38.740 INFO kablam!    Compiling gio-sys v0.4.0
Oct 31 21:53:38.815 INFO kablam!    Compiling cairo-sys-rs v0.4.0
Oct 31 21:53:39.023 INFO kablam!    Compiling pango-sys v0.4.0
Oct 31 21:53:39.095 INFO kablam!    Compiling gdk-pixbuf-sys v0.4.0
Oct 31 21:53:39.363 INFO kablam!    Compiling atk-sys v0.4.0
Oct 31 21:53:40.151 INFO kablam!    Compiling gdk-sys v0.4.0
Oct 31 21:53:40.527 INFO kablam!    Compiling gtk-sys v0.4.0
Oct 31 21:53:40.984 INFO kablam!    Compiling openssl-sys v0.9.20
Oct 31 21:53:41.019 INFO kablam!    Compiling socket2 v0.2.4
Oct 31 21:53:41.875 INFO kablam!    Compiling thread_local v0.3.4
Oct 31 21:53:42.015 INFO kablam!    Compiling dbus v0.4.1
Oct 31 21:53:42.103 INFO kablam!    Compiling libz-sys v1.0.18
Oct 31 21:53:43.323 INFO kablam!    Compiling regex v0.2.2
Oct 31 21:53:44.160 INFO kablam!    Compiling error-chain v0.10.0
Oct 31 21:53:46.075 INFO kablam!    Compiling curl-sys v0.3.15
Oct 31 21:53:49.196 INFO kablam!    Compiling curl v0.4.8
Oct 31 21:53:49.343 INFO kablam! warning: redundant linker flag specified for library `dbus-1`
Oct 31 21:53:49.343 INFO kablam! 
Oct 31 21:53:56.903 INFO kablam!    Compiling notify-rust v3.4.2
Oct 31 21:53:58.267 INFO kablam!    Compiling glib v0.3.1
Oct 31 21:54:12.267 INFO kablam!    Compiling serde_json v1.0.6
Oct 31 21:54:21.418 INFO kablam!    Compiling pango v0.2.0
Oct 31 21:56:08.539 INFO kablam!    Compiling gitter_gtk v0.1.0 (/source)
Oct 31 21:56:09.774 INFO kablam! error[E0554]: #![feature] may not be used on the beta release channel
Oct 31 21:56:09.774 INFO kablam!  --> src/main.rs:1:1
Oct 31 21:56:09.774 INFO kablam!   |
Oct 31 21:56:09.774 INFO kablam! 1 | #![feature(use_extern_macros)]
Oct 31 21:56:09.774 INFO kablam!   | ^^^^^^^^^^^^^^^^^^^^^^^^^^^^^^
Oct 31 21:56:09.774 INFO kablam! 
Oct 31 21:56:09.774 INFO kablam! error[E0554]: #![feature] may not be used on the beta release channel
Oct 31 21:56:09.774 INFO kablam!  --> src/main.rs:2:1
Oct 31 21:56:09.774 INFO kablam!   |
Oct 31 21:56:09.774 INFO kablam! 2 | #![feature(underscore_lifetimes)]
Oct 31 21:56:09.774 INFO kablam!   | ^^^^^^^^^^^^^^^^^^^^^^^^^^^^^^^^^
Oct 31 21:56:09.774 INFO kablam! 
Oct 31 21:56:09.774 INFO kablam! error[E0554]: #![feature] may not be used on the beta release channel
Oct 31 21:56:09.774 INFO kablam!  --> src/main.rs:3:1
Oct 31 21:56:09.774 INFO kablam!   |
Oct 31 21:56:09.774 INFO kablam! 3 | #![feature(drain_filter)]
Oct 31 21:56:09.774 INFO kablam!   | ^^^^^^^^^^^^^^^^^^^^^^^^^
Oct 31 21:56:09.774 INFO kablam! 
Oct 31 21:56:09.774 INFO kablam! error: aborting due to 3 previous errors
Oct 31 21:56:09.774 INFO kablam! 
Oct 31 21:56:09.774 INFO kablam! For more information about this error, try `rustc --explain E0554`.
Oct 31 21:56:09.827 INFO kablam! error: Could not compile `gitter_gtk`.
Oct 31 21:56:09.827 INFO kablam! 
Oct 31 21:56:09.827 INFO kablam! To learn more, run the command again with --verbose.
Oct 31 21:56:09.827 INFO kablam! su: No module specific data is present
Oct 31 21:56:10.608 INFO running `"docker" "rm" "-f" "a709372aceeb717c3e80c6267e21c675983b02b7e7b6895a0ca7e38953fb80d6"`
Oct 31 21:56:10.885 INFO blam! a709372aceeb717c3e80c6267e21c675983b02b7e7b6895a0ca7e38953fb80d6
