Oct 31 21:53:40.460 INFO testing seanr707/gitter_gtk against 1.30.0 for beta-1.31-1
Oct 31 21:53:40.460 INFO running `"docker" "create" "-v" "/mnt/big/crater/work/local/target-dirs/beta-1.31-1/worker-0/1.30.0:/target:rw,Z" "-v" "/mnt/big/crater/work/local/test-source/worker-0/beta-1.31-1/1.30.0:/source:ro,Z" "-v" "/mnt/big/crater/work/local/cargo-home:/cargo-home:ro,Z" "-v" "/mnt/big/crater/work/local/rustup-home:/rustup-home:ro,Z" "-e" "USER_ID=1000" "-e" "SOURCE_DIR=/source" "-e" "USER_ID=1000" "-e" "CMD=cargo +1.30.0 build --frozen" "-e" "CARGO_TARGET_DIR=/target" "-e" "CARGO_INCREMENTAL=0" "-e" "RUST_BACKTRACE=full" "-e" "RUSTFLAGS=--cap-lints=warn" "-e" "CARGO_HOME=/cargo-home" "-e" "RUSTUP_HOME=/rustup-home" "-m" "1536M" "--network" "none" "crater"`
Oct 31 21:53:41.168 INFO blam! e0c46ec415f33f9d9855406422430f1b6bfbcb74b2016dead0bae4ab26603adf
Oct 31 21:53:41.171 INFO running `"docker" "start" "-a" "e0c46ec415f33f9d9855406422430f1b6bfbcb74b2016dead0bae4ab26603adf"`
Oct 31 21:53:42.087 INFO kablam! usermod: no changes
Oct 31 21:53:42.304 INFO kablam!    Compiling cairo-rs v0.2.0
Oct 31 21:53:42.304 INFO kablam!    Compiling gio v0.2.0
Oct 31 21:53:42.304 INFO kablam!    Compiling gdk-pixbuf v0.2.0
Oct 31 21:53:42.304 INFO kablam!    Compiling lazy_static v0.2.10
Oct 31 21:53:42.371 INFO kablam!    Compiling gdk v0.6.0
Oct 31 21:53:42.371 INFO kablam!    Compiling c_vec v1.2.1
Oct 31 21:53:42.371 INFO kablam!    Compiling gtk v0.2.0
Oct 31 21:53:42.371 INFO kablam!    Compiling serde v1.0.20
Oct 31 21:53:43.411 INFO kablam!    Compiling glib-sys v0.4.0
Oct 31 21:53:43.688 INFO kablam!    Compiling gobject-sys v0.4.0
Oct 31 21:53:43.966 INFO kablam!    Compiling gio-sys v0.4.0
Oct 31 21:53:43.976 INFO kablam!    Compiling pango-sys v0.4.0
Oct 31 21:53:44.007 INFO kablam!    Compiling gdk-pixbuf-sys v0.4.0
Oct 31 21:53:44.351 INFO kablam!    Compiling cairo-sys-rs v0.4.0
Oct 31 21:53:44.358 INFO kablam!    Compiling gdk-sys v0.4.0
Oct 31 21:53:45.575 INFO kablam!    Compiling atk-sys v0.4.0
Oct 31 21:53:46.127 INFO kablam!    Compiling gtk-sys v0.4.0
Oct 31 21:53:46.567 INFO kablam!    Compiling memchr v1.0.2
Oct 31 21:53:46.995 INFO kablam!    Compiling openssl-sys v0.9.20
Oct 31 21:53:47.251 INFO kablam!    Compiling socket2 v0.2.4
Oct 31 21:53:47.659 INFO kablam!    Compiling thread_local v0.3.4
Oct 31 21:53:49.271 INFO kablam!    Compiling dbus v0.4.1
Oct 31 21:53:49.608 INFO kablam!    Compiling backtrace-sys v0.1.16
Oct 31 21:53:49.961 INFO kablam!    Compiling libz-sys v1.0.18
Oct 31 21:53:53.396 INFO kablam!    Compiling aho-corasick v0.6.3
Oct 31 21:53:53.469 INFO kablam!    Compiling backtrace v0.3.4
Oct 31 21:53:56.488 INFO kablam!    Compiling error-chain v0.10.0
Oct 31 21:53:57.080 INFO kablam!    Compiling regex v0.2.2
Oct 31 21:53:57.081 INFO kablam!    Compiling curl-sys v0.3.15
Oct 31 21:54:01.323 INFO kablam!    Compiling curl v0.4.8
Oct 31 21:54:04.043 INFO kablam! warning: redundant linker flag specified for library `dbus-1`
Oct 31 21:54:04.044 INFO kablam! 
Oct 31 21:54:05.243 INFO kablam!    Compiling glib v0.3.1
Oct 31 21:54:16.563 INFO kablam!    Compiling notify-rust v3.4.2
Oct 31 21:54:22.208 INFO kablam!    Compiling serde_json v1.0.6
Oct 31 21:54:25.643 INFO kablam!    Compiling pango v0.2.0
Oct 31 21:56:13.015 INFO kablam!    Compiling gitter_gtk v0.1.0 (/source)
Oct 31 21:56:14.363 INFO kablam! error[E0554]: #![feature] may not be used on the stable release channel
Oct 31 21:56:14.363 INFO kablam!  --> src/main.rs:1:1
Oct 31 21:56:14.363 INFO kablam!   |
Oct 31 21:56:14.364 INFO kablam! 1 | #![feature(use_extern_macros)]
Oct 31 21:56:14.364 INFO kablam!   | ^^^^^^^^^^^^^^^^^^^^^^^^^^^^^^
Oct 31 21:56:14.364 INFO kablam! 
Oct 31 21:56:14.364 INFO kablam! error[E0554]: #![feature] may not be used on the stable release channel
Oct 31 21:56:14.365 INFO kablam!  --> src/main.rs:2:1
Oct 31 21:56:14.365 INFO kablam!   |
Oct 31 21:56:14.365 INFO kablam! 2 | #![feature(underscore_lifetimes)]
Oct 31 21:56:14.365 INFO kablam!   | ^^^^^^^^^^^^^^^^^^^^^^^^^^^^^^^^^
Oct 31 21:56:14.365 INFO kablam! 
Oct 31 21:56:14.365 INFO kablam! error[E0554]: #![feature] may not be used on the stable release channel
Oct 31 21:56:14.366 INFO kablam!  --> src/main.rs:3:1
Oct 31 21:56:14.366 INFO kablam!   |
Oct 31 21:56:14.366 INFO kablam! 3 | #![feature(drain_filter)]
Oct 31 21:56:14.366 INFO kablam!   | ^^^^^^^^^^^^^^^^^^^^^^^^^
Oct 31 21:56:14.366 INFO kablam! 
Oct 31 21:56:14.367 INFO kablam! error: aborting due to 3 previous errors
Oct 31 21:56:14.367 INFO kablam! 
Oct 31 21:56:14.367 INFO kablam! For more information about this error, try `rustc --explain E0554`.
Oct 31 21:56:14.395 INFO kablam! error: Could not compile `gitter_gtk`.
Oct 31 21:56:14.395 INFO kablam! 
Oct 31 21:56:14.396 INFO kablam! To learn more, run the command again with --verbose.
Oct 31 21:56:14.396 INFO kablam! su: No module specific data is present
Oct 31 21:56:15.135 INFO running `"docker" "rm" "-f" "e0c46ec415f33f9d9855406422430f1b6bfbcb74b2016dead0bae4ab26603adf"`
Oct 31 21:56:15.288 INFO blam! e0c46ec415f33f9d9855406422430f1b6bfbcb74b2016dead0bae4ab26603adf
