Oct 31 23:36:04.895 INFO testing regexident/cargo-modules against beta-2018-10-30 for beta-1.31-1
Oct 31 23:36:04.895 INFO running `"docker" "create" "-v" "/mnt/big/crater/work/local/target-dirs/beta-1.31-1/worker-1/beta-2018-10-30:/target:rw,Z" "-v" "/mnt/big/crater/work/local/test-source/worker-1/beta-1.31-1/beta-2018-10-30:/source:ro,Z" "-v" "/mnt/big/crater/work/local/cargo-home:/cargo-home:ro,Z" "-v" "/mnt/big/crater/work/local/rustup-home:/rustup-home:ro,Z" "-e" "USER_ID=1000" "-e" "SOURCE_DIR=/source" "-e" "USER_ID=1000" "-e" "CMD=cargo +beta-2018-10-30 build --frozen" "-e" "CARGO_TARGET_DIR=/target" "-e" "CARGO_INCREMENTAL=0" "-e" "RUST_BACKTRACE=full" "-e" "RUSTFLAGS=--cap-lints=warn" "-e" "CARGO_HOME=/cargo-home" "-e" "RUSTUP_HOME=/rustup-home" "-m" "1536M" "--network" "none" "crater"`
Oct 31 23:36:05.123 INFO blam! 201b0f524eddad87ae166e4a3f9ba1b44767af0bd1ee8a0bb0bb10f27b9eff1d
Oct 31 23:36:05.143 INFO running `"docker" "start" "-a" "201b0f524eddad87ae166e4a3f9ba1b44767af0bd1ee8a0bb0bb10f27b9eff1d"`
Oct 31 23:36:05.664 INFO kablam! usermod: no changes
Oct 31 23:36:05.807 INFO kablam!    Compiling rustc-rayon-core v0.1.1
Oct 31 23:36:05.808 INFO kablam!    Compiling rustc-ap-rustc_target v263.0.0
Oct 31 23:36:05.808 INFO kablam!    Compiling scoped-tls v0.1.2
Oct 31 23:36:05.809 INFO kablam!    Compiling rustc-ap-syntax v263.0.0
Oct 31 23:36:05.811 INFO kablam!    Compiling rustc-hash v1.0.1
Oct 31 23:36:05.811 INFO kablam!    Compiling ena v0.9.3
Oct 31 23:36:05.812 INFO kablam!    Compiling rustc-ap-rustc_cratesio_shim v263.0.0
Oct 31 23:36:05.813 INFO kablam!    Compiling smallvec v0.6.5
Oct 31 23:36:06.169 INFO kablam! error[E0554]: #![feature] may not be used on the beta release channel
Oct 31 23:36:06.169 INFO kablam!   --> /cargo-home/registry/src/github.com-1ecc6299db9ec823/scoped-tls-0.1.2/src/lib.rs:47:34
Oct 31 23:36:06.169 INFO kablam!    |
Oct 31 23:36:06.169 INFO kablam! 47 | #![cfg_attr(feature = "nightly", feature(macro_vis_matcher))]
Oct 31 23:36:06.169 INFO kablam!    |                                  ^^^^^^^^^^^^^^^^^^^^^^^^^^
Oct 31 23:36:06.169 INFO kablam! 
Oct 31 23:36:06.169 INFO kablam! error[E0554]: #![feature] may not be used on the beta release channel
Oct 31 23:36:06.169 INFO kablam!   --> /cargo-home/registry/src/github.com-1ecc6299db9ec823/scoped-tls-0.1.2/src/lib.rs:48:34
Oct 31 23:36:06.169 INFO kablam!    |
Oct 31 23:36:06.169 INFO kablam! 48 | #![cfg_attr(feature = "nightly", feature(allow_internal_unstable))]
Oct 31 23:36:06.169 INFO kablam!    |                                  ^^^^^^^^^^^^^^^^^^^^^^^^^^^^^^^^
Oct 31 23:36:06.169 INFO kablam! 
Oct 31 23:36:06.169 INFO kablam! error: aborting due to 2 previous errors
Oct 31 23:36:06.169 INFO kablam! 
Oct 31 23:36:06.169 INFO kablam! For more information about this error, try `rustc --explain E0554`.
Oct 31 23:36:06.174 INFO kablam! error: Could not compile `scoped-tls`.
Oct 31 23:36:06.174 INFO kablam! warning: build failed, waiting for other jobs to finish...
Oct 31 23:36:06.177 INFO kablam! error[E0554]: #![feature] may not be used on the beta release channel
Oct 31 23:36:06.178 INFO kablam!   --> /cargo-home/registry/src/github.com-1ecc6299db9ec823/rustc-ap-rustc_cratesio_shim-263.0.0/src/lib.rs:14:26
Oct 31 23:36:06.178 INFO kablam!    |
Oct 31 23:36:06.178 INFO kablam! 14 | #![cfg_attr(not(stage0), feature(nll))]
Oct 31 23:36:06.179 INFO kablam!    |                          ^^^^^^^^^^^^
Oct 31 23:36:06.179 INFO kablam! 
Oct 31 23:36:06.179 INFO kablam! error: aborting due to previous error
Oct 31 23:36:06.179 INFO kablam! 
Oct 31 23:36:06.179 INFO kablam! For more information about this error, try `rustc --explain E0554`.
Oct 31 23:36:06.180 INFO kablam! error: Could not compile `rustc-ap-rustc_cratesio_shim`.
Oct 31 23:36:06.180 INFO kablam! warning: build failed, waiting for other jobs to finish...
Oct 31 23:36:06.219 INFO kablam! error[E0554]: #![feature] may not be used on the beta release channel
Oct 31 23:36:06.219 INFO kablam!   --> /cargo-home/registry/src/github.com-1ecc6299db9ec823/smallvec-0.6.5/lib.rs:33:32
Oct 31 23:36:06.219 INFO kablam!    |
Oct 31 23:36:06.219 INFO kablam! 33 | #![cfg_attr(feature = "union", feature(untagged_unions))]
Oct 31 23:36:06.219 INFO kablam!    |                                ^^^^^^^^^^^^^^^^^^^^^^^^
Oct 31 23:36:06.219 INFO kablam! 
Oct 31 23:36:06.219 INFO kablam! error: aborting due to previous error
Oct 31 23:36:06.219 INFO kablam! 
Oct 31 23:36:06.219 INFO kablam! For more information about this error, try `rustc --explain E0554`.
Oct 31 23:36:06.221 INFO kablam! error: Could not compile `smallvec`.
Oct 31 23:36:06.221 INFO kablam! warning: build failed, waiting for other jobs to finish...
Oct 31 23:36:06.683 INFO kablam! error: build failed
Oct 31 23:36:06.683 INFO kablam! su: No module specific data is present
Oct 31 23:36:07.288 INFO running `"docker" "rm" "-f" "201b0f524eddad87ae166e4a3f9ba1b44767af0bd1ee8a0bb0bb10f27b9eff1d"`
Oct 31 23:36:07.443 INFO blam! 201b0f524eddad87ae166e4a3f9ba1b44767af0bd1ee8a0bb0bb10f27b9eff1d
