Oct 31 23:36:05.265 INFO testing regexident/cargo-modules against 1.30.0 for beta-1.31-1
Oct 31 23:36:05.265 INFO running `"docker" "create" "-v" "/mnt/big/crater/work/local/target-dirs/beta-1.31-1/worker-0/1.30.0:/target:rw,Z" "-v" "/mnt/big/crater/work/local/test-source/worker-0/beta-1.31-1/1.30.0:/source:ro,Z" "-v" "/mnt/big/crater/work/local/cargo-home:/cargo-home:ro,Z" "-v" "/mnt/big/crater/work/local/rustup-home:/rustup-home:ro,Z" "-e" "USER_ID=1000" "-e" "SOURCE_DIR=/source" "-e" "USER_ID=1000" "-e" "CMD=cargo +1.30.0 build --frozen" "-e" "CARGO_TARGET_DIR=/target" "-e" "CARGO_INCREMENTAL=0" "-e" "RUST_BACKTRACE=full" "-e" "RUSTFLAGS=--cap-lints=warn" "-e" "CARGO_HOME=/cargo-home" "-e" "RUSTUP_HOME=/rustup-home" "-m" "1536M" "--network" "none" "crater"`
Oct 31 23:36:05.520 INFO blam! a831eea55d6297810ca081b6009dcb8df9d91509a5fe748c73cee5c46d8c251e
Oct 31 23:36:05.525 INFO running `"docker" "start" "-a" "a831eea55d6297810ca081b6009dcb8df9d91509a5fe748c73cee5c46d8c251e"`
Oct 31 23:36:06.358 INFO kablam! usermod: no changes
Oct 31 23:36:06.555 INFO kablam!    Compiling rustc-rayon-core v0.1.1
Oct 31 23:36:06.558 INFO kablam!    Compiling scoped-tls v0.1.2
Oct 31 23:36:06.558 INFO kablam!    Compiling rustc-ap-rustc_target v263.0.0
Oct 31 23:36:06.559 INFO kablam!    Compiling rustc-ap-syntax v263.0.0
Oct 31 23:36:06.567 INFO kablam!    Compiling ena v0.9.3
Oct 31 23:36:06.567 INFO kablam!    Compiling rustc-ap-rustc_cratesio_shim v263.0.0
Oct 31 23:36:06.567 INFO kablam!    Compiling smallvec v0.6.5
Oct 31 23:36:06.569 INFO kablam!    Compiling lock_api v0.1.3
Oct 31 23:36:06.888 INFO kablam! error[E0554]: #![feature] may not be used on the stable release channel
Oct 31 23:36:06.888 INFO kablam!   --> /cargo-home/registry/src/github.com-1ecc6299db9ec823/scoped-tls-0.1.2/src/lib.rs:47:34
Oct 31 23:36:06.888 INFO kablam!    |
Oct 31 23:36:06.888 INFO kablam! 47 | #![cfg_attr(feature = "nightly", feature(macro_vis_matcher))]
Oct 31 23:36:06.888 INFO kablam!    |                                  ^^^^^^^^^^^^^^^^^^^^^^^^^^^
Oct 31 23:36:06.888 INFO kablam! 
Oct 31 23:36:06.888 INFO kablam! error[E0554]: #![feature] may not be used on the stable release channel
Oct 31 23:36:06.888 INFO kablam!   --> /cargo-home/registry/src/github.com-1ecc6299db9ec823/scoped-tls-0.1.2/src/lib.rs:48:34
Oct 31 23:36:06.888 INFO kablam!    |
Oct 31 23:36:06.888 INFO kablam! 48 | #![cfg_attr(feature = "nightly", feature(allow_internal_unstable))]
Oct 31 23:36:06.888 INFO kablam!    |                                  ^^^^^^^^^^^^^^^^^^^^^^^^^^^^^^^^^
Oct 31 23:36:06.888 INFO kablam! 
Oct 31 23:36:06.888 INFO kablam! error: aborting due to 2 previous errors
Oct 31 23:36:06.888 INFO kablam! 
Oct 31 23:36:06.888 INFO kablam! For more information about this error, try `rustc --explain E0554`.
Oct 31 23:36:06.902 INFO kablam! error: Could not compile `scoped-tls`.
Oct 31 23:36:06.902 INFO kablam! warning: build failed, waiting for other jobs to finish...
Oct 31 23:36:07.031 INFO kablam! error[E0554]: #![feature] may not be used on the stable release channel
Oct 31 23:36:07.031 INFO kablam!   --> /cargo-home/registry/src/github.com-1ecc6299db9ec823/rustc-ap-rustc_cratesio_shim-263.0.0/src/lib.rs:14:26
Oct 31 23:36:07.031 INFO kablam!    |
Oct 31 23:36:07.031 INFO kablam! 14 | #![cfg_attr(not(stage0), feature(nll))]
Oct 31 23:36:07.031 INFO kablam!    |                          ^^^^^^^^^^^^^
Oct 31 23:36:07.031 INFO kablam! 
Oct 31 23:36:07.031 INFO kablam! error: aborting due to previous error
Oct 31 23:36:07.031 INFO kablam! 
Oct 31 23:36:07.035 INFO kablam! For more information about this error, try `rustc --explain E0554`.
Oct 31 23:36:07.040 INFO kablam! error: Could not compile `rustc-ap-rustc_cratesio_shim`.
Oct 31 23:36:07.041 INFO kablam! warning: build failed, waiting for other jobs to finish...
Oct 31 23:36:07.099 INFO kablam! error[E0554]: #![feature] may not be used on the stable release channel
Oct 31 23:36:07.099 INFO kablam!   --> /cargo-home/registry/src/github.com-1ecc6299db9ec823/smallvec-0.6.5/lib.rs:33:32
Oct 31 23:36:07.100 INFO kablam!    |
Oct 31 23:36:07.100 INFO kablam! 33 | #![cfg_attr(feature = "union", feature(untagged_unions))]
Oct 31 23:36:07.100 INFO kablam!    |                                ^^^^^^^^^^^^^^^^^^^^^^^^^
Oct 31 23:36:07.101 INFO kablam! 
Oct 31 23:36:07.101 INFO kablam! error: aborting due to previous error
Oct 31 23:36:07.111 INFO kablam! 
Oct 31 23:36:07.111 INFO kablam! For more information about this error, try `rustc --explain E0554`.
Oct 31 23:36:07.114 INFO kablam! error: Could not compile `smallvec`.
Oct 31 23:36:07.115 INFO kablam! warning: build failed, waiting for other jobs to finish...
Oct 31 23:36:07.163 INFO kablam! error[E0554]: #![feature] may not be used on the stable release channel
Oct 31 23:36:07.164 INFO kablam!   --> /cargo-home/registry/src/github.com-1ecc6299db9ec823/lock_api-0.1.3/src/lib.rs:85:34
Oct 31 23:36:07.164 INFO kablam!    |
Oct 31 23:36:07.164 INFO kablam! 85 | #![cfg_attr(feature = "nightly", feature(const_fn))]
Oct 31 23:36:07.164 INFO kablam!    |                                  ^^^^^^^^^^^^^^^^^^
Oct 31 23:36:07.164 INFO kablam! 
Oct 31 23:36:07.183 INFO kablam! error: aborting due to previous error
Oct 31 23:36:07.184 INFO kablam! 
Oct 31 23:36:07.184 INFO kablam! For more information about this error, try `rustc --explain E0554`.
Oct 31 23:36:07.192 INFO kablam! error: Could not compile `lock_api`.
Oct 31 23:36:07.192 INFO kablam! warning: build failed, waiting for other jobs to finish...
Oct 31 23:36:07.447 INFO kablam! error: build failed
Oct 31 23:36:07.449 INFO kablam! su: No module specific data is present
Oct 31 23:36:07.739 INFO running `"docker" "rm" "-f" "a831eea55d6297810ca081b6009dcb8df9d91509a5fe748c73cee5c46d8c251e"`
Oct 31 23:36:07.978 INFO blam! a831eea55d6297810ca081b6009dcb8df9d91509a5fe748c73cee5c46d8c251e
