Nov 01 01:07:29.148 INFO testing omaskery/asynclang against beta-2018-10-30 for beta-1.31-1
Nov 01 01:07:29.148 INFO running `"docker" "create" "-v" "/mnt/big/crater/work/local/target-dirs/beta-1.31-1/worker-0/beta-2018-10-30:/target:rw,Z" "-v" "/mnt/big/crater/work/local/test-source/worker-0/beta-1.31-1/beta-2018-10-30:/source:ro,Z" "-v" "/mnt/big/crater/work/local/cargo-home:/cargo-home:ro,Z" "-v" "/mnt/big/crater/work/local/rustup-home:/rustup-home:ro,Z" "-e" "USER_ID=1000" "-e" "SOURCE_DIR=/source" "-e" "USER_ID=1000" "-e" "CMD=cargo +beta-2018-10-30 build --frozen" "-e" "CARGO_TARGET_DIR=/target" "-e" "CARGO_INCREMENTAL=0" "-e" "RUST_BACKTRACE=full" "-e" "RUSTFLAGS=--cap-lints=warn" "-e" "CARGO_HOME=/cargo-home" "-e" "RUSTUP_HOME=/rustup-home" "-m" "1536M" "--network" "none" "crater"`
Nov 01 01:07:29.599 INFO blam! b72c06b27147aec0d5679e063855efeb2b16bc83969a8056069f75adc9caca69
Nov 01 01:07:29.615 INFO running `"docker" "start" "-a" "b72c06b27147aec0d5679e063855efeb2b16bc83969a8056069f75adc9caca69"`
Nov 01 01:07:30.847 INFO kablam! usermod: no changes
Nov 01 01:07:30.931 INFO kablam!    Compiling petgraph v0.4.12
Nov 01 01:07:33.323 INFO kablam! error[E0034]: multiple applicable items in scope
Nov 01 01:07:33.323 INFO kablam!     --> /cargo-home/registry/src/github.com-1ecc6299db9ec823/petgraph-0.4.12/src/graph_impl/stable_graph/mod.rs:1171:19
Nov 01 01:07:33.323 INFO kablam!      |
Nov 01 01:07:33.323 INFO kablam! 1171 |         self.iter.find_map(|(i, node)| {
Nov 01 01:07:33.323 INFO kablam!      |                   ^^^^^^^^ multiple `find_map` found
Nov 01 01:07:33.323 INFO kablam!      |
Nov 01 01:07:33.323 INFO kablam! note: candidate #1 is defined in an impl of the trait `iter_utils::IterUtilsExt` for the type `_`
Nov 01 01:07:33.323 INFO kablam!     --> /cargo-home/registry/src/github.com-1ecc6299db9ec823/petgraph-0.4.12/src/iter_utils.rs:5:5
Nov 01 01:07:33.323 INFO kablam!      |
Nov 01 01:07:33.323 INFO kablam! 5    | /     fn find_map<F, R>(&mut self, mut f: F) -> Option<R>
Nov 01 01:07:33.323 INFO kablam! 6    | |         where F: FnMut(Self::Item) -> Option<R>
Nov 01 01:07:33.323 INFO kablam! 7    | |     {
Nov 01 01:07:33.323 INFO kablam! 8    | |         while let Some(elt) = self.next() {
Nov 01 01:07:33.323 INFO kablam! ...    |
Nov 01 01:07:33.323 INFO kablam! 13   | |         None
Nov 01 01:07:33.323 INFO kablam! 14   | |     }
Nov 01 01:07:33.323 INFO kablam!      | |_____^
Nov 01 01:07:33.323 INFO kablam!      = note: candidate #2 is defined in an impl of the trait `std::iter::Iterator` for the type `std::iter::Enumerate<_>`
Nov 01 01:07:33.324 INFO kablam! 
Nov 01 01:07:33.337 INFO kablam! error[E0034]: multiple applicable items in scope
Nov 01 01:07:33.337 INFO kablam!     --> /cargo-home/registry/src/github.com-1ecc6299db9ec823/petgraph-0.4.12/src/graph_impl/stable_graph/mod.rs:1363:19
Nov 01 01:07:33.337 INFO kablam!      |
Nov 01 01:07:33.337 INFO kablam! 1363 |         self.iter.find_map(|(i, edge)|
Nov 01 01:07:33.338 INFO kablam!      |                   ^^^^^^^^ multiple `find_map` found
Nov 01 01:07:33.338 INFO kablam!      |
Nov 01 01:07:33.338 INFO kablam! note: candidate #1 is defined in an impl of the trait `iter_utils::IterUtilsExt` for the type `_`
Nov 01 01:07:33.338 INFO kablam!     --> /cargo-home/registry/src/github.com-1ecc6299db9ec823/petgraph-0.4.12/src/iter_utils.rs:5:5
Nov 01 01:07:33.338 INFO kablam!      |
Nov 01 01:07:33.338 INFO kablam! 5    | /     fn find_map<F, R>(&mut self, mut f: F) -> Option<R>
Nov 01 01:07:33.339 INFO kablam! 6    | |         where F: FnMut(Self::Item) -> Option<R>
Nov 01 01:07:33.339 INFO kablam! 7    | |     {
Nov 01 01:07:33.339 INFO kablam! 8    | |         while let Some(elt) = self.next() {
Nov 01 01:07:33.339 INFO kablam! ...    |
Nov 01 01:07:33.339 INFO kablam! 13   | |         None
Nov 01 01:07:33.339 INFO kablam! 14   | |     }
Nov 01 01:07:33.339 INFO kablam!      | |_____^
Nov 01 01:07:33.340 INFO kablam!      = note: candidate #2 is defined in an impl of the trait `std::iter::Iterator` for the type `std::iter::Enumerate<_>`
Nov 01 01:07:33.340 INFO kablam! 
Nov 01 01:07:33.346 INFO kablam! error[E0034]: multiple applicable items in scope
Nov 01 01:07:33.346 INFO kablam!     --> /cargo-home/registry/src/github.com-1ecc6299db9ec823/petgraph-0.4.12/src/graph_impl/stable_graph/mod.rs:1527:19
Nov 01 01:07:33.346 INFO kablam!      |
Nov 01 01:07:33.347 INFO kablam! 1527 |         self.iter.find_map(|(i, node)| {
Nov 01 01:07:33.347 INFO kablam!      |                   ^^^^^^^^ multiple `find_map` found
Nov 01 01:07:33.347 INFO kablam!      |
Nov 01 01:07:33.347 INFO kablam! note: candidate #1 is defined in an impl of the trait `iter_utils::IterUtilsExt` for the type `_`
Nov 01 01:07:33.347 INFO kablam!     --> /cargo-home/registry/src/github.com-1ecc6299db9ec823/petgraph-0.4.12/src/iter_utils.rs:5:5
Nov 01 01:07:33.347 INFO kablam!      |
Nov 01 01:07:33.348 INFO kablam! 5    | /     fn find_map<F, R>(&mut self, mut f: F) -> Option<R>
Nov 01 01:07:33.348 INFO kablam! 6    | |         where F: FnMut(Self::Item) -> Option<R>
Nov 01 01:07:33.348 INFO kablam! 7    | |     {
Nov 01 01:07:33.348 INFO kablam! 8    | |         while let Some(elt) = self.next() {
Nov 01 01:07:33.348 INFO kablam! ...    |
Nov 01 01:07:33.348 INFO kablam! 13   | |         None
Nov 01 01:07:33.349 INFO kablam! 14   | |     }
Nov 01 01:07:33.349 INFO kablam!      | |_____^
Nov 01 01:07:33.349 INFO kablam!      = note: candidate #2 is defined in an impl of the trait `std::iter::Iterator` for the type `std::iter::Enumerate<_>`
Nov 01 01:07:33.349 INFO kablam! 
Nov 01 01:07:33.351 INFO kablam! error[E0034]: multiple applicable items in scope
Nov 01 01:07:33.351 INFO kablam!     --> /cargo-home/registry/src/github.com-1ecc6299db9ec823/petgraph-0.4.12/src/graph_impl/stable_graph/mod.rs:1573:19
Nov 01 01:07:33.351 INFO kablam!      |
Nov 01 01:07:33.351 INFO kablam! 1573 |         self.iter.find_map(|(i, node)| {
Nov 01 01:07:33.351 INFO kablam!      |                   ^^^^^^^^ multiple `find_map` found
Nov 01 01:07:33.351 INFO kablam!      |
Nov 01 01:07:33.352 INFO kablam! note: candidate #1 is defined in an impl of the trait `iter_utils::IterUtilsExt` for the type `_`
Nov 01 01:07:33.352 INFO kablam!     --> /cargo-home/registry/src/github.com-1ecc6299db9ec823/petgraph-0.4.12/src/iter_utils.rs:5:5
Nov 01 01:07:33.352 INFO kablam!      |
Nov 01 01:07:33.352 INFO kablam! 5    | /     fn find_map<F, R>(&mut self, mut f: F) -> Option<R>
Nov 01 01:07:33.352 INFO kablam! 6    | |         where F: FnMut(Self::Item) -> Option<R>
Nov 01 01:07:33.352 INFO kablam! 7    | |     {
Nov 01 01:07:33.353 INFO kablam! 8    | |         while let Some(elt) = self.next() {
Nov 01 01:07:33.353 INFO kablam! ...    |
Nov 01 01:07:33.353 INFO kablam! 13   | |         None
Nov 01 01:07:33.353 INFO kablam! 14   | |     }
Nov 01 01:07:33.353 INFO kablam!      | |_____^
Nov 01 01:07:33.353 INFO kablam!      = note: candidate #2 is defined in an impl of the trait `std::iter::Iterator` for the type `std::iter::Enumerate<_>`
Nov 01 01:07:33.353 INFO kablam! 
Nov 01 01:07:33.673 INFO kablam! error: aborting due to 4 previous errors
Nov 01 01:07:33.674 INFO kablam! 
Nov 01 01:07:33.675 INFO kablam! For more information about this error, try `rustc --explain E0034`.
Nov 01 01:07:33.698 INFO kablam! error: Could not compile `petgraph`.
Nov 01 01:07:33.699 INFO kablam! 
Nov 01 01:07:33.699 INFO kablam! To learn more, run the command again with --verbose.
Nov 01 01:07:33.702 INFO kablam! su: No module specific data is present
Nov 01 01:07:35.169 INFO running `"docker" "rm" "-f" "b72c06b27147aec0d5679e063855efeb2b16bc83969a8056069f75adc9caca69"`
Nov 01 01:07:35.535 INFO blam! b72c06b27147aec0d5679e063855efeb2b16bc83969a8056069f75adc9caca69
