Nov 01 02:10:02.837 INFO testing mvr/abyme against beta-2018-10-30 for beta-1.31-1
Nov 01 02:10:02.837 INFO running `"docker" "create" "-v" "/mnt/big/crater/work/local/target-dirs/beta-1.31-1/worker-2/beta-2018-10-30:/target:rw,Z" "-v" "/mnt/big/crater/work/local/test-source/worker-2/beta-1.31-1/beta-2018-10-30:/source:ro,Z" "-v" "/mnt/big/crater/work/local/cargo-home:/cargo-home:ro,Z" "-v" "/mnt/big/crater/work/local/rustup-home:/rustup-home:ro,Z" "-e" "USER_ID=1000" "-e" "SOURCE_DIR=/source" "-e" "USER_ID=1000" "-e" "CMD=cargo +beta-2018-10-30 build --frozen" "-e" "CARGO_TARGET_DIR=/target" "-e" "CARGO_INCREMENTAL=0" "-e" "RUST_BACKTRACE=full" "-e" "RUSTFLAGS=--cap-lints=warn" "-e" "CARGO_HOME=/cargo-home" "-e" "RUSTUP_HOME=/rustup-home" "-m" "1536M" "--network" "none" "crater"`
Nov 01 02:10:03.215 INFO blam! e9c0afe90ae1212ff1fe141db725eb55e1796ea1e754ea6806f0c90e7651a77c
Nov 01 02:10:03.227 INFO running `"docker" "start" "-a" "e9c0afe90ae1212ff1fe141db725eb55e1796ea1e754ea6806f0c90e7651a77c"`
Nov 01 02:10:04.183 INFO kablam! usermod: no changes
Nov 01 02:10:04.421 INFO kablam!    Compiling gmp-mpfr-sys v1.1.5
Nov 01 02:10:04.421 INFO kablam!    Compiling rug v1.1.0
Nov 01 02:10:04.421 INFO kablam!    Compiling euclid v0.17.2
Nov 01 02:10:04.421 INFO kablam!    Compiling sid v0.5.0
Nov 01 02:10:04.421 INFO kablam!    Compiling glutin v0.15.0
Nov 01 02:10:04.421 INFO kablam!    Compiling gfx_device_gl v0.15.2
Nov 01 02:10:04.439 INFO kablam!    Compiling winit v0.13.1
Nov 01 02:10:11.861 INFO kablam!    Compiling lyon_geom v0.10.0
Nov 01 02:10:16.551 INFO kablam!    Compiling lyon_path v0.10.0
Nov 01 02:10:23.159 INFO kablam!    Compiling lyon_tessellation v0.10.0
Nov 01 02:10:29.079 INFO kablam!    Compiling lyon v0.10.0
Nov 01 02:10:39.595 INFO kablam!    Compiling gfx_window_glutin v0.23.0
Nov 01 02:14:22.081 INFO kablam!    Compiling abyme v0.1.0 (/source)
Nov 01 02:14:23.385 INFO kablam! error[E0554]: #![feature] may not be used on the beta release channel
Nov 01 02:14:23.385 INFO kablam!  --> src/lib.rs:1:1
Nov 01 02:14:23.385 INFO kablam!   |
Nov 01 02:14:23.385 INFO kablam! 1 | #![feature(slice_patterns)]
Nov 01 02:14:23.385 INFO kablam!   | ^^^^^^^^^^^^^^^^^^^^^^^^^^^
Nov 01 02:14:23.385 INFO kablam! 
Nov 01 02:14:23.385 INFO kablam! error[E0554]: #![feature] may not be used on the beta release channel
Nov 01 02:14:23.385 INFO kablam!  --> src/lib.rs:2:1
Nov 01 02:14:23.385 INFO kablam!   |
Nov 01 02:14:23.385 INFO kablam! 2 | #![feature(custom_attribute)]
Nov 01 02:14:23.385 INFO kablam!   | ^^^^^^^^^^^^^^^^^^^^^^^^^^^^^
Nov 01 02:14:23.385 INFO kablam! 
Nov 01 02:14:23.385 INFO kablam! error[E0554]: #![feature] may not be used on the beta release channel
Nov 01 02:14:23.385 INFO kablam!  --> src/lib.rs:3:1
Nov 01 02:14:23.385 INFO kablam!   |
Nov 01 02:14:23.385 INFO kablam! 3 | #![feature(nll)]
Nov 01 02:14:23.385 INFO kablam!   | ^^^^^^^^^^^^^^^^
Nov 01 02:14:23.385 INFO kablam! 
Nov 01 02:14:23.385 INFO kablam! error[E0554]: #![feature] may not be used on the beta release channel
Nov 01 02:14:23.385 INFO kablam!  --> src/lib.rs:4:1
Nov 01 02:14:23.385 INFO kablam!   |
Nov 01 02:14:23.385 INFO kablam! 4 | #![feature(stmt_expr_attributes)]
Nov 01 02:14:23.385 INFO kablam!   | ^^^^^^^^^^^^^^^^^^^^^^^^^^^^^^^^^
Nov 01 02:14:23.385 INFO kablam! 
Nov 01 02:14:23.399 INFO kablam! error: aborting due to 4 previous errors
Nov 01 02:14:23.399 INFO kablam! 
Nov 01 02:14:23.399 INFO kablam! For more information about this error, try `rustc --explain E0554`.
Nov 01 02:14:23.411 INFO kablam! error: Could not compile `abyme`.
Nov 01 02:14:23.411 INFO kablam! 
Nov 01 02:14:23.411 INFO kablam! To learn more, run the command again with --verbose.
Nov 01 02:14:23.412 INFO kablam! su: No module specific data is present
Nov 01 02:14:24.063 INFO running `"docker" "rm" "-f" "e9c0afe90ae1212ff1fe141db725eb55e1796ea1e754ea6806f0c90e7651a77c"`
Nov 01 02:14:24.407 INFO blam! e9c0afe90ae1212ff1fe141db725eb55e1796ea1e754ea6806f0c90e7651a77c
