Nov 01 02:39:35.625 INFO testing mosbasik/advent-of-code-2017 against 1.30.0 for beta-1.31-1
Nov 01 02:39:35.625 INFO running `"docker" "create" "-v" "/mnt/big/crater/work/local/target-dirs/beta-1.31-1/worker-1/1.30.0:/target:rw,Z" "-v" "/mnt/big/crater/work/local/test-source/worker-1/beta-1.31-1/1.30.0:/source:ro,Z" "-v" "/mnt/big/crater/work/local/cargo-home:/cargo-home:ro,Z" "-v" "/mnt/big/crater/work/local/rustup-home:/rustup-home:ro,Z" "-e" "USER_ID=1000" "-e" "SOURCE_DIR=/source" "-e" "USER_ID=1000" "-e" "CMD=cargo +1.30.0 build --frozen" "-e" "CARGO_TARGET_DIR=/target" "-e" "CARGO_INCREMENTAL=0" "-e" "RUST_BACKTRACE=full" "-e" "RUSTFLAGS=--cap-lints=warn" "-e" "CARGO_HOME=/cargo-home" "-e" "RUSTUP_HOME=/rustup-home" "-m" "1536M" "--network" "none" "crater"`
Nov 01 02:39:36.067 INFO blam! 2f6729af498af01c2e62e701b57cb1c53ac2df2b700ae509c5e4d8dd4a6710b2
Nov 01 02:39:36.071 INFO running `"docker" "start" "-a" "2f6729af498af01c2e62e701b57cb1c53ac2df2b700ae509c5e4d8dd4a6710b2"`
Nov 01 02:39:37.291 INFO kablam! usermod: no changes
Nov 01 02:39:37.376 INFO kablam!    Compiling ordermap v0.3.2
Nov 01 02:39:37.380 INFO kablam!    Compiling fixedbitset v0.1.8
Nov 01 02:39:37.382 INFO kablam!    Compiling memchr v1.0.2
Nov 01 02:39:38.474 INFO kablam!    Compiling nom v3.2.1
Nov 01 02:39:39.799 INFO kablam!    Compiling petgraph v0.4.10
Nov 01 02:39:42.035 INFO kablam! error[E0034]: multiple applicable items in scope
Nov 01 02:39:42.035 INFO kablam!     --> /cargo-home/registry/src/github.com-1ecc6299db9ec823/petgraph-0.4.10/src/graph_impl/stable_graph/mod.rs:1173:19
Nov 01 02:39:42.035 INFO kablam!      |
Nov 01 02:39:42.035 INFO kablam! 1173 |         self.iter.find_map(|(i, node)| {
Nov 01 02:39:42.035 INFO kablam!      |                   ^^^^^^^^ multiple `find_map` found
Nov 01 02:39:42.035 INFO kablam!      |
Nov 01 02:39:42.035 INFO kablam! note: candidate #1 is defined in an impl of the trait `iter_utils::IterUtilsExt` for the type `_`
Nov 01 02:39:42.035 INFO kablam!     --> /cargo-home/registry/src/github.com-1ecc6299db9ec823/petgraph-0.4.10/src/iter_utils.rs:5:5
Nov 01 02:39:42.035 INFO kablam!      |
Nov 01 02:39:42.035 INFO kablam! 5    | /     fn find_map<F, R>(&mut self, mut f: F) -> Option<R>
Nov 01 02:39:42.035 INFO kablam! 6    | |         where F: FnMut(Self::Item) -> Option<R>
Nov 01 02:39:42.035 INFO kablam! 7    | |     {
Nov 01 02:39:42.035 INFO kablam! 8    | |         while let Some(elt) = self.next() {
Nov 01 02:39:42.035 INFO kablam! ...    |
Nov 01 02:39:42.035 INFO kablam! 13   | |         None
Nov 01 02:39:42.035 INFO kablam! 14   | |     }
Nov 01 02:39:42.035 INFO kablam!      | |_____^
Nov 01 02:39:42.035 INFO kablam!      = note: candidate #2 is defined in an impl of the trait `std::iter::Iterator` for the type `std::iter::Enumerate<_>`
Nov 01 02:39:42.035 INFO kablam! 
Nov 01 02:39:42.079 INFO kablam! error[E0034]: multiple applicable items in scope
Nov 01 02:39:42.079 INFO kablam!     --> /cargo-home/registry/src/github.com-1ecc6299db9ec823/petgraph-0.4.10/src/graph_impl/stable_graph/mod.rs:1365:19
Nov 01 02:39:42.079 INFO kablam!      |
Nov 01 02:39:42.079 INFO kablam! 1365 |         self.iter.find_map(|(i, edge)|
Nov 01 02:39:42.079 INFO kablam!      |                   ^^^^^^^^ multiple `find_map` found
Nov 01 02:39:42.079 INFO kablam!      |
Nov 01 02:39:42.079 INFO kablam! note: candidate #1 is defined in an impl of the trait `iter_utils::IterUtilsExt` for the type `_`
Nov 01 02:39:42.079 INFO kablam!     --> /cargo-home/registry/src/github.com-1ecc6299db9ec823/petgraph-0.4.10/src/iter_utils.rs:5:5
Nov 01 02:39:42.079 INFO kablam!      |
Nov 01 02:39:42.079 INFO kablam! 5    | /     fn find_map<F, R>(&mut self, mut f: F) -> Option<R>
Nov 01 02:39:42.079 INFO kablam! 6    | |         where F: FnMut(Self::Item) -> Option<R>
Nov 01 02:39:42.079 INFO kablam! 7    | |     {
Nov 01 02:39:42.079 INFO kablam! 8    | |         while let Some(elt) = self.next() {
Nov 01 02:39:42.079 INFO kablam! ...    |
Nov 01 02:39:42.079 INFO kablam! 13   | |         None
Nov 01 02:39:42.079 INFO kablam! 14   | |     }
Nov 01 02:39:42.079 INFO kablam!      | |_____^
Nov 01 02:39:42.079 INFO kablam!      = note: candidate #2 is defined in an impl of the trait `std::iter::Iterator` for the type `std::iter::Enumerate<_>`
Nov 01 02:39:42.079 INFO kablam! 
Nov 01 02:39:42.106 INFO kablam! error[E0034]: multiple applicable items in scope
Nov 01 02:39:42.106 INFO kablam!     --> /cargo-home/registry/src/github.com-1ecc6299db9ec823/petgraph-0.4.10/src/graph_impl/stable_graph/mod.rs:1529:19
Nov 01 02:39:42.106 INFO kablam!      |
Nov 01 02:39:42.106 INFO kablam! 1529 |         self.iter.find_map(|(i, node)| {
Nov 01 02:39:42.106 INFO kablam!      |                   ^^^^^^^^ multiple `find_map` found
Nov 01 02:39:42.106 INFO kablam!      |
Nov 01 02:39:42.106 INFO kablam! note: candidate #1 is defined in an impl of the trait `iter_utils::IterUtilsExt` for the type `_`
Nov 01 02:39:42.106 INFO kablam!     --> /cargo-home/registry/src/github.com-1ecc6299db9ec823/petgraph-0.4.10/src/iter_utils.rs:5:5
Nov 01 02:39:42.106 INFO kablam!      |
Nov 01 02:39:42.106 INFO kablam! 5    | /     fn find_map<F, R>(&mut self, mut f: F) -> Option<R>
Nov 01 02:39:42.106 INFO kablam! 6    | |         where F: FnMut(Self::Item) -> Option<R>
Nov 01 02:39:42.106 INFO kablam! 7    | |     {
Nov 01 02:39:42.106 INFO kablam! 8    | |         while let Some(elt) = self.next() {
Nov 01 02:39:42.106 INFO kablam! ...    |
Nov 01 02:39:42.106 INFO kablam! 13   | |         None
Nov 01 02:39:42.106 INFO kablam! 14   | |     }
Nov 01 02:39:42.106 INFO kablam!      | |_____^
Nov 01 02:39:42.106 INFO kablam!      = note: candidate #2 is defined in an impl of the trait `std::iter::Iterator` for the type `std::iter::Enumerate<_>`
Nov 01 02:39:42.106 INFO kablam! 
Nov 01 02:39:42.119 INFO kablam! error[E0034]: multiple applicable items in scope
Nov 01 02:39:42.119 INFO kablam!     --> /cargo-home/registry/src/github.com-1ecc6299db9ec823/petgraph-0.4.10/src/graph_impl/stable_graph/mod.rs:1575:19
Nov 01 02:39:42.119 INFO kablam!      |
Nov 01 02:39:42.119 INFO kablam! 1575 |         self.iter.find_map(|(i, node)| {
Nov 01 02:39:42.119 INFO kablam!      |                   ^^^^^^^^ multiple `find_map` found
Nov 01 02:39:42.119 INFO kablam!      |
Nov 01 02:39:42.119 INFO kablam! note: candidate #1 is defined in an impl of the trait `iter_utils::IterUtilsExt` for the type `_`
Nov 01 02:39:42.119 INFO kablam!     --> /cargo-home/registry/src/github.com-1ecc6299db9ec823/petgraph-0.4.10/src/iter_utils.rs:5:5
Nov 01 02:39:42.119 INFO kablam!      |
Nov 01 02:39:42.119 INFO kablam! 5    | /     fn find_map<F, R>(&mut self, mut f: F) -> Option<R>
Nov 01 02:39:42.119 INFO kablam! 6    | |         where F: FnMut(Self::Item) -> Option<R>
Nov 01 02:39:42.119 INFO kablam! 7    | |     {
Nov 01 02:39:42.119 INFO kablam! 8    | |         while let Some(elt) = self.next() {
Nov 01 02:39:42.119 INFO kablam! ...    |
Nov 01 02:39:42.119 INFO kablam! 13   | |         None
Nov 01 02:39:42.119 INFO kablam! 14   | |     }
Nov 01 02:39:42.119 INFO kablam!      | |_____^
Nov 01 02:39:42.119 INFO kablam!      = note: candidate #2 is defined in an impl of the trait `std::iter::Iterator` for the type `std::iter::Enumerate<_>`
Nov 01 02:39:42.119 INFO kablam! 
Nov 01 02:39:42.567 INFO kablam! error: aborting due to 4 previous errors
Nov 01 02:39:42.567 INFO kablam! 
Nov 01 02:39:42.567 INFO kablam! For more information about this error, try `rustc --explain E0034`.
Nov 01 02:39:42.567 INFO kablam! error: Could not compile `petgraph`.
Nov 01 02:39:42.567 INFO kablam! warning: build failed, waiting for other jobs to finish...
Nov 01 02:39:43.579 INFO kablam! error: build failed
Nov 01 02:39:43.582 INFO kablam! su: No module specific data is present
Nov 01 02:39:44.469 INFO running `"docker" "rm" "-f" "2f6729af498af01c2e62e701b57cb1c53ac2df2b700ae509c5e4d8dd4a6710b2"`
Nov 01 02:39:44.751 INFO blam! 2f6729af498af01c2e62e701b57cb1c53ac2df2b700ae509c5e4d8dd4a6710b2
