Nov 01 02:53:25.875 INFO testing mkatychev/aloxite against beta-2018-10-30 for beta-1.31-1
Nov 01 02:53:25.875 INFO running `"docker" "create" "-v" "/mnt/big/crater/work/local/target-dirs/beta-1.31-1/worker-0/beta-2018-10-30:/target:rw,Z" "-v" "/mnt/big/crater/work/local/test-source/worker-0/beta-1.31-1/beta-2018-10-30:/source:ro,Z" "-v" "/mnt/big/crater/work/local/cargo-home:/cargo-home:ro,Z" "-v" "/mnt/big/crater/work/local/rustup-home:/rustup-home:ro,Z" "-e" "USER_ID=1000" "-e" "SOURCE_DIR=/source" "-e" "USER_ID=1000" "-e" "CMD=cargo +beta-2018-10-30 build --frozen" "-e" "CARGO_TARGET_DIR=/target" "-e" "CARGO_INCREMENTAL=0" "-e" "RUST_BACKTRACE=full" "-e" "RUSTFLAGS=--cap-lints=warn" "-e" "CARGO_HOME=/cargo-home" "-e" "RUSTUP_HOME=/rustup-home" "-m" "1536M" "--network" "none" "crater"`
Nov 01 02:53:26.124 INFO blam! 1653294d602b593ec29c6e3e15da6051aaaa020753aa8808d1a0177f85bdd9b9
Nov 01 02:53:26.126 INFO running `"docker" "start" "-a" "1653294d602b593ec29c6e3e15da6051aaaa020753aa8808d1a0177f85bdd9b9"`
Nov 01 02:53:26.679 INFO kablam! usermod: no changes
Nov 01 02:53:26.718 INFO kablam!    Compiling aloxite v0.1.0 (/source)
Nov 01 02:53:26.926 INFO kablam! error[E0412]: cannot find type `Beacon` in this scope
Nov 01 02:53:26.926 INFO kablam!   --> src/lib.rs:48:27
Nov 01 02:53:26.926 INFO kablam!    |
Nov 01 02:53:26.926 INFO kablam! 48 | pub fn search<'a>(beacon: Beacon, contents: &'a str) -> Vec<&'a str> {
Nov 01 02:53:26.926 INFO kablam!    |                           ^^^^^^ not found in this scope
Nov 01 02:53:26.926 INFO kablam! 
Nov 01 02:53:26.949 INFO kablam! error[E0061]: this function takes 2 parameters but 3 parameters were supplied
Nov 01 02:53:26.949 INFO kablam!   --> src/lib.rs:40:19
Nov 01 02:53:26.949 INFO kablam!    |
Nov 01 02:53:26.949 INFO kablam! 40 |     let results = search(&config.start, &config.stop, &contents);
Nov 01 02:53:26.949 INFO kablam!    |                   ^^^^^^^^^^^^^^^^^^^^^^^^^^^^^^^^^^^^^^^^^^^^^^ expected 2 parameters
Nov 01 02:53:26.949 INFO kablam! ...
Nov 01 02:53:26.949 INFO kablam! 48 | pub fn search<'a>(beacon: Beacon, contents: &'a str) -> Vec<&'a str> {
Nov 01 02:53:26.949 INFO kablam!    | -------------------------------------------------------------------- defined here
Nov 01 02:53:26.949 INFO kablam! 
Nov 01 02:53:26.959 INFO kablam! error[E0308]: mismatched types
Nov 01 02:53:26.959 INFO kablam!   --> src/lib.rs:48:70
Nov 01 02:53:26.959 INFO kablam!    |
Nov 01 02:53:26.959 INFO kablam! 48 |   pub fn search<'a>(beacon: Beacon, contents: &'a str) -> Vec<&'a str> {
Nov 01 02:53:26.959 INFO kablam!    |  ______________________________________________________________________^
Nov 01 02:53:26.959 INFO kablam! 49 | |     //fn remingon(
Nov 01 02:53:26.959 INFO kablam! 50 | |     let split = contents.chars();
Nov 01 02:53:26.959 INFO kablam! 51 | |     //.flat_map(|line| line.split_whitespace())
Nov 01 02:53:26.959 INFO kablam! 52 | |     //.batching(|it| Some(it.take(longest).map(|x| *x).collect::<Vec<&str>>()));
Nov 01 02:53:26.959 INFO kablam! 53 | | }
Nov 01 02:53:26.959 INFO kablam!    | |_^ expected struct `std::vec::Vec`, found ()
Nov 01 02:53:26.959 INFO kablam!    |
Nov 01 02:53:26.959 INFO kablam!    = note: expected type `std::vec::Vec<&'a str>`
Nov 01 02:53:26.959 INFO kablam!               found type `()`
Nov 01 02:53:26.959 INFO kablam! 
Nov 01 02:53:26.959 INFO kablam! error: aborting due to 3 previous errors
Nov 01 02:53:26.959 INFO kablam! 
Nov 01 02:53:26.959 INFO kablam! Some errors occurred: E0061, E0308, E0412.
Nov 01 02:53:26.959 INFO kablam! For more information about an error, try `rustc --explain E0061`.
Nov 01 02:53:26.963 INFO kablam! error: Could not compile `aloxite`.
Nov 01 02:53:26.963 INFO kablam! 
Nov 01 02:53:26.963 INFO kablam! To learn more, run the command again with --verbose.
Nov 01 02:53:26.963 INFO kablam! su: No module specific data is present
Nov 01 02:53:27.354 INFO running `"docker" "rm" "-f" "1653294d602b593ec29c6e3e15da6051aaaa020753aa8808d1a0177f85bdd9b9"`
Nov 01 02:53:27.499 INFO blam! 1653294d602b593ec29c6e3e15da6051aaaa020753aa8808d1a0177f85bdd9b9
