Nov 01 04:00:31.472 INFO testing make-a-demo-tool-in-rust/fish-in-a-jit against beta-2018-10-30 for beta-1.31-1
Nov 01 04:00:31.472 INFO running `"docker" "create" "-v" "/mnt/big/crater/work/local/target-dirs/beta-1.31-1/worker-1/beta-2018-10-30:/target:rw,Z" "-v" "/mnt/big/crater/work/local/test-source/worker-1/beta-1.31-1/beta-2018-10-30:/source:ro,Z" "-v" "/mnt/big/crater/work/local/cargo-home:/cargo-home:ro,Z" "-v" "/mnt/big/crater/work/local/rustup-home:/rustup-home:ro,Z" "-e" "USER_ID=1000" "-e" "SOURCE_DIR=/source" "-e" "USER_ID=1000" "-e" "CMD=cargo +beta-2018-10-30 build --frozen" "-e" "CARGO_TARGET_DIR=/target" "-e" "CARGO_INCREMENTAL=0" "-e" "RUST_BACKTRACE=full" "-e" "RUSTFLAGS=--cap-lints=warn" "-e" "CARGO_HOME=/cargo-home" "-e" "RUSTUP_HOME=/rustup-home" "-m" "1536M" "--network" "none" "crater"`
Nov 01 04:00:31.700 INFO blam! 035822958eee6090098c3847813f34c30481769c02824321e9a17fd0092f38ec
Nov 01 04:00:31.700 INFO running `"docker" "start" "-a" "035822958eee6090098c3847813f34c30481769c02824321e9a17fd0092f38ec"`
Nov 01 04:00:32.139 INFO kablam! usermod: no changes
Nov 01 04:00:32.236 INFO kablam!    Compiling memchr v0.1.11
Nov 01 04:00:32.239 INFO kablam!    Compiling serde_yaml v0.6.2
Nov 01 04:00:32.239 INFO kablam!    Compiling serde_codegen_internals v0.14.2
Nov 01 04:00:32.239 INFO kablam!    Compiling thread-id v2.0.0
Nov 01 04:00:32.711 INFO kablam!    Compiling thread_local v0.2.7
Nov 01 04:00:32.837 INFO kablam!    Compiling aho-corasick v0.5.3
Nov 01 04:00:34.135 INFO kablam!    Compiling regex v0.1.80
Nov 01 04:00:34.563 INFO kablam!    Compiling serde_derive v0.9.12
Nov 01 04:00:40.067 INFO kablam!    Compiling env_logger v0.3.5
Nov 01 04:00:43.139 INFO kablam!    Compiling fish_in_a_jit v0.1.0 (/source)
Nov 01 04:00:43.787 INFO kablam! error[E0554]: #![feature] may not be used on the beta release channel
Nov 01 04:00:43.787 INFO kablam!  --> src/lib.rs:1:1
Nov 01 04:00:43.787 INFO kablam!   |
Nov 01 04:00:43.787 INFO kablam! 1 | #![feature(link_llvm_intrinsics)]
Nov 01 04:00:43.787 INFO kablam!   | ^^^^^^^^^^^^^^^^^^^^^^^^^^^^^^^^^
Nov 01 04:00:43.787 INFO kablam! 
Nov 01 04:00:43.787 INFO kablam! error[E0554]: #![feature] may not be used on the beta release channel
Nov 01 04:00:43.787 INFO kablam!  --> src/lib.rs:2:1
Nov 01 04:00:43.787 INFO kablam!   |
Nov 01 04:00:43.787 INFO kablam! 2 | #![feature(abi_sysv64)]
Nov 01 04:00:43.787 INFO kablam!   | ^^^^^^^^^^^^^^^^^^^^^^^
Nov 01 04:00:43.787 INFO kablam! 
Nov 01 04:00:43.787 INFO kablam! error[E0554]: #![feature] may not be used on the beta release channel
Nov 01 04:00:43.787 INFO kablam!  --> src/lib.rs:3:1
Nov 01 04:00:43.787 INFO kablam!   |
Nov 01 04:00:43.787 INFO kablam! 3 | #![feature(try_from)]
Nov 01 04:00:43.787 INFO kablam!   | ^^^^^^^^^^^^^^^^^^^^^
Nov 01 04:00:43.787 INFO kablam! 
Nov 01 04:00:43.787 INFO kablam! error: aborting due to 3 previous errors
Nov 01 04:00:43.787 INFO kablam! 
Nov 01 04:00:43.787 INFO kablam! For more information about this error, try `rustc --explain E0554`.
Nov 01 04:00:43.793 INFO kablam! error: Could not compile `fish_in_a_jit`.
Nov 01 04:00:43.793 INFO kablam! 
Nov 01 04:00:43.794 INFO kablam! To learn more, run the command again with --verbose.
Nov 01 04:00:43.795 INFO kablam! su: No module specific data is present
Nov 01 04:00:44.682 INFO running `"docker" "rm" "-f" "035822958eee6090098c3847813f34c30481769c02824321e9a17fd0092f38ec"`
Nov 01 04:00:44.959 INFO blam! 035822958eee6090098c3847813f34c30481769c02824321e9a17fd0092f38ec
