Nov 01 04:00:31.613 INFO testing make-a-demo-tool-in-rust/fish-in-a-jit against 1.30.0 for beta-1.31-1
Nov 01 04:00:31.613 INFO running `"docker" "create" "-v" "/mnt/big/crater/work/local/target-dirs/beta-1.31-1/worker-2/1.30.0:/target:rw,Z" "-v" "/mnt/big/crater/work/local/test-source/worker-2/beta-1.31-1/1.30.0:/source:ro,Z" "-v" "/mnt/big/crater/work/local/cargo-home:/cargo-home:ro,Z" "-v" "/mnt/big/crater/work/local/rustup-home:/rustup-home:ro,Z" "-e" "USER_ID=1000" "-e" "SOURCE_DIR=/source" "-e" "USER_ID=1000" "-e" "CMD=cargo +1.30.0 build --frozen" "-e" "CARGO_TARGET_DIR=/target" "-e" "CARGO_INCREMENTAL=0" "-e" "RUST_BACKTRACE=full" "-e" "RUSTFLAGS=--cap-lints=warn" "-e" "CARGO_HOME=/cargo-home" "-e" "RUSTUP_HOME=/rustup-home" "-m" "1536M" "--network" "none" "crater"`
Nov 01 04:00:31.786 INFO blam! 10c4fd5df9cfac5f5448e2cb1bc586324a94df2521d77b08ed2b1347b08082eb
Nov 01 04:00:31.788 INFO running `"docker" "start" "-a" "10c4fd5df9cfac5f5448e2cb1bc586324a94df2521d77b08ed2b1347b08082eb"`
Nov 01 04:00:32.231 INFO kablam! usermod: no changes
Nov 01 04:00:32.340 INFO kablam!    Compiling serde v0.9.12
Nov 01 04:00:32.340 INFO kablam!    Compiling memchr v0.1.11
Nov 01 04:00:32.351 INFO kablam!    Compiling serde_codegen_internals v0.14.2
Nov 01 04:00:32.351 INFO kablam!    Compiling thread-id v2.0.0
Nov 01 04:00:32.934 INFO kablam!    Compiling aho-corasick v0.5.3
Nov 01 04:00:32.972 INFO kablam!    Compiling thread_local v0.2.7
Nov 01 04:00:34.270 INFO kablam!    Compiling regex v0.1.80
Nov 01 04:00:34.611 INFO kablam!    Compiling serde_derive v0.9.12
Nov 01 04:00:44.335 INFO kablam!    Compiling env_logger v0.3.5
Nov 01 04:00:47.455 INFO kablam!    Compiling serde_yaml v0.6.2
Nov 01 04:00:49.759 INFO kablam!    Compiling fish_in_a_jit v0.1.0 (/source)
Nov 01 04:00:50.343 INFO kablam! error[E0554]: #![feature] may not be used on the stable release channel
Nov 01 04:00:50.343 INFO kablam!  --> src/lib.rs:1:1
Nov 01 04:00:50.343 INFO kablam!   |
Nov 01 04:00:50.343 INFO kablam! 1 | #![feature(link_llvm_intrinsics)]
Nov 01 04:00:50.343 INFO kablam!   | ^^^^^^^^^^^^^^^^^^^^^^^^^^^^^^^^^
Nov 01 04:00:50.343 INFO kablam! 
Nov 01 04:00:50.343 INFO kablam! error[E0554]: #![feature] may not be used on the stable release channel
Nov 01 04:00:50.343 INFO kablam!  --> src/lib.rs:2:1
Nov 01 04:00:50.343 INFO kablam!   |
Nov 01 04:00:50.343 INFO kablam! 2 | #![feature(abi_sysv64)]
Nov 01 04:00:50.343 INFO kablam!   | ^^^^^^^^^^^^^^^^^^^^^^^
Nov 01 04:00:50.343 INFO kablam! 
Nov 01 04:00:50.343 INFO kablam! error[E0554]: #![feature] may not be used on the stable release channel
Nov 01 04:00:50.343 INFO kablam!  --> src/lib.rs:3:1
Nov 01 04:00:50.343 INFO kablam!   |
Nov 01 04:00:50.343 INFO kablam! 3 | #![feature(try_from)]
Nov 01 04:00:50.343 INFO kablam!   | ^^^^^^^^^^^^^^^^^^^^^
Nov 01 04:00:50.343 INFO kablam! 
Nov 01 04:00:50.347 INFO kablam! error: aborting due to 3 previous errors
Nov 01 04:00:50.347 INFO kablam! 
Nov 01 04:00:50.347 INFO kablam! For more information about this error, try `rustc --explain E0554`.
Nov 01 04:00:50.350 INFO kablam! error: Could not compile `fish_in_a_jit`.
Nov 01 04:00:50.350 INFO kablam! 
Nov 01 04:00:50.350 INFO kablam! To learn more, run the command again with --verbose.
Nov 01 04:00:50.355 INFO kablam! su: No module specific data is present
Nov 01 04:00:51.209 INFO running `"docker" "rm" "-f" "10c4fd5df9cfac5f5448e2cb1bc586324a94df2521d77b08ed2b1347b08082eb"`
Nov 01 04:00:51.623 INFO blam! 10c4fd5df9cfac5f5448e2cb1bc586324a94df2521d77b08ed2b1347b08082eb
