Nov 01 04:57:43.287 INFO testing l3kn/EulerLisp against 1.30.0 for beta-1.31-1
Nov 01 04:57:43.288 INFO running `"docker" "create" "-v" "/mnt/big/crater/work/local/target-dirs/beta-1.31-1/worker-5/1.30.0:/target:rw,Z" "-v" "/mnt/big/crater/work/local/test-source/worker-5/beta-1.31-1/1.30.0:/source:ro,Z" "-v" "/mnt/big/crater/work/local/cargo-home:/cargo-home:ro,Z" "-v" "/mnt/big/crater/work/local/rustup-home:/rustup-home:ro,Z" "-e" "USER_ID=1000" "-e" "SOURCE_DIR=/source" "-e" "USER_ID=1000" "-e" "CMD=cargo +1.30.0 build --frozen" "-e" "CARGO_TARGET_DIR=/target" "-e" "CARGO_INCREMENTAL=0" "-e" "RUST_BACKTRACE=full" "-e" "RUSTFLAGS=--cap-lints=warn" "-e" "CARGO_HOME=/cargo-home" "-e" "RUSTUP_HOME=/rustup-home" "-m" "1536M" "--network" "none" "crater"`
Nov 01 04:57:43.456 INFO blam! 1217d65bcc2f6776fef32ce79995b2301993b73086d1896eaa58eb4d1a275e7e
Nov 01 04:57:43.467 INFO running `"docker" "start" "-a" "1217d65bcc2f6776fef32ce79995b2301993b73086d1896eaa58eb4d1a275e7e"`
Nov 01 04:57:43.876 INFO kablam! usermod: no changes
Nov 01 04:57:44.006 INFO kablam!    Compiling memchr v2.0.1
Nov 01 04:57:44.006 INFO kablam!    Compiling memchr v1.0.2
Nov 01 04:57:44.009 INFO kablam!    Compiling nix v0.5.1
Nov 01 04:57:44.011 INFO kablam!    Compiling rayon-core v1.4.0
Nov 01 04:57:44.855 INFO kablam!    Compiling csv-core v0.1.4
Nov 01 04:57:45.014 INFO kablam!    Compiling nom v3.2.1
Nov 01 04:57:46.821 INFO kablam!    Compiling csv v1.0.0-beta.5
Nov 01 04:57:47.845 INFO kablam!    Compiling rayon v1.0.1
Nov 01 04:57:50.479 INFO kablam!    Compiling rustyline v1.0.0
Nov 01 04:57:52.836 INFO kablam!    Compiling lisp v0.1.0 (/source)
Nov 01 04:57:55.101 INFO kablam! warning: function is never used: `vector_mul_i`
Nov 01 04:57:55.101 INFO kablam!    --> src/bignum.rs:325:1
Nov 01 04:57:55.101 INFO kablam!     |
Nov 01 04:57:55.101 INFO kablam! 325 | fn vector_mul_i(a: &Vec<usize>, b: usize) -> Vec<usize> {
Nov 01 04:57:55.101 INFO kablam!     | ^^^^^^^^^^^^^^^^^^^^^^^^^^^^^^^^^^^^^^^^^^^^^^^^^^^^^^^
Nov 01 04:57:55.101 INFO kablam!     |
Nov 01 04:57:55.101 INFO kablam!     = note: #[warn(dead_code)] on by default
Nov 01 04:57:55.101 INFO kablam! 
Nov 01 04:57:55.102 INFO kablam! warning: method is never used: `fetch_u32_usize`
Nov 01 04:57:55.102 INFO kablam!    --> src/vm.rs:123:5
Nov 01 04:57:55.102 INFO kablam!     |
Nov 01 04:57:55.102 INFO kablam! 123 |     fn fetch_u32_usize(&mut self) -> usize {
Nov 01 04:57:55.102 INFO kablam!     |     ^^^^^^^^^^^^^^^^^^^^^^^^^^^^^^^^^^^^^^
Nov 01 04:57:55.102 INFO kablam! 
Nov 01 04:57:55.102 INFO kablam! warning: method is never used: `fetch_u16`
Nov 01 04:57:55.102 INFO kablam!    --> src/vm.rs:132:5
Nov 01 04:57:55.102 INFO kablam!     |
Nov 01 04:57:55.102 INFO kablam! 132 |     fn fetch_u16(&mut self) -> u16 {
Nov 01 04:57:55.102 INFO kablam!     |     ^^^^^^^^^^^^^^^^^^^^^^^^^^^^^^
Nov 01 04:57:55.102 INFO kablam! 
Nov 01 04:58:02.219 INFO kablam! warning: unused import: `rayon::prelude`
Nov 01 04:58:02.219 INFO kablam!   --> src/main.rs:16:5
Nov 01 04:58:02.219 INFO kablam!    |
Nov 01 04:58:02.219 INFO kablam! 16 | use rayon::prelude::*;
Nov 01 04:58:02.219 INFO kablam!    |     ^^^^^^^^^^^^^^
Nov 01 04:58:02.219 INFO kablam!    |
Nov 01 04:58:02.219 INFO kablam!    = note: #[warn(unused_imports)] on by default
Nov 01 04:58:02.219 INFO kablam! 
Nov 01 04:58:04.355 INFO kablam!     Finished dev [unoptimized + debuginfo] target(s) in 20.45s
Nov 01 04:58:04.355 INFO kablam! su: No module specific data is present
Nov 01 04:58:05.227 INFO running `"docker" "rm" "-f" "1217d65bcc2f6776fef32ce79995b2301993b73086d1896eaa58eb4d1a275e7e"`
Nov 01 04:58:05.499 INFO blam! 1217d65bcc2f6776fef32ce79995b2301993b73086d1896eaa58eb4d1a275e7e
Nov 01 04:58:05.503 INFO running `"docker" "create" "-v" "/mnt/big/crater/work/local/target-dirs/beta-1.31-1/worker-5/1.30.0:/target:rw,Z" "-v" "/mnt/big/crater/work/local/test-source/worker-5/beta-1.31-1/1.30.0:/source:ro,Z" "-v" "/mnt/big/crater/work/local/cargo-home:/cargo-home:ro,Z" "-v" "/mnt/big/crater/work/local/rustup-home:/rustup-home:ro,Z" "-e" "USER_ID=1000" "-e" "SOURCE_DIR=/source" "-e" "USER_ID=1000" "-e" "CMD=cargo +1.30.0 test --frozen --no-run" "-e" "CARGO_TARGET_DIR=/target" "-e" "CARGO_INCREMENTAL=0" "-e" "RUST_BACKTRACE=full" "-e" "RUSTFLAGS=--cap-lints=warn" "-e" "CARGO_HOME=/cargo-home" "-e" "RUSTUP_HOME=/rustup-home" "-m" "1536M" "--network" "none" "crater"`
Nov 01 04:58:06.000 INFO blam! 9dd75ed41b348e5c687f1df09e9d8635bc2feabab78f6c36887aae7cf84e0443
Nov 01 04:58:06.003 INFO running `"docker" "start" "-a" "9dd75ed41b348e5c687f1df09e9d8635bc2feabab78f6c36887aae7cf84e0443"`
Nov 01 04:58:07.663 INFO kablam! usermod: no changes
Nov 01 04:58:07.886 INFO kablam!    Compiling lisp v0.1.0 (/source)
Nov 01 04:58:09.903 INFO kablam! error[E0432]: unresolved import `lisp::eval`
Nov 01 04:58:09.903 INFO kablam!  --> tests/integration_test.rs:3:11
Nov 01 04:58:09.903 INFO kablam!   |
Nov 01 04:58:09.903 INFO kablam! 3 | use lisp::eval::Evaluator;
Nov 01 04:58:09.903 INFO kablam!   |           ^^^^ Could not find `eval` in `lisp`
Nov 01 04:58:09.903 INFO kablam! 
Nov 01 04:58:10.050 INFO kablam! error[E0425]: cannot find function `Number` in this scope
Nov 01 04:58:10.050 INFO kablam!   --> tests/integration_test.rs:14:12
Nov 01 04:58:10.050 INFO kablam!    |
Nov 01 04:58:10.050 INFO kablam! 14 |         Ok(Number(1))
Nov 01 04:58:10.050 INFO kablam!    |            ^^^^^^ not found in this scope
Nov 01 04:58:10.050 INFO kablam! 
Nov 01 04:58:10.050 INFO kablam! error[E0425]: cannot find function `Number` in this scope
Nov 01 04:58:10.050 INFO kablam!   --> tests/integration_test.rs:18:12
Nov 01 04:58:10.050 INFO kablam!    |
Nov 01 04:58:10.050 INFO kablam! 18 |         Ok(Number(2))
Nov 01 04:58:10.050 INFO kablam!    |            ^^^^^^ not found in this scope
Nov 01 04:58:10.050 INFO kablam! 
Nov 01 04:58:10.050 INFO kablam! error[E0425]: cannot find function `Number` in this scope
Nov 01 04:58:10.050 INFO kablam!   --> tests/integration_test.rs:30:12
Nov 01 04:58:10.050 INFO kablam!    |
Nov 01 04:58:10.050 INFO kablam! 30 |         Ok(Number(2))
Nov 01 04:58:10.050 INFO kablam!    |            ^^^^^^ not found in this scope
Nov 01 04:58:10.050 INFO kablam! 
Nov 01 04:58:10.050 INFO kablam! error[E0425]: cannot find function `Number` in this scope
Nov 01 04:58:10.050 INFO kablam!   --> tests/integration_test.rs:39:12
Nov 01 04:58:10.050 INFO kablam!    |
Nov 01 04:58:10.050 INFO kablam! 39 |         Ok(Number(1))
Nov 01 04:58:10.050 INFO kablam!    |            ^^^^^^ not found in this scope
Nov 01 04:58:10.050 INFO kablam! 
Nov 01 04:58:10.050 INFO kablam! error[E0425]: cannot find function `Number` in this scope
Nov 01 04:58:10.050 INFO kablam!   --> tests/integration_test.rs:48:12
Nov 01 04:58:10.051 INFO kablam!    |
Nov 01 04:58:10.051 INFO kablam! 48 |         Ok(Number(3))
Nov 01 04:58:10.051 INFO kablam!    |            ^^^^^^ not found in this scope
Nov 01 04:58:10.051 INFO kablam! 
Nov 01 04:58:10.051 INFO kablam! error[E0425]: cannot find function `Number` in this scope
Nov 01 04:58:10.051 INFO kablam!   --> tests/integration_test.rs:52:12
Nov 01 04:58:10.051 INFO kablam!    |
Nov 01 04:58:10.051 INFO kablam! 52 |         Ok(Number(3))
Nov 01 04:58:10.051 INFO kablam!    |            ^^^^^^ not found in this scope
Nov 01 04:58:10.051 INFO kablam! 
Nov 01 04:58:10.051 INFO kablam! error[E0425]: cannot find function `Number` in this scope
Nov 01 04:58:10.051 INFO kablam!   --> tests/integration_test.rs:62:12
Nov 01 04:58:10.051 INFO kablam!    |
Nov 01 04:58:10.051 INFO kablam! 62 |         Ok(Number(6))
Nov 01 04:58:10.051 INFO kablam!    |            ^^^^^^ not found in this scope
Nov 01 04:58:10.051 INFO kablam! 
Nov 01 04:58:10.051 INFO kablam! error[E0425]: cannot find function `Number` in this scope
Nov 01 04:58:10.051 INFO kablam!   --> tests/integration_test.rs:71:40
Nov 01 04:58:10.051 INFO kablam!    |
Nov 01 04:58:10.051 INFO kablam! 71 |     assert_eq!(ev.eval_str("a", 0), Ok(Number(1)));
Nov 01 04:58:10.051 INFO kablam!    |                                        ^^^^^^ not found in this scope
Nov 01 04:58:10.051 INFO kablam! 
Nov 01 04:58:10.051 INFO kablam! error[E0425]: cannot find function `Number` in this scope
Nov 01 04:58:10.051 INFO kablam!   --> tests/integration_test.rs:73:40
Nov 01 04:58:10.051 INFO kablam!    |
Nov 01 04:58:10.051 INFO kablam! 73 |     assert_eq!(ev.eval_str("a", 0), Ok(Number(2)));
Nov 01 04:58:10.051 INFO kablam!    |                                        ^^^^^^ not found in this scope
Nov 01 04:58:10.051 INFO kablam! 
Nov 01 04:58:10.051 INFO kablam! error[E0425]: cannot find function `Number` in this scope
Nov 01 04:58:10.051 INFO kablam!   --> tests/integration_test.rs:75:40
Nov 01 04:58:10.051 INFO kablam!    |
Nov 01 04:58:10.051 INFO kablam! 75 |     assert_eq!(ev.eval_str("a", 0), Ok(Number(3)));
Nov 01 04:58:10.051 INFO kablam!    |                                        ^^^^^^ not found in this scope
Nov 01 04:58:10.051 INFO kablam! 
Nov 01 04:58:10.051 INFO kablam! error[E0425]: cannot find function `Number` in this scope
Nov 01 04:58:10.051 INFO kablam!   --> tests/integration_test.rs:84:48
Nov 01 04:58:10.051 INFO kablam!    |
Nov 01 04:58:10.051 INFO kablam! 84 |     assert_eq!(ev.eval_str("(force p)", 0), Ok(Number(2)));
Nov 01 04:58:10.051 INFO kablam!    |                                                ^^^^^^ not found in this scope
Nov 01 04:58:10.051 INFO kablam! 
Nov 01 04:58:10.051 INFO kablam! error[E0425]: cannot find function `Number` in this scope
Nov 01 04:58:10.051 INFO kablam!   --> tests/integration_test.rs:86:48
Nov 01 04:58:10.051 INFO kablam!    |
Nov 01 04:58:10.051 INFO kablam! 86 |     assert_eq!(ev.eval_str("(force p)", 0), Ok(Number(2)));
Nov 01 04:58:10.051 INFO kablam!    |                                                ^^^^^^ not found in this scope
Nov 01 04:58:10.051 INFO kablam! 
Nov 01 04:58:10.051 INFO kablam! error[E0425]: cannot find function `Number` in this scope
Nov 01 04:58:10.051 INFO kablam!   --> tests/integration_test.rs:96:12
Nov 01 04:58:10.051 INFO kablam!    |
Nov 01 04:58:10.051 INFO kablam! 96 |         Ok(Number(1))
Nov 01 04:58:10.051 INFO kablam!    |            ^^^^^^ not found in this scope
Nov 01 04:58:10.051 INFO kablam! 
Nov 01 04:58:10.059 INFO kablam! error[E0425]: cannot find function `Number` in this scope
Nov 01 04:58:10.059 INFO kablam!    --> tests/integration_test.rs:107:12
Nov 01 04:58:10.059 INFO kablam!     |
Nov 01 04:58:10.059 INFO kablam! 107 |         Ok(Number(3))
Nov 01 04:58:10.059 INFO kablam!     |            ^^^^^^ not found in this scope
Nov 01 04:58:10.059 INFO kablam! 
Nov 01 04:58:10.059 INFO kablam! error[E0425]: cannot find function `Number` in this scope
Nov 01 04:58:10.059 INFO kablam!    --> tests/integration_test.rs:113:12
Nov 01 04:58:10.059 INFO kablam!     |
Nov 01 04:58:10.059 INFO kablam! 113 |         Ok(Number(1))
Nov 01 04:58:10.059 INFO kablam!     |            ^^^^^^ not found in this scope
Nov 01 04:58:10.059 INFO kablam! 
Nov 01 04:58:10.059 INFO kablam! error[E0425]: cannot find function `List` in this scope
Nov 01 04:58:10.059 INFO kablam!    --> tests/integration_test.rs:119:12
Nov 01 04:58:10.059 INFO kablam!     |
Nov 01 04:58:10.059 INFO kablam! 119 |         Ok(List(vec!(Number(2), Number(3))))
Nov 01 04:58:10.059 INFO kablam!     |            ^^^^ not found in this scope
Nov 01 04:58:10.059 INFO kablam! help: possible candidate is found in another module, you can import it into scope
Nov 01 04:58:10.059 INFO kablam!     |
Nov 01 04:58:10.059 INFO kablam! 3   | use lisp::Expression::List;
Nov 01 04:58:10.059 INFO kablam!     |
Nov 01 04:58:10.059 INFO kablam! 
Nov 01 04:58:10.059 INFO kablam! error[E0425]: cannot find function `Number` in this scope
Nov 01 04:58:10.059 INFO kablam!    --> tests/integration_test.rs:119:22
Nov 01 04:58:10.059 INFO kablam!     |
Nov 01 04:58:10.059 INFO kablam! 119 |         Ok(List(vec!(Number(2), Number(3))))
Nov 01 04:58:10.059 INFO kablam!     |                      ^^^^^^ not found in this scope
Nov 01 04:58:10.059 INFO kablam! 
Nov 01 04:58:10.059 INFO kablam! error[E0425]: cannot find function `Number` in this scope
Nov 01 04:58:10.059 INFO kablam!    --> tests/integration_test.rs:119:33
Nov 01 04:58:10.059 INFO kablam!     |
Nov 01 04:58:10.059 INFO kablam! 119 |         Ok(List(vec!(Number(2), Number(3))))
Nov 01 04:58:10.059 INFO kablam!     |                                 ^^^^^^ not found in this scope
Nov 01 04:58:10.059 INFO kablam! 
Nov 01 04:58:10.059 INFO kablam! warning: unused import: `lisp::Datum::*`
Nov 01 04:58:10.059 INFO kablam!  --> tests/integration_test.rs:4:5
Nov 01 04:58:10.059 INFO kablam!   |
Nov 01 04:58:10.059 INFO kablam! 4 | use lisp::Datum::*;
Nov 01 04:58:10.059 INFO kablam!   |     ^^^^^^^^^^^^^^
Nov 01 04:58:10.059 INFO kablam!   |
Nov 01 04:58:10.059 INFO kablam!   = note: #[warn(unused_imports)] on by default
Nov 01 04:58:10.059 INFO kablam! 
Nov 01 04:58:10.127 INFO kablam! error: aborting due to 19 previous errors
Nov 01 04:58:10.127 INFO kablam! 
Nov 01 04:58:10.127 INFO kablam! Some errors occurred: E0425, E0432.
Nov 01 04:58:10.127 INFO kablam! For more information about an error, try `rustc --explain E0425`.
Nov 01 04:58:10.135 INFO kablam! error: Could not compile `lisp`.
Nov 01 04:58:10.135 INFO kablam! warning: build failed, waiting for other jobs to finish...
Nov 01 04:58:10.271 INFO kablam! warning: unused import: `rayon::prelude`
Nov 01 04:58:10.271 INFO kablam!   --> src/main.rs:16:5
Nov 01 04:58:10.271 INFO kablam!    |
Nov 01 04:58:10.271 INFO kablam! 16 | use rayon::prelude::*;
Nov 01 04:58:10.271 INFO kablam!    |     ^^^^^^^^^^^^^^
Nov 01 04:58:10.271 INFO kablam!    |
Nov 01 04:58:10.271 INFO kablam!    = note: #[warn(unused_imports)] on by default
Nov 01 04:58:10.271 INFO kablam! 
Nov 01 04:58:10.761 INFO kablam! error[E0308]: mismatched types
Nov 01 04:58:10.762 INFO kablam!   --> src/symbol_table.rs:42:26
Nov 01 04:58:10.762 INFO kablam!    |
Nov 01 04:58:10.762 INFO kablam! 42 |     assert_eq!(st.insert("foo"), 0);
Nov 01 04:58:10.762 INFO kablam!    |                          ^^^^^ expected struct `std::string::String`, found str
Nov 01 04:58:10.763 INFO kablam!    |
Nov 01 04:58:10.763 INFO kablam!    = note: expected type `&std::string::String`
Nov 01 04:58:10.763 INFO kablam!               found type `&'static str`
Nov 01 04:58:10.763 INFO kablam! 
Nov 01 04:58:10.819 INFO kablam! error[E0308]: mismatched types
Nov 01 04:58:10.819 INFO kablam!   --> src/symbol_table.rs:43:26
Nov 01 04:58:10.819 INFO kablam!    |
Nov 01 04:58:10.819 INFO kablam! 43 |     assert_eq!(st.insert("bar"), 1);
Nov 01 04:58:10.819 INFO kablam!    |                          ^^^^^ expected struct `std::string::String`, found str
Nov 01 04:58:10.819 INFO kablam!    |
Nov 01 04:58:10.819 INFO kablam!    = note: expected type `&std::string::String`
Nov 01 04:58:10.819 INFO kablam!               found type `&'static str`
Nov 01 04:58:10.819 INFO kablam! 
Nov 01 04:58:10.875 INFO kablam! error[E0308]: mismatched types
Nov 01 04:58:10.875 INFO kablam!   --> src/symbol_table.rs:44:26
Nov 01 04:58:10.875 INFO kablam!    |
Nov 01 04:58:10.875 INFO kablam! 44 |     assert_eq!(st.insert("foo"), 0);
Nov 01 04:58:10.875 INFO kablam!    |                          ^^^^^ expected struct `std::string::String`, found str
Nov 01 04:58:10.875 INFO kablam!    |
Nov 01 04:58:10.875 INFO kablam!    = note: expected type `&std::string::String`
Nov 01 04:58:10.875 INFO kablam!               found type `&'static str`
Nov 01 04:58:10.875 INFO kablam! 
Nov 01 04:58:11.615 INFO kablam! error: aborting due to 3 previous errors
Nov 01 04:58:11.617 INFO kablam! 
Nov 01 04:58:11.617 INFO kablam! For more information about this error, try `rustc --explain E0308`.
Nov 01 04:58:11.627 INFO kablam! error: Could not compile `lisp`.
Nov 01 04:58:11.628 INFO kablam! 
Nov 01 04:58:11.628 INFO kablam! To learn more, run the command again with --verbose.
Nov 01 04:58:11.629 INFO kablam! su: No module specific data is present
Nov 01 04:58:12.828 INFO running `"docker" "rm" "-f" "9dd75ed41b348e5c687f1df09e9d8635bc2feabab78f6c36887aae7cf84e0443"`
Nov 01 04:58:13.184 INFO blam! 9dd75ed41b348e5c687f1df09e9d8635bc2feabab78f6c36887aae7cf84e0443
