Nov 01 05:04:01.451 INFO testing kurisuke/fuba against 1.30.0 for beta-1.31-1
Nov 01 05:04:01.452 INFO running `"docker" "create" "-v" "/mnt/big/crater/work/local/target-dirs/beta-1.31-1/worker-5/1.30.0:/target:rw,Z" "-v" "/mnt/big/crater/work/local/test-source/worker-5/beta-1.31-1/1.30.0:/source:ro,Z" "-v" "/mnt/big/crater/work/local/cargo-home:/cargo-home:ro,Z" "-v" "/mnt/big/crater/work/local/rustup-home:/rustup-home:ro,Z" "-e" "USER_ID=1000" "-e" "SOURCE_DIR=/source" "-e" "USER_ID=1000" "-e" "CMD=cargo +1.30.0 build --frozen" "-e" "CARGO_TARGET_DIR=/target" "-e" "CARGO_INCREMENTAL=0" "-e" "RUST_BACKTRACE=full" "-e" "RUSTFLAGS=--cap-lints=warn" "-e" "CARGO_HOME=/cargo-home" "-e" "RUSTUP_HOME=/rustup-home" "-m" "1536M" "--network" "none" "crater"`
Nov 01 05:04:02.061 INFO blam! c8c6512eac3ec70a76ae2714d20907454f128b728ce65ee53ac8d4623706eaa7
Nov 01 05:04:02.063 INFO running `"docker" "start" "-a" "c8c6512eac3ec70a76ae2714d20907454f128b728ce65ee53ac8d4623706eaa7"`
Nov 01 05:04:03.479 INFO kablam! usermod: no changes
Nov 01 05:04:03.623 INFO kablam!    Compiling petgraph v0.4.12
Nov 01 05:04:05.707 INFO kablam! error[E0034]: multiple applicable items in scope
Nov 01 05:04:05.707 INFO kablam!     --> /cargo-home/registry/src/github.com-1ecc6299db9ec823/petgraph-0.4.12/src/graph_impl/stable_graph/mod.rs:1171:19
Nov 01 05:04:05.708 INFO kablam!      |
Nov 01 05:04:05.708 INFO kablam! 1171 |         self.iter.find_map(|(i, node)| {
Nov 01 05:04:05.708 INFO kablam!      |                   ^^^^^^^^ multiple `find_map` found
Nov 01 05:04:05.708 INFO kablam!      |
Nov 01 05:04:05.708 INFO kablam! note: candidate #1 is defined in an impl of the trait `iter_utils::IterUtilsExt` for the type `_`
Nov 01 05:04:05.708 INFO kablam!     --> /cargo-home/registry/src/github.com-1ecc6299db9ec823/petgraph-0.4.12/src/iter_utils.rs:5:5
Nov 01 05:04:05.708 INFO kablam!      |
Nov 01 05:04:05.708 INFO kablam! 5    | /     fn find_map<F, R>(&mut self, mut f: F) -> Option<R>
Nov 01 05:04:05.708 INFO kablam! 6    | |         where F: FnMut(Self::Item) -> Option<R>
Nov 01 05:04:05.708 INFO kablam! 7    | |     {
Nov 01 05:04:05.708 INFO kablam! 8    | |         while let Some(elt) = self.next() {
Nov 01 05:04:05.708 INFO kablam! ...    |
Nov 01 05:04:05.708 INFO kablam! 13   | |         None
Nov 01 05:04:05.708 INFO kablam! 14   | |     }
Nov 01 05:04:05.708 INFO kablam!      | |_____^
Nov 01 05:04:05.708 INFO kablam!      = note: candidate #2 is defined in an impl of the trait `std::iter::Iterator` for the type `std::iter::Enumerate<_>`
Nov 01 05:04:05.708 INFO kablam! 
Nov 01 05:04:05.724 INFO kablam! error[E0034]: multiple applicable items in scope
Nov 01 05:04:05.724 INFO kablam!     --> /cargo-home/registry/src/github.com-1ecc6299db9ec823/petgraph-0.4.12/src/graph_impl/stable_graph/mod.rs:1363:19
Nov 01 05:04:05.724 INFO kablam!      |
Nov 01 05:04:05.724 INFO kablam! 1363 |         self.iter.find_map(|(i, edge)|
Nov 01 05:04:05.724 INFO kablam!      |                   ^^^^^^^^ multiple `find_map` found
Nov 01 05:04:05.724 INFO kablam!      |
Nov 01 05:04:05.725 INFO kablam! note: candidate #1 is defined in an impl of the trait `iter_utils::IterUtilsExt` for the type `_`
Nov 01 05:04:05.725 INFO kablam!     --> /cargo-home/registry/src/github.com-1ecc6299db9ec823/petgraph-0.4.12/src/iter_utils.rs:5:5
Nov 01 05:04:05.725 INFO kablam!      |
Nov 01 05:04:05.725 INFO kablam! 5    | /     fn find_map<F, R>(&mut self, mut f: F) -> Option<R>
Nov 01 05:04:05.725 INFO kablam! 6    | |         where F: FnMut(Self::Item) -> Option<R>
Nov 01 05:04:05.725 INFO kablam! 7    | |     {
Nov 01 05:04:05.725 INFO kablam! 8    | |         while let Some(elt) = self.next() {
Nov 01 05:04:05.725 INFO kablam! ...    |
Nov 01 05:04:05.725 INFO kablam! 13   | |         None
Nov 01 05:04:05.725 INFO kablam! 14   | |     }
Nov 01 05:04:05.725 INFO kablam!      | |_____^
Nov 01 05:04:05.725 INFO kablam!      = note: candidate #2 is defined in an impl of the trait `std::iter::Iterator` for the type `std::iter::Enumerate<_>`
Nov 01 05:04:05.725 INFO kablam! 
Nov 01 05:04:05.733 INFO kablam! error[E0034]: multiple applicable items in scope
Nov 01 05:04:05.733 INFO kablam!     --> /cargo-home/registry/src/github.com-1ecc6299db9ec823/petgraph-0.4.12/src/graph_impl/stable_graph/mod.rs:1527:19
Nov 01 05:04:05.733 INFO kablam!      |
Nov 01 05:04:05.733 INFO kablam! 1527 |         self.iter.find_map(|(i, node)| {
Nov 01 05:04:05.733 INFO kablam!      |                   ^^^^^^^^ multiple `find_map` found
Nov 01 05:04:05.733 INFO kablam!      |
Nov 01 05:04:05.733 INFO kablam! note: candidate #1 is defined in an impl of the trait `iter_utils::IterUtilsExt` for the type `_`
Nov 01 05:04:05.733 INFO kablam!     --> /cargo-home/registry/src/github.com-1ecc6299db9ec823/petgraph-0.4.12/src/iter_utils.rs:5:5
Nov 01 05:04:05.733 INFO kablam!      |
Nov 01 05:04:05.733 INFO kablam! 5    | /     fn find_map<F, R>(&mut self, mut f: F) -> Option<R>
Nov 01 05:04:05.733 INFO kablam! 6    | |         where F: FnMut(Self::Item) -> Option<R>
Nov 01 05:04:05.733 INFO kablam! 7    | |     {
Nov 01 05:04:05.733 INFO kablam! 8    | |         while let Some(elt) = self.next() {
Nov 01 05:04:05.733 INFO kablam! ...    |
Nov 01 05:04:05.733 INFO kablam! 13   | |         None
Nov 01 05:04:05.734 INFO kablam! 14   | |     }
Nov 01 05:04:05.734 INFO kablam!      | |_____^
Nov 01 05:04:05.734 INFO kablam!      = note: candidate #2 is defined in an impl of the trait `std::iter::Iterator` for the type `std::iter::Enumerate<_>`
Nov 01 05:04:05.734 INFO kablam! 
Nov 01 05:04:05.737 INFO kablam! error[E0034]: multiple applicable items in scope
Nov 01 05:04:05.737 INFO kablam!     --> /cargo-home/registry/src/github.com-1ecc6299db9ec823/petgraph-0.4.12/src/graph_impl/stable_graph/mod.rs:1573:19
Nov 01 05:04:05.737 INFO kablam!      |
Nov 01 05:04:05.737 INFO kablam! 1573 |         self.iter.find_map(|(i, node)| {
Nov 01 05:04:05.737 INFO kablam!      |                   ^^^^^^^^ multiple `find_map` found
Nov 01 05:04:05.737 INFO kablam!      |
Nov 01 05:04:05.738 INFO kablam! note: candidate #1 is defined in an impl of the trait `iter_utils::IterUtilsExt` for the type `_`
Nov 01 05:04:05.738 INFO kablam!     --> /cargo-home/registry/src/github.com-1ecc6299db9ec823/petgraph-0.4.12/src/iter_utils.rs:5:5
Nov 01 05:04:05.738 INFO kablam!      |
Nov 01 05:04:05.738 INFO kablam! 5    | /     fn find_map<F, R>(&mut self, mut f: F) -> Option<R>
Nov 01 05:04:05.738 INFO kablam! 6    | |         where F: FnMut(Self::Item) -> Option<R>
Nov 01 05:04:05.738 INFO kablam! 7    | |     {
Nov 01 05:04:05.738 INFO kablam! 8    | |         while let Some(elt) = self.next() {
Nov 01 05:04:05.738 INFO kablam! ...    |
Nov 01 05:04:05.738 INFO kablam! 13   | |         None
Nov 01 05:04:05.738 INFO kablam! 14   | |     }
Nov 01 05:04:05.738 INFO kablam!      | |_____^
Nov 01 05:04:05.738 INFO kablam!      = note: candidate #2 is defined in an impl of the trait `std::iter::Iterator` for the type `std::iter::Enumerate<_>`
Nov 01 05:04:05.738 INFO kablam! 
Nov 01 05:04:06.052 INFO kablam! error: aborting due to 4 previous errors
Nov 01 05:04:06.052 INFO kablam! 
Nov 01 05:04:06.052 INFO kablam! For more information about this error, try `rustc --explain E0034`.
Nov 01 05:04:06.065 INFO kablam! error: Could not compile `petgraph`.
Nov 01 05:04:06.066 INFO kablam! 
Nov 01 05:04:06.066 INFO kablam! To learn more, run the command again with --verbose.
Nov 01 05:04:06.069 INFO kablam! su: No module specific data is present
Nov 01 05:04:06.757 INFO running `"docker" "rm" "-f" "c8c6512eac3ec70a76ae2714d20907454f128b728ce65ee53ac8d4623706eaa7"`
Nov 01 05:04:07.055 INFO blam! c8c6512eac3ec70a76ae2714d20907454f128b728ce65ee53ac8d4623706eaa7
