Nov 01 05:14:27.877 INFO testing kpcyrd/cargo-debstatus against 1.30.0 for beta-1.31-1
Nov 01 05:14:27.877 INFO running `"docker" "create" "-v" "/mnt/big/crater/work/local/target-dirs/beta-1.31-1/worker-5/1.30.0:/target:rw,Z" "-v" "/mnt/big/crater/work/local/test-source/worker-5/beta-1.31-1/1.30.0:/source:ro,Z" "-v" "/mnt/big/crater/work/local/cargo-home:/cargo-home:ro,Z" "-v" "/mnt/big/crater/work/local/rustup-home:/rustup-home:ro,Z" "-e" "USER_ID=1000" "-e" "SOURCE_DIR=/source" "-e" "USER_ID=1000" "-e" "CMD=cargo +1.30.0 build --frozen" "-e" "CARGO_TARGET_DIR=/target" "-e" "CARGO_INCREMENTAL=0" "-e" "RUST_BACKTRACE=full" "-e" "RUSTFLAGS=--cap-lints=warn" "-e" "CARGO_HOME=/cargo-home" "-e" "RUSTUP_HOME=/rustup-home" "-m" "1536M" "--network" "none" "crater"`
Nov 01 05:14:28.422 INFO blam! 04065523d0ef6cba1283de66d5379d141276de4c04546d860e40c05088250f89
Nov 01 05:14:28.435 INFO running `"docker" "start" "-a" "04065523d0ef6cba1283de66d5379d141276de4c04546d860e40c05088250f89"`
Nov 01 05:14:29.879 INFO kablam! usermod: no changes
Nov 01 05:14:30.271 INFO kablam!    Compiling fallible-iterator v0.1.5
Nov 01 05:14:30.277 INFO kablam!    Compiling home v0.3.3
Nov 01 05:14:30.277 INFO kablam!    Compiling shell-escape v0.1.4
Nov 01 05:14:30.277 INFO kablam!    Compiling cmake v0.1.33
Nov 01 05:14:30.279 INFO kablam!    Compiling memchr v1.0.2
Nov 01 05:14:30.279 INFO kablam!    Compiling fs2 v0.4.3
Nov 01 05:14:30.283 INFO kablam!    Compiling socket2 v0.3.7
Nov 01 05:14:30.283 INFO kablam!    Compiling phf_shared v0.7.21
Nov 01 05:14:33.235 INFO kablam!    Compiling petgraph v0.4.12
Nov 01 05:14:33.235 INFO kablam!    Compiling stringprep v0.1.2
Nov 01 05:14:33.287 INFO kablam!    Compiling jobserver v0.1.11
Nov 01 05:14:33.287 INFO kablam!    Compiling tar v0.4.16
Nov 01 05:14:33.591 INFO kablam!    Compiling phf v0.7.21
Nov 01 05:14:34.901 INFO kablam!    Compiling openssl v0.10.11
Nov 01 05:14:35.019 INFO kablam!    Compiling miniz-sys v0.1.10
Nov 01 05:14:37.340 INFO kablam!    Compiling serde_ignored v0.0.4
Nov 01 05:14:37.343 INFO kablam!    Compiling semver v0.9.0
Nov 01 05:14:37.364 INFO kablam!    Compiling curl-sys v0.4.8
Nov 01 05:14:47.023 INFO kablam! error[E0034]: multiple applicable items in scope
Nov 01 05:14:47.023 INFO kablam!     --> /cargo-home/registry/src/github.com-1ecc6299db9ec823/petgraph-0.4.12/src/graph_impl/stable_graph/mod.rs:1171:19
Nov 01 05:14:47.023 INFO kablam!      |
Nov 01 05:14:47.023 INFO kablam! 1171 |         self.iter.find_map(|(i, node)| {
Nov 01 05:14:47.023 INFO kablam!      |                   ^^^^^^^^ multiple `find_map` found
Nov 01 05:14:47.023 INFO kablam!      |
Nov 01 05:14:47.023 INFO kablam! note: candidate #1 is defined in an impl of the trait `iter_utils::IterUtilsExt` for the type `_`
Nov 01 05:14:47.023 INFO kablam!     --> /cargo-home/registry/src/github.com-1ecc6299db9ec823/petgraph-0.4.12/src/iter_utils.rs:5:5
Nov 01 05:14:47.023 INFO kablam!      |
Nov 01 05:14:47.023 INFO kablam! 5    | /     fn find_map<F, R>(&mut self, mut f: F) -> Option<R>
Nov 01 05:14:47.023 INFO kablam! 6    | |         where F: FnMut(Self::Item) -> Option<R>
Nov 01 05:14:47.023 INFO kablam! 7    | |     {
Nov 01 05:14:47.023 INFO kablam! 8    | |         while let Some(elt) = self.next() {
Nov 01 05:14:47.023 INFO kablam! ...    |
Nov 01 05:14:47.023 INFO kablam! 13   | |         None
Nov 01 05:14:47.023 INFO kablam! 14   | |     }
Nov 01 05:14:47.023 INFO kablam!      | |_____^
Nov 01 05:14:47.023 INFO kablam!      = note: candidate #2 is defined in an impl of the trait `std::iter::Iterator` for the type `std::iter::Enumerate<_>`
Nov 01 05:14:47.023 INFO kablam! 
Nov 01 05:14:47.191 INFO kablam!    Compiling flate2 v1.0.2
Nov 01 05:14:47.215 INFO kablam! error[E0034]: multiple applicable items in scope
Nov 01 05:14:47.215 INFO kablam!     --> /cargo-home/registry/src/github.com-1ecc6299db9ec823/petgraph-0.4.12/src/graph_impl/stable_graph/mod.rs:1363:19
Nov 01 05:14:47.215 INFO kablam!      |
Nov 01 05:14:47.215 INFO kablam! 1363 |         self.iter.find_map(|(i, edge)|
Nov 01 05:14:47.215 INFO kablam!      |                   ^^^^^^^^ multiple `find_map` found
Nov 01 05:14:47.215 INFO kablam!      |
Nov 01 05:14:47.215 INFO kablam! note: candidate #1 is defined in an impl of the trait `iter_utils::IterUtilsExt` for the type `_`
Nov 01 05:14:47.215 INFO kablam!     --> /cargo-home/registry/src/github.com-1ecc6299db9ec823/petgraph-0.4.12/src/iter_utils.rs:5:5
Nov 01 05:14:47.215 INFO kablam!      |
Nov 01 05:14:47.215 INFO kablam! 5    | /     fn find_map<F, R>(&mut self, mut f: F) -> Option<R>
Nov 01 05:14:47.215 INFO kablam! 6    | |         where F: FnMut(Self::Item) -> Option<R>
Nov 01 05:14:47.215 INFO kablam! 7    | |     {
Nov 01 05:14:47.215 INFO kablam! 8    | |         while let Some(elt) = self.next() {
Nov 01 05:14:47.216 INFO kablam! ...    |
Nov 01 05:14:47.216 INFO kablam! 13   | |         None
Nov 01 05:14:47.216 INFO kablam! 14   | |     }
Nov 01 05:14:47.216 INFO kablam!      | |_____^
Nov 01 05:14:47.216 INFO kablam!      = note: candidate #2 is defined in an impl of the trait `std::iter::Iterator` for the type `std::iter::Enumerate<_>`
Nov 01 05:14:47.216 INFO kablam! 
Nov 01 05:14:47.307 INFO kablam! error[E0034]: multiple applicable items in scope
Nov 01 05:14:47.307 INFO kablam!     --> /cargo-home/registry/src/github.com-1ecc6299db9ec823/petgraph-0.4.12/src/graph_impl/stable_graph/mod.rs:1527:19
Nov 01 05:14:47.307 INFO kablam!      |
Nov 01 05:14:47.307 INFO kablam! 1527 |         self.iter.find_map(|(i, node)| {
Nov 01 05:14:47.307 INFO kablam!      |                   ^^^^^^^^ multiple `find_map` found
Nov 01 05:14:47.307 INFO kablam!      |
Nov 01 05:14:47.307 INFO kablam! note: candidate #1 is defined in an impl of the trait `iter_utils::IterUtilsExt` for the type `_`
Nov 01 05:14:47.307 INFO kablam!     --> /cargo-home/registry/src/github.com-1ecc6299db9ec823/petgraph-0.4.12/src/iter_utils.rs:5:5
Nov 01 05:14:47.307 INFO kablam!      |
Nov 01 05:14:47.307 INFO kablam! 5    | /     fn find_map<F, R>(&mut self, mut f: F) -> Option<R>
Nov 01 05:14:47.307 INFO kablam! 6    | |         where F: FnMut(Self::Item) -> Option<R>
Nov 01 05:14:47.307 INFO kablam! 7    | |     {
Nov 01 05:14:47.307 INFO kablam! 8    | |         while let Some(elt) = self.next() {
Nov 01 05:14:47.307 INFO kablam! ...    |
Nov 01 05:14:47.307 INFO kablam! 13   | |         None
Nov 01 05:14:47.307 INFO kablam! 14   | |     }
Nov 01 05:14:47.307 INFO kablam!      | |_____^
Nov 01 05:14:47.307 INFO kablam!      = note: candidate #2 is defined in an impl of the trait `std::iter::Iterator` for the type `std::iter::Enumerate<_>`
Nov 01 05:14:47.307 INFO kablam! 
Nov 01 05:14:47.331 INFO kablam! error[E0034]: multiple applicable items in scope
Nov 01 05:14:47.331 INFO kablam!     --> /cargo-home/registry/src/github.com-1ecc6299db9ec823/petgraph-0.4.12/src/graph_impl/stable_graph/mod.rs:1573:19
Nov 01 05:14:47.331 INFO kablam!      |
Nov 01 05:14:47.331 INFO kablam! 1573 |         self.iter.find_map(|(i, node)| {
Nov 01 05:14:47.331 INFO kablam!      |                   ^^^^^^^^ multiple `find_map` found
Nov 01 05:14:47.331 INFO kablam!      |
Nov 01 05:14:47.331 INFO kablam! note: candidate #1 is defined in an impl of the trait `iter_utils::IterUtilsExt` for the type `_`
Nov 01 05:14:47.331 INFO kablam!     --> /cargo-home/registry/src/github.com-1ecc6299db9ec823/petgraph-0.4.12/src/iter_utils.rs:5:5
Nov 01 05:14:47.331 INFO kablam!      |
Nov 01 05:14:47.331 INFO kablam! 5    | /     fn find_map<F, R>(&mut self, mut f: F) -> Option<R>
Nov 01 05:14:47.331 INFO kablam! 6    | |         where F: FnMut(Self::Item) -> Option<R>
Nov 01 05:14:47.331 INFO kablam! 7    | |     {
Nov 01 05:14:47.331 INFO kablam! 8    | |         while let Some(elt) = self.next() {
Nov 01 05:14:47.331 INFO kablam! ...    |
Nov 01 05:14:47.331 INFO kablam! 13   | |         None
Nov 01 05:14:47.331 INFO kablam! 14   | |     }
Nov 01 05:14:47.331 INFO kablam!      | |_____^
Nov 01 05:14:47.331 INFO kablam!      = note: candidate #2 is defined in an impl of the trait `std::iter::Iterator` for the type `std::iter::Enumerate<_>`
Nov 01 05:14:47.331 INFO kablam! 
Nov 01 05:14:47.343 INFO kablam!    Compiling libssh2-sys v0.2.10
Nov 01 05:14:47.371 INFO kablam!    Compiling libgit2-sys v0.7.7
Nov 01 05:14:47.387 INFO kablam!    Compiling serde_derive v1.0.71
Nov 01 05:14:47.448 INFO kablam!    Compiling structopt-derive v0.2.10
Nov 01 05:14:47.727 INFO kablam!    Compiling curl v0.4.14
Nov 01 05:14:48.933 INFO kablam! error: aborting due to 4 previous errors
Nov 01 05:14:48.933 INFO kablam! 
Nov 01 05:14:48.934 INFO kablam! For more information about this error, try `rustc --explain E0034`.
Nov 01 05:14:48.956 INFO kablam! error: Could not compile `petgraph`.
Nov 01 05:14:48.956 INFO kablam! warning: build failed, waiting for other jobs to finish...
Nov 01 05:15:16.995 INFO kablam! error: build failed
Nov 01 05:15:16.997 INFO kablam! su: No module specific data is present
Nov 01 05:15:18.064 INFO running `"docker" "rm" "-f" "04065523d0ef6cba1283de66d5379d141276de4c04546d860e40c05088250f89"`
Nov 01 05:15:18.390 INFO blam! 04065523d0ef6cba1283de66d5379d141276de4c04546d860e40c05088250f89
