Nov 01 05:36:39.509 INFO testing kirillkh/xword_constructor against 1.30.0 for beta-1.31-1
Nov 01 05:36:39.509 INFO running `"docker" "create" "-v" "/mnt/big/crater/work/local/target-dirs/beta-1.31-1/worker-6/1.30.0:/target:rw,Z" "-v" "/mnt/big/crater/work/local/test-source/worker-6/beta-1.31-1/1.30.0:/source:ro,Z" "-v" "/mnt/big/crater/work/local/cargo-home:/cargo-home:ro,Z" "-v" "/mnt/big/crater/work/local/rustup-home:/rustup-home:ro,Z" "-e" "USER_ID=1000" "-e" "SOURCE_DIR=/source" "-e" "USER_ID=1000" "-e" "CMD=cargo +1.30.0 build --frozen" "-e" "CARGO_TARGET_DIR=/target" "-e" "CARGO_INCREMENTAL=0" "-e" "RUST_BACKTRACE=full" "-e" "RUSTFLAGS=--cap-lints=warn" "-e" "CARGO_HOME=/cargo-home" "-e" "RUSTUP_HOME=/rustup-home" "-m" "1536M" "--network" "none" "crater"`
Nov 01 05:36:39.987 INFO blam! a664a1ce050c88a8190123daa2d581aaab938d7b1a75d28dbb775cb0746f24e7
Nov 01 05:36:39.990 INFO running `"docker" "start" "-a" "a664a1ce050c88a8190123daa2d581aaab938d7b1a75d28dbb775cb0746f24e7"`
Nov 01 05:36:41.449 INFO kablam! usermod: no changes
Nov 01 05:36:41.546 INFO kablam!    Compiling libc v0.2.8
Nov 01 05:36:41.547 INFO kablam!    Compiling ndarray v0.6.8
Nov 01 05:36:41.567 INFO kablam!    Compiling either v1.0.1
Nov 01 05:36:41.567 INFO kablam!    Compiling matrixmultiply v0.1.11
Nov 01 05:36:41.567 INFO kablam!    Compiling mempool v0.2.0
Nov 01 05:36:41.571 INFO kablam!    Compiling regex-syntax v0.3.1
Nov 01 05:36:41.574 INFO kablam!    Compiling num-complex v0.1.35
Nov 01 05:36:42.795 INFO kablam!    Compiling itertools v0.5.5
Nov 01 05:36:45.572 INFO kablam!    Compiling memchr v0.1.10
Nov 01 05:36:45.572 INFO kablam!    Compiling rand v0.3.14
Nov 01 05:36:46.443 INFO kablam!    Compiling aho-corasick v0.5.1
Nov 01 05:36:53.959 INFO kablam!    Compiling regex v0.1.61
Nov 01 05:36:58.805 INFO kablam!    Compiling xword_constructor v0.2.1 (/source)
Nov 01 05:36:59.439 INFO kablam! error[E0554]: #![feature] may not be used on the stable release channel
Nov 01 05:36:59.439 INFO kablam!  --> src/lib.rs:1:1
Nov 01 05:36:59.439 INFO kablam!   |
Nov 01 05:36:59.439 INFO kablam! 1 | #![feature(test)]
Nov 01 05:36:59.439 INFO kablam!   | ^^^^^^^^^^^^^^^^^
Nov 01 05:36:59.439 INFO kablam! 
Nov 01 05:36:59.439 INFO kablam! error[E0554]: #![feature] may not be used on the stable release channel
Nov 01 05:36:59.439 INFO kablam!  --> src/lib.rs:2:1
Nov 01 05:36:59.439 INFO kablam!   |
Nov 01 05:36:59.439 INFO kablam! 2 | #![feature(repr_simd)]
Nov 01 05:36:59.439 INFO kablam!   | ^^^^^^^^^^^^^^^^^^^^^^
Nov 01 05:36:59.439 INFO kablam! 
Nov 01 05:36:59.439 INFO kablam! error[E0554]: #![feature] may not be used on the stable release channel
Nov 01 05:36:59.439 INFO kablam!  --> src/lib.rs:3:1
Nov 01 05:36:59.439 INFO kablam!   |
Nov 01 05:36:59.439 INFO kablam! 3 | #![feature(specialization)]
Nov 01 05:36:59.439 INFO kablam!   | ^^^^^^^^^^^^^^^^^^^^^^^^^^^
Nov 01 05:36:59.439 INFO kablam! 
Nov 01 05:36:59.440 INFO kablam! error: aborting due to 3 previous errors
Nov 01 05:36:59.440 INFO kablam! 
Nov 01 05:36:59.440 INFO kablam! For more information about this error, try `rustc --explain E0554`.
Nov 01 05:36:59.443 INFO kablam! error: Could not compile `xword_constructor`.
Nov 01 05:36:59.443 INFO kablam! 
Nov 01 05:36:59.444 INFO kablam! To learn more, run the command again with --verbose.
Nov 01 05:36:59.451 INFO kablam! su: No module specific data is present
Nov 01 05:37:00.095 INFO running `"docker" "rm" "-f" "a664a1ce050c88a8190123daa2d581aaab938d7b1a75d28dbb775cb0746f24e7"`
Nov 01 05:37:00.303 INFO blam! a664a1ce050c88a8190123daa2d581aaab938d7b1a75d28dbb775cb0746f24e7
