Nov 01 05:38:12.238 INFO testing kingoflolz/routing against beta-2018-10-30 for beta-1.31-1
Nov 01 05:38:12.238 INFO running `"docker" "create" "-v" "/mnt/big/crater/work/local/target-dirs/beta-1.31-1/worker-3/beta-2018-10-30:/target:rw,Z" "-v" "/mnt/big/crater/work/local/test-source/worker-3/beta-1.31-1/beta-2018-10-30:/source:ro,Z" "-v" "/mnt/big/crater/work/local/cargo-home:/cargo-home:ro,Z" "-v" "/mnt/big/crater/work/local/rustup-home:/rustup-home:ro,Z" "-e" "USER_ID=1000" "-e" "SOURCE_DIR=/source" "-e" "USER_ID=1000" "-e" "CMD=cargo +beta-2018-10-30 build --frozen" "-e" "CARGO_TARGET_DIR=/target" "-e" "CARGO_INCREMENTAL=0" "-e" "RUST_BACKTRACE=full" "-e" "RUSTFLAGS=--cap-lints=warn" "-e" "CARGO_HOME=/cargo-home" "-e" "RUSTUP_HOME=/rustup-home" "-m" "1536M" "--network" "none" "crater"`
Nov 01 05:38:12.828 INFO blam! 3d514fbf2a02447182c85b86d74b6faf85d1e78327f535f87f2d3f9781605ad9
Nov 01 05:38:12.831 INFO running `"docker" "start" "-a" "3d514fbf2a02447182c85b86d74b6faf85d1e78327f535f87f2d3f9781605ad9"`
Nov 01 05:38:14.295 INFO kablam! usermod: no changes
Nov 01 05:38:14.475 INFO kablam!    Compiling unicode-xid v0.0.4
Nov 01 05:38:14.475 INFO kablam!    Compiling typenum v1.9.0
Nov 01 05:38:14.475 INFO kablam!    Compiling libc v0.2.33
Nov 01 05:38:14.475 INFO kablam!    Compiling num-traits v0.1.40
Nov 01 05:38:14.475 INFO kablam!    Compiling quote v0.3.15
Nov 01 05:38:14.475 INFO kablam!    Compiling serde v0.8.23
Nov 01 05:38:14.475 INFO kablam!    Compiling rustc-serialize v0.3.24
Nov 01 05:38:14.475 INFO kablam!    Compiling approx v0.1.1
Nov 01 05:38:15.776 INFO kablam!    Compiling matrixmultiply v0.1.14
Nov 01 05:38:16.821 INFO kablam!    Compiling nodrop v0.1.12
Nov 01 05:38:19.990 INFO kablam!    Compiling rawpointer v0.1.0
Nov 01 05:38:20.020 INFO kablam!    Compiling smallvec v0.3.3
Nov 01 05:38:20.175 INFO kablam!    Compiling itoa v0.3.4
Nov 01 05:38:20.483 INFO kablam!    Compiling clamp v0.1.0
Nov 01 05:38:21.146 INFO kablam!    Compiling ordermap v0.3.0
Nov 01 05:38:22.303 INFO kablam!    Compiling serde v1.0.19
Nov 01 05:38:22.531 INFO kablam!    Compiling fixedbitset v0.1.8
Nov 01 05:38:22.550 INFO kablam!    Compiling dtoa v0.4.2
Nov 01 05:38:23.071 INFO kablam!    Compiling synom v0.11.3
Nov 01 05:38:23.955 INFO kablam!    Compiling num-integer v0.1.35
Nov 01 05:38:24.110 INFO kablam!    Compiling rand v0.3.18
Nov 01 05:38:26.099 INFO kablam!    Compiling time v0.1.38
Nov 01 05:38:26.151 INFO kablam!    Compiling num-iter v0.1.34
Nov 01 05:38:26.759 INFO kablam!    Compiling syn v0.11.11
Nov 01 05:38:36.299 INFO kablam!    Compiling generic-array v0.2.1
Nov 01 05:38:36.299 INFO kablam!    Compiling generic-array v0.8.3
Nov 01 05:38:36.536 INFO kablam!    Compiling cgmath v0.14.1
Nov 01 05:38:47.015 INFO kablam!    Compiling num-bigint v0.1.40
Nov 01 05:38:47.095 INFO kablam!    Compiling num-complex v0.1.40
Nov 01 05:38:57.175 INFO kablam!    Compiling alga v0.5.2
Nov 01 05:38:58.891 INFO kablam!    Compiling serde_derive_internals v0.17.0
Nov 01 05:38:59.233 INFO kablam!    Compiling num-rational v0.1.40
Nov 01 05:39:00.361 INFO kablam!    Compiling serde_json v1.0.6
Nov 01 05:39:08.267 INFO kablam!    Compiling num v0.1.40
Nov 01 05:39:09.195 INFO kablam!    Compiling serde_derive v1.0.19
Nov 01 05:39:09.607 INFO kablam!    Compiling nalgebra v0.12.3
Nov 01 05:39:22.551 INFO kablam!    Compiling nalgebra v0.13.1
Nov 01 05:39:22.551 INFO kablam!    Compiling petgraph v0.4.10
Nov 01 05:39:25.179 INFO kablam! error[E0034]: multiple applicable items in scope
Nov 01 05:39:25.179 INFO kablam!     --> /cargo-home/registry/src/github.com-1ecc6299db9ec823/petgraph-0.4.10/src/graph_impl/stable_graph/mod.rs:1173:19
Nov 01 05:39:25.179 INFO kablam!      |
Nov 01 05:39:25.179 INFO kablam! 1173 |         self.iter.find_map(|(i, node)| {
Nov 01 05:39:25.179 INFO kablam!      |                   ^^^^^^^^ multiple `find_map` found
Nov 01 05:39:25.179 INFO kablam!      |
Nov 01 05:39:25.179 INFO kablam! note: candidate #1 is defined in an impl of the trait `iter_utils::IterUtilsExt` for the type `_`
Nov 01 05:39:25.179 INFO kablam!     --> /cargo-home/registry/src/github.com-1ecc6299db9ec823/petgraph-0.4.10/src/iter_utils.rs:5:5
Nov 01 05:39:25.180 INFO kablam!      |
Nov 01 05:39:25.180 INFO kablam! 5    | /     fn find_map<F, R>(&mut self, mut f: F) -> Option<R>
Nov 01 05:39:25.180 INFO kablam! 6    | |         where F: FnMut(Self::Item) -> Option<R>
Nov 01 05:39:25.180 INFO kablam! 7    | |     {
Nov 01 05:39:25.180 INFO kablam! 8    | |         while let Some(elt) = self.next() {
Nov 01 05:39:25.180 INFO kablam! ...    |
Nov 01 05:39:25.180 INFO kablam! 13   | |         None
Nov 01 05:39:25.180 INFO kablam! 14   | |     }
Nov 01 05:39:25.180 INFO kablam!      | |_____^
Nov 01 05:39:25.180 INFO kablam!      = note: candidate #2 is defined in an impl of the trait `std::iter::Iterator` for the type `std::iter::Enumerate<_>`
Nov 01 05:39:25.180 INFO kablam! 
Nov 01 05:39:25.199 INFO kablam! error[E0034]: multiple applicable items in scope
Nov 01 05:39:25.199 INFO kablam!     --> /cargo-home/registry/src/github.com-1ecc6299db9ec823/petgraph-0.4.10/src/graph_impl/stable_graph/mod.rs:1365:19
Nov 01 05:39:25.199 INFO kablam!      |
Nov 01 05:39:25.199 INFO kablam! 1365 |         self.iter.find_map(|(i, edge)|
Nov 01 05:39:25.199 INFO kablam!      |                   ^^^^^^^^ multiple `find_map` found
Nov 01 05:39:25.199 INFO kablam!      |
Nov 01 05:39:25.199 INFO kablam! note: candidate #1 is defined in an impl of the trait `iter_utils::IterUtilsExt` for the type `_`
Nov 01 05:39:25.199 INFO kablam!     --> /cargo-home/registry/src/github.com-1ecc6299db9ec823/petgraph-0.4.10/src/iter_utils.rs:5:5
Nov 01 05:39:25.199 INFO kablam!      |
Nov 01 05:39:25.200 INFO kablam! 5    | /     fn find_map<F, R>(&mut self, mut f: F) -> Option<R>
Nov 01 05:39:25.200 INFO kablam! 6    | |         where F: FnMut(Self::Item) -> Option<R>
Nov 01 05:39:25.200 INFO kablam! 7    | |     {
Nov 01 05:39:25.200 INFO kablam! 8    | |         while let Some(elt) = self.next() {
Nov 01 05:39:25.200 INFO kablam! ...    |
Nov 01 05:39:25.200 INFO kablam! 13   | |         None
Nov 01 05:39:25.200 INFO kablam! 14   | |     }
Nov 01 05:39:25.200 INFO kablam!      | |_____^
Nov 01 05:39:25.200 INFO kablam!      = note: candidate #2 is defined in an impl of the trait `std::iter::Iterator` for the type `std::iter::Enumerate<_>`
Nov 01 05:39:25.200 INFO kablam! 
Nov 01 05:39:25.211 INFO kablam! error[E0034]: multiple applicable items in scope
Nov 01 05:39:25.211 INFO kablam!     --> /cargo-home/registry/src/github.com-1ecc6299db9ec823/petgraph-0.4.10/src/graph_impl/stable_graph/mod.rs:1529:19
Nov 01 05:39:25.211 INFO kablam!      |
Nov 01 05:39:25.211 INFO kablam! 1529 |         self.iter.find_map(|(i, node)| {
Nov 01 05:39:25.211 INFO kablam!      |                   ^^^^^^^^ multiple `find_map` found
Nov 01 05:39:25.211 INFO kablam!      |
Nov 01 05:39:25.211 INFO kablam! note: candidate #1 is defined in an impl of the trait `iter_utils::IterUtilsExt` for the type `_`
Nov 01 05:39:25.211 INFO kablam!     --> /cargo-home/registry/src/github.com-1ecc6299db9ec823/petgraph-0.4.10/src/iter_utils.rs:5:5
Nov 01 05:39:25.211 INFO kablam!      |
Nov 01 05:39:25.211 INFO kablam! 5    | /     fn find_map<F, R>(&mut self, mut f: F) -> Option<R>
Nov 01 05:39:25.211 INFO kablam! 6    | |         where F: FnMut(Self::Item) -> Option<R>
Nov 01 05:39:25.212 INFO kablam! 7    | |     {
Nov 01 05:39:25.212 INFO kablam! 8    | |         while let Some(elt) = self.next() {
Nov 01 05:39:25.212 INFO kablam! ...    |
Nov 01 05:39:25.212 INFO kablam! 13   | |         None
Nov 01 05:39:25.212 INFO kablam! 14   | |     }
Nov 01 05:39:25.212 INFO kablam!      | |_____^
Nov 01 05:39:25.212 INFO kablam!      = note: candidate #2 is defined in an impl of the trait `std::iter::Iterator` for the type `std::iter::Enumerate<_>`
Nov 01 05:39:25.212 INFO kablam! 
Nov 01 05:39:25.219 INFO kablam! error[E0034]: multiple applicable items in scope
Nov 01 05:39:25.219 INFO kablam!     --> /cargo-home/registry/src/github.com-1ecc6299db9ec823/petgraph-0.4.10/src/graph_impl/stable_graph/mod.rs:1575:19
Nov 01 05:39:25.219 INFO kablam!      |
Nov 01 05:39:25.219 INFO kablam! 1575 |         self.iter.find_map(|(i, node)| {
Nov 01 05:39:25.219 INFO kablam!      |                   ^^^^^^^^ multiple `find_map` found
Nov 01 05:39:25.219 INFO kablam!      |
Nov 01 05:39:25.219 INFO kablam! note: candidate #1 is defined in an impl of the trait `iter_utils::IterUtilsExt` for the type `_`
Nov 01 05:39:25.219 INFO kablam!     --> /cargo-home/registry/src/github.com-1ecc6299db9ec823/petgraph-0.4.10/src/iter_utils.rs:5:5
Nov 01 05:39:25.219 INFO kablam!      |
Nov 01 05:39:25.219 INFO kablam! 5    | /     fn find_map<F, R>(&mut self, mut f: F) -> Option<R>
Nov 01 05:39:25.219 INFO kablam! 6    | |         where F: FnMut(Self::Item) -> Option<R>
Nov 01 05:39:25.219 INFO kablam! 7    | |     {
Nov 01 05:39:25.220 INFO kablam! 8    | |         while let Some(elt) = self.next() {
Nov 01 05:39:25.220 INFO kablam! ...    |
Nov 01 05:39:25.220 INFO kablam! 13   | |         None
Nov 01 05:39:25.220 INFO kablam! 14   | |     }
Nov 01 05:39:25.220 INFO kablam!      | |_____^
Nov 01 05:39:25.220 INFO kablam!      = note: candidate #2 is defined in an impl of the trait `std::iter::Iterator` for the type `std::iter::Enumerate<_>`
Nov 01 05:39:25.220 INFO kablam! 
Nov 01 05:39:25.669 INFO kablam! error: aborting due to 4 previous errors
Nov 01 05:39:25.670 INFO kablam! 
Nov 01 05:39:25.670 INFO kablam! For more information about this error, try `rustc --explain E0034`.
Nov 01 05:39:25.678 INFO kablam! error: Could not compile `petgraph`.
Nov 01 05:39:25.679 INFO kablam! warning: build failed, waiting for other jobs to finish...
Nov 01 05:40:04.399 INFO kablam! error: build failed
Nov 01 05:40:04.400 INFO kablam! su: No module specific data is present
Nov 01 05:40:04.777 INFO running `"docker" "rm" "-f" "3d514fbf2a02447182c85b86d74b6faf85d1e78327f535f87f2d3f9781605ad9"`
Nov 01 05:40:04.863 INFO blam! 3d514fbf2a02447182c85b86d74b6faf85d1e78327f535f87f2d3f9781605ad9
