Nov 01 06:06:11.446 INFO testing kardeiz/rayon-issue against beta-2018-10-30 for beta-1.31-1
Nov 01 06:06:11.448 INFO running `"docker" "create" "-v" "/mnt/big/crater/work/local/target-dirs/beta-1.31-1/worker-2/beta-2018-10-30:/target:rw,Z" "-v" "/mnt/big/crater/work/local/test-source/worker-2/beta-1.31-1/beta-2018-10-30:/source:ro,Z" "-v" "/mnt/big/crater/work/local/cargo-home:/cargo-home:ro,Z" "-v" "/mnt/big/crater/work/local/rustup-home:/rustup-home:ro,Z" "-e" "USER_ID=1000" "-e" "SOURCE_DIR=/source" "-e" "USER_ID=1000" "-e" "CMD=cargo +beta-2018-10-30 build --frozen" "-e" "CARGO_TARGET_DIR=/target" "-e" "CARGO_INCREMENTAL=0" "-e" "RUST_BACKTRACE=full" "-e" "RUSTFLAGS=--cap-lints=warn" "-e" "CARGO_HOME=/cargo-home" "-e" "RUSTUP_HOME=/rustup-home" "-m" "1536M" "--network" "none" "crater"`
Nov 01 06:06:11.859 INFO blam! 1ed4f9c7bfde4c2c9031d6db4fab107d39590d8ca1fe7d165208f825b43e59a1
Nov 01 06:06:11.867 INFO running `"docker" "start" "-a" "1ed4f9c7bfde4c2c9031d6db4fab107d39590d8ca1fe7d165208f825b43e59a1"`
Nov 01 06:06:12.625 INFO kablam! usermod: no changes
Nov 01 06:06:12.815 INFO kablam!    Compiling num_cpus v1.2.1
Nov 01 06:06:12.823 INFO kablam!    Compiling rust-crypto v0.2.36
Nov 01 06:06:12.823 INFO kablam!    Compiling serde_json v0.9.9
Nov 01 06:06:12.824 INFO kablam!    Compiling syn v0.11.8
Nov 01 06:06:14.667 INFO kablam!    Compiling rayon v0.6.0
Nov 01 06:06:24.211 INFO kablam!    Compiling serde_codegen_internals v0.14.1
Nov 01 06:06:26.819 INFO kablam!    Compiling serde_derive v0.9.11
Nov 01 06:06:35.071 INFO kablam!    Compiling rayon-issue v0.1.0 (/source)
Nov 01 06:06:35.543 INFO kablam! error[E0554]: #![feature] may not be used on the beta release channel
Nov 01 06:06:35.543 INFO kablam!  --> src/main.rs:1:1
Nov 01 06:06:35.544 INFO kablam!   |
Nov 01 06:06:35.544 INFO kablam! 1 | #![feature(field_init_shorthand)]
Nov 01 06:06:35.544 INFO kablam!   | ^^^^^^^^^^^^^^^^^^^^^^^^^^^^^^^^^
Nov 01 06:06:35.545 INFO kablam! 
Nov 01 06:06:35.545 INFO kablam! error[E0554]: #![feature] may not be used on the beta release channel
Nov 01 06:06:35.545 INFO kablam!  --> src/main.rs:2:1
Nov 01 06:06:35.545 INFO kablam!   |
Nov 01 06:06:35.546 INFO kablam! 2 | #![feature(try_from)]
Nov 01 06:06:35.546 INFO kablam!   | ^^^^^^^^^^^^^^^^^^^^^
Nov 01 06:06:35.546 INFO kablam! 
Nov 01 06:06:35.547 INFO kablam! error[E0554]: #![feature] may not be used on the beta release channel
Nov 01 06:06:35.547 INFO kablam!  --> src/main.rs:3:1
Nov 01 06:06:35.547 INFO kablam!   |
Nov 01 06:06:35.548 INFO kablam! 3 | #![feature(custom_attribute)]
Nov 01 06:06:35.548 INFO kablam!   | ^^^^^^^^^^^^^^^^^^^^^^^^^^^^^
Nov 01 06:06:35.548 INFO kablam! 
Nov 01 06:06:35.548 INFO kablam! error[E0554]: #![feature] may not be used on the beta release channel
Nov 01 06:06:35.549 INFO kablam!  --> src/main.rs:4:1
Nov 01 06:06:35.549 INFO kablam!   |
Nov 01 06:06:35.549 INFO kablam! 4 | #![feature(slice_patterns)]
Nov 01 06:06:35.550 INFO kablam!   | ^^^^^^^^^^^^^^^^^^^^^^^^^^^
Nov 01 06:06:35.550 INFO kablam! 
Nov 01 06:06:35.550 INFO kablam! error[E0554]: #![feature] may not be used on the beta release channel
Nov 01 06:06:35.551 INFO kablam!  --> src/main.rs:5:1
Nov 01 06:06:35.551 INFO kablam!   |
Nov 01 06:06:35.551 INFO kablam! 5 | #![feature(associated_consts)]
Nov 01 06:06:35.551 INFO kablam!   | ^^^^^^^^^^^^^^^^^^^^^^^^^^^^^^
Nov 01 06:06:35.552 INFO kablam! 
Nov 01 06:06:35.552 INFO kablam! error[E0554]: #![feature] may not be used on the beta release channel
Nov 01 06:06:35.552 INFO kablam!  --> src/main.rs:6:1
Nov 01 06:06:35.553 INFO kablam!   |
Nov 01 06:06:35.553 INFO kablam! 6 | #![feature(associated_type_defaults)]
Nov 01 06:06:35.553 INFO kablam!   | ^^^^^^^^^^^^^^^^^^^^^^^^^^^^^^^^^^^^^
Nov 01 06:06:35.554 INFO kablam! 
Nov 01 06:06:35.554 INFO kablam! error[E0554]: #![feature] may not be used on the beta release channel
Nov 01 06:06:35.554 INFO kablam!  --> src/main.rs:7:1
Nov 01 06:06:35.554 INFO kablam!   |
Nov 01 06:06:35.555 INFO kablam! 7 | #![feature(conservative_impl_trait)]
Nov 01 06:06:35.555 INFO kablam!   | ^^^^^^^^^^^^^^^^^^^^^^^^^^^^^^^^^^^^
Nov 01 06:06:35.555 INFO kablam! 
Nov 01 06:06:35.556 INFO kablam! error: aborting due to 7 previous errors
Nov 01 06:06:35.556 INFO kablam! 
Nov 01 06:06:35.556 INFO kablam! For more information about this error, try `rustc --explain E0554`.
Nov 01 06:06:35.562 INFO kablam! error: Could not compile `rayon-issue`.
Nov 01 06:06:35.562 INFO kablam! 
Nov 01 06:06:35.563 INFO kablam! To learn more, run the command again with --verbose.
Nov 01 06:06:35.563 INFO kablam! su: No module specific data is present
Nov 01 06:06:36.073 INFO running `"docker" "rm" "-f" "1ed4f9c7bfde4c2c9031d6db4fab107d39590d8ca1fe7d165208f825b43e59a1"`
Nov 01 06:06:36.235 INFO blam! 1ed4f9c7bfde4c2c9031d6db4fab107d39590d8ca1fe7d165208f825b43e59a1
