Nov 01 06:06:11.545 INFO testing kardeiz/rayon-issue against 1.30.0 for beta-1.31-1
Nov 01 06:06:11.547 INFO running `"docker" "create" "-v" "/mnt/big/crater/work/local/target-dirs/beta-1.31-1/worker-6/1.30.0:/target:rw,Z" "-v" "/mnt/big/crater/work/local/test-source/worker-6/beta-1.31-1/1.30.0:/source:ro,Z" "-v" "/mnt/big/crater/work/local/cargo-home:/cargo-home:ro,Z" "-v" "/mnt/big/crater/work/local/rustup-home:/rustup-home:ro,Z" "-e" "USER_ID=1000" "-e" "SOURCE_DIR=/source" "-e" "USER_ID=1000" "-e" "CMD=cargo +1.30.0 build --frozen" "-e" "CARGO_TARGET_DIR=/target" "-e" "CARGO_INCREMENTAL=0" "-e" "RUST_BACKTRACE=full" "-e" "RUSTFLAGS=--cap-lints=warn" "-e" "CARGO_HOME=/cargo-home" "-e" "RUSTUP_HOME=/rustup-home" "-m" "1536M" "--network" "none" "crater"`
Nov 01 06:06:11.959 INFO blam! cf63a2fe80a7a128b0f9f222bfe1d6fa50657c1c6c165cb1789e4b0cdd0b3ef0
Nov 01 06:06:11.963 INFO running `"docker" "start" "-a" "cf63a2fe80a7a128b0f9f222bfe1d6fa50657c1c6c165cb1789e4b0cdd0b3ef0"`
Nov 01 06:06:12.972 INFO kablam! usermod: no changes
Nov 01 06:06:13.067 INFO kablam!    Compiling quote v0.3.12
Nov 01 06:06:13.067 INFO kablam!    Compiling rust-crypto v0.2.36
Nov 01 06:06:13.067 INFO kablam!    Compiling num_cpus v1.2.1
Nov 01 06:06:13.067 INFO kablam!    Compiling serde_json v0.9.9
Nov 01 06:06:13.067 INFO kablam!    Compiling deque v0.3.1
Nov 01 06:06:15.563 INFO kablam!    Compiling rayon v0.6.0
Nov 01 06:06:15.611 INFO kablam!    Compiling syn v0.11.8
Nov 01 06:06:25.067 INFO kablam!    Compiling serde_codegen_internals v0.14.1
Nov 01 06:06:27.922 INFO kablam!    Compiling serde_derive v0.9.11
Nov 01 06:06:35.880 INFO kablam!    Compiling rayon-issue v0.1.0 (/source)
Nov 01 06:06:36.427 INFO kablam! error[E0554]: #![feature] may not be used on the stable release channel
Nov 01 06:06:36.428 INFO kablam!  --> src/main.rs:1:1
Nov 01 06:06:36.428 INFO kablam!   |
Nov 01 06:06:36.428 INFO kablam! 1 | #![feature(field_init_shorthand)]
Nov 01 06:06:36.428 INFO kablam!   | ^^^^^^^^^^^^^^^^^^^^^^^^^^^^^^^^^
Nov 01 06:06:36.428 INFO kablam! 
Nov 01 06:06:36.429 INFO kablam! error[E0554]: #![feature] may not be used on the stable release channel
Nov 01 06:06:36.429 INFO kablam!  --> src/main.rs:2:1
Nov 01 06:06:36.430 INFO kablam!   |
Nov 01 06:06:36.430 INFO kablam! 2 | #![feature(try_from)]
Nov 01 06:06:36.430 INFO kablam!   | ^^^^^^^^^^^^^^^^^^^^^
Nov 01 06:06:36.430 INFO kablam! 
Nov 01 06:06:36.430 INFO kablam! error[E0554]: #![feature] may not be used on the stable release channel
Nov 01 06:06:36.430 INFO kablam!  --> src/main.rs:3:1
Nov 01 06:06:36.431 INFO kablam!   |
Nov 01 06:06:36.431 INFO kablam! 3 | #![feature(custom_attribute)]
Nov 01 06:06:36.431 INFO kablam!   | ^^^^^^^^^^^^^^^^^^^^^^^^^^^^^
Nov 01 06:06:36.431 INFO kablam! 
Nov 01 06:06:36.431 INFO kablam! error[E0554]: #![feature] may not be used on the stable release channel
Nov 01 06:06:36.432 INFO kablam!  --> src/main.rs:4:1
Nov 01 06:06:36.432 INFO kablam!   |
Nov 01 06:06:36.432 INFO kablam! 4 | #![feature(slice_patterns)]
Nov 01 06:06:36.432 INFO kablam!   | ^^^^^^^^^^^^^^^^^^^^^^^^^^^
Nov 01 06:06:36.432 INFO kablam! 
Nov 01 06:06:36.432 INFO kablam! error[E0554]: #![feature] may not be used on the stable release channel
Nov 01 06:06:36.432 INFO kablam!  --> src/main.rs:5:1
Nov 01 06:06:36.433 INFO kablam!   |
Nov 01 06:06:36.433 INFO kablam! 5 | #![feature(associated_consts)]
Nov 01 06:06:36.433 INFO kablam!   | ^^^^^^^^^^^^^^^^^^^^^^^^^^^^^^
Nov 01 06:06:36.433 INFO kablam! 
Nov 01 06:06:36.433 INFO kablam! error[E0554]: #![feature] may not be used on the stable release channel
Nov 01 06:06:36.433 INFO kablam!  --> src/main.rs:6:1
Nov 01 06:06:36.433 INFO kablam!   |
Nov 01 06:06:36.434 INFO kablam! 6 | #![feature(associated_type_defaults)]
Nov 01 06:06:36.434 INFO kablam!   | ^^^^^^^^^^^^^^^^^^^^^^^^^^^^^^^^^^^^^
Nov 01 06:06:36.434 INFO kablam! 
Nov 01 06:06:36.434 INFO kablam! error[E0554]: #![feature] may not be used on the stable release channel
Nov 01 06:06:36.434 INFO kablam!  --> src/main.rs:7:1
Nov 01 06:06:36.434 INFO kablam!   |
Nov 01 06:06:36.434 INFO kablam! 7 | #![feature(conservative_impl_trait)]
Nov 01 06:06:36.435 INFO kablam!   | ^^^^^^^^^^^^^^^^^^^^^^^^^^^^^^^^^^^^
Nov 01 06:06:36.435 INFO kablam! 
Nov 01 06:06:36.435 INFO kablam! error: aborting due to 7 previous errors
Nov 01 06:06:36.435 INFO kablam! 
Nov 01 06:06:36.435 INFO kablam! For more information about this error, try `rustc --explain E0554`.
Nov 01 06:06:36.444 INFO kablam! error: Could not compile `rayon-issue`.
Nov 01 06:06:36.444 INFO kablam! 
Nov 01 06:06:36.444 INFO kablam! To learn more, run the command again with --verbose.
Nov 01 06:06:36.445 INFO kablam! su: No module specific data is present
Nov 01 06:06:36.783 INFO running `"docker" "rm" "-f" "cf63a2fe80a7a128b0f9f222bfe1d6fa50657c1c6c165cb1789e4b0cdd0b3ef0"`
Nov 01 06:06:36.898 INFO blam! cf63a2fe80a7a128b0f9f222bfe1d6fa50657c1c6c165cb1789e4b0cdd0b3ef0
