Nov 01 06:25:15.185 INFO testing jroesch/molten against 1.30.0 for beta-1.31-1
Nov 01 06:25:15.187 INFO running `"docker" "create" "-v" "/mnt/big/crater/work/local/target-dirs/beta-1.31-1/worker-6/1.30.0:/target:rw,Z" "-v" "/mnt/big/crater/work/local/test-source/worker-6/beta-1.31-1/1.30.0:/source:ro,Z" "-v" "/mnt/big/crater/work/local/cargo-home:/cargo-home:ro,Z" "-v" "/mnt/big/crater/work/local/rustup-home:/rustup-home:ro,Z" "-e" "USER_ID=1000" "-e" "SOURCE_DIR=/source" "-e" "USER_ID=1000" "-e" "CMD=cargo +1.30.0 build --frozen" "-e" "CARGO_TARGET_DIR=/target" "-e" "CARGO_INCREMENTAL=0" "-e" "RUST_BACKTRACE=full" "-e" "RUSTFLAGS=--cap-lints=warn" "-e" "CARGO_HOME=/cargo-home" "-e" "RUSTUP_HOME=/rustup-home" "-m" "1536M" "--network" "none" "crater"`
Nov 01 06:25:15.606 INFO blam! 5c3fbb68e57600645dae7835b3db8a1d1c72349c37264fe086064734dccdad37
Nov 01 06:25:15.615 INFO running `"docker" "start" "-a" "5c3fbb68e57600645dae7835b3db8a1d1c72349c37264fe086064734dccdad37"`
Nov 01 06:25:16.620 INFO kablam! usermod: no changes
Nov 01 06:25:16.671 INFO kablam!    Compiling molten v0.0.1 (/source)
Nov 01 06:25:17.174 INFO kablam! error[E0554]: #![feature] may not be used on the stable release channel
Nov 01 06:25:17.174 INFO kablam!  --> src/lib.rs:1:1
Nov 01 06:25:17.175 INFO kablam!   |
Nov 01 06:25:17.175 INFO kablam! 1 | #![feature(fn_traits)]
Nov 01 06:25:17.175 INFO kablam!   | ^^^^^^^^^^^^^^^^^^^^^^
Nov 01 06:25:17.176 INFO kablam! 
Nov 01 06:25:17.176 INFO kablam! error[E0554]: #![feature] may not be used on the stable release channel
Nov 01 06:25:17.176 INFO kablam!  --> src/lib.rs:2:1
Nov 01 06:25:17.177 INFO kablam!   |
Nov 01 06:25:17.177 INFO kablam! 2 | #![feature(unboxed_closures)]
Nov 01 06:25:17.177 INFO kablam!   | ^^^^^^^^^^^^^^^^^^^^^^^^^^^^^
Nov 01 06:25:17.178 INFO kablam! 
Nov 01 06:25:17.178 INFO kablam! error[E0554]: #![feature] may not be used on the stable release channel
Nov 01 06:25:17.178 INFO kablam!  --> src/lib.rs:3:1
Nov 01 06:25:17.179 INFO kablam!   |
Nov 01 06:25:17.179 INFO kablam! 3 | #![feature(type_macros)]
Nov 01 06:25:17.179 INFO kablam!   | ^^^^^^^^^^^^^^^^^^^^^^^^
Nov 01 06:25:17.180 INFO kablam! 
Nov 01 06:25:17.180 INFO kablam! error: aborting due to 3 previous errors
Nov 01 06:25:17.180 INFO kablam! 
Nov 01 06:25:17.181 INFO kablam! For more information about this error, try `rustc --explain E0554`.
Nov 01 06:25:17.181 INFO kablam! error: Could not compile `molten`.
Nov 01 06:25:17.181 INFO kablam! 
Nov 01 06:25:17.181 INFO kablam! To learn more, run the command again with --verbose.
Nov 01 06:25:17.182 INFO kablam! su: No module specific data is present
Nov 01 06:25:17.744 INFO running `"docker" "rm" "-f" "5c3fbb68e57600645dae7835b3db8a1d1c72349c37264fe086064734dccdad37"`
Nov 01 06:25:17.951 INFO blam! 5c3fbb68e57600645dae7835b3db8a1d1c72349c37264fe086064734dccdad37
