Nov 01 07:00:15.789 INFO testing jeremyBanks/flamerun against beta-2018-10-30 for beta-1.31-1
Nov 01 07:00:15.791 INFO running `"docker" "create" "-v" "/mnt/big/crater/work/local/target-dirs/beta-1.31-1/worker-4/beta-2018-10-30:/target:rw,Z" "-v" "/mnt/big/crater/work/local/test-source/worker-4/beta-1.31-1/beta-2018-10-30:/source:ro,Z" "-v" "/mnt/big/crater/work/local/cargo-home:/cargo-home:ro,Z" "-v" "/mnt/big/crater/work/local/rustup-home:/rustup-home:ro,Z" "-e" "USER_ID=1000" "-e" "SOURCE_DIR=/source" "-e" "USER_ID=1000" "-e" "CMD=cargo +beta-2018-10-30 build --frozen" "-e" "CARGO_TARGET_DIR=/target" "-e" "CARGO_INCREMENTAL=0" "-e" "RUST_BACKTRACE=full" "-e" "RUSTFLAGS=--cap-lints=warn" "-e" "CARGO_HOME=/cargo-home" "-e" "RUSTUP_HOME=/rustup-home" "-m" "1536M" "--network" "none" "crater"`
Nov 01 07:00:16.296 INFO blam! f0d320fb645755295d508b584aefa3b53e6cb8c4ea27f8d3416786a3f62a6ead
Nov 01 07:00:16.303 INFO running `"docker" "start" "-a" "f0d320fb645755295d508b584aefa3b53e6cb8c4ea27f8d3416786a3f62a6ead"`
Nov 01 07:00:17.882 INFO kablam! usermod: no changes
Nov 01 07:00:18.380 INFO kablam!    Compiling byte-tools v0.3.0
Nov 01 07:00:18.415 INFO kablam!    Compiling opaque-debug v0.2.1
Nov 01 07:00:18.415 INFO kablam!    Compiling fs2 v0.4.3
Nov 01 07:00:18.415 INFO kablam!    Compiling want v0.0.6
Nov 01 07:00:18.419 INFO kablam!    Compiling encoding_rs v0.8.10
Nov 01 07:00:18.419 INFO kablam!    Compiling tokio-io v0.1.9
Nov 01 07:00:18.419 INFO kablam!    Compiling generic-array v0.12.0
Nov 01 07:00:18.419 INFO kablam!    Compiling openssl v0.10.12
Nov 01 07:00:18.813 INFO kablam!    Compiling block-padding v0.1.2
Nov 01 07:00:19.024 INFO kablam!    Compiling tokio-threadpool v0.1.7
Nov 01 07:00:20.447 INFO kablam!    Compiling env_logger v0.5.13
Nov 01 07:00:22.979 INFO kablam!    Compiling digest v0.8.0
Nov 01 07:00:22.980 INFO kablam!    Compiling block-buffer v0.7.0
Nov 01 07:00:24.924 INFO kablam!    Compiling sha2 v0.8.0
Nov 01 07:00:26.971 INFO kablam!    Compiling tokio-reactor v0.1.6
Nov 01 07:00:26.971 INFO kablam!    Compiling tokio-codec v0.1.1
Nov 01 07:00:26.971 INFO kablam!    Compiling h2 v0.1.12
Nov 01 07:00:30.701 INFO kablam!    Compiling tokio-fs v0.1.3
Nov 01 07:00:34.252 INFO kablam!    Compiling native-tls v0.2.1
Nov 01 07:00:34.399 INFO kablam!    Compiling tokio-uds v0.2.2
Nov 01 07:00:35.529 INFO kablam!    Compiling tokio-tcp v0.1.2
Nov 01 07:00:35.537 INFO kablam!    Compiling tokio-udp v0.1.2
Nov 01 07:00:38.123 INFO kablam!    Compiling tokio v0.1.11
Nov 01 07:00:40.646 INFO kablam!    Compiling hyper v0.12.11
Nov 01 07:00:46.616 INFO kablam!    Compiling hyper-tls v0.3.1
Nov 01 07:00:48.379 INFO kablam!    Compiling reqwest v0.9.2
Nov 01 07:00:58.637 INFO kablam!    Compiling flamerun v0.0.0 (/source)
Nov 01 07:01:02.115 INFO kablam! error[E0554]: #![feature] may not be used on the beta release channel
Nov 01 07:01:02.115 INFO kablam!  --> src/main.rs:1:1
Nov 01 07:01:02.115 INFO kablam!   |
Nov 01 07:01:02.115 INFO kablam! 1 | #![feature(custom_attribute)]
Nov 01 07:01:02.115 INFO kablam!   | ^^^^^^^^^^^^^^^^^^^^^^^^^^^^^
Nov 01 07:01:02.115 INFO kablam! 
Nov 01 07:01:02.116 INFO kablam! error[E0554]: #![feature] may not be used on the beta release channel
Nov 01 07:01:02.116 INFO kablam!  --> src/main.rs:2:1
Nov 01 07:01:02.116 INFO kablam!   |
Nov 01 07:01:02.116 INFO kablam! 2 | #![feature(try_blocks)]
Nov 01 07:01:02.116 INFO kablam!   | ^^^^^^^^^^^^^^^^^^^^^^^
Nov 01 07:01:02.116 INFO kablam! 
Nov 01 07:01:02.116 INFO kablam! error[E0554]: #![feature] may not be used on the beta release channel
Nov 01 07:01:02.116 INFO kablam!  --> src/main.rs:3:1
Nov 01 07:01:02.116 INFO kablam!   |
Nov 01 07:01:02.116 INFO kablam! 3 | #![feature(try_from)]
Nov 01 07:01:02.116 INFO kablam!   | ^^^^^^^^^^^^^^^^^^^^^
Nov 01 07:01:02.116 INFO kablam! 
Nov 01 07:01:02.116 INFO kablam! error[E0554]: #![feature] may not be used on the beta release channel
Nov 01 07:01:02.116 INFO kablam!  --> src/main.rs:4:1
Nov 01 07:01:02.116 INFO kablam!   |
Nov 01 07:01:02.116 INFO kablam! 4 | #![feature(slice_concat_ext)]
Nov 01 07:01:02.116 INFO kablam!   | ^^^^^^^^^^^^^^^^^^^^^^^^^^^^^
Nov 01 07:01:02.117 INFO kablam! 
Nov 01 07:01:02.123 INFO kablam! error: aborting due to 4 previous errors
Nov 01 07:01:02.123 INFO kablam! 
Nov 01 07:01:02.123 INFO kablam! For more information about this error, try `rustc --explain E0554`.
Nov 01 07:01:02.153 INFO kablam! error: Could not compile `flamerun`.
Nov 01 07:01:02.153 INFO kablam! 
Nov 01 07:01:02.153 INFO kablam! To learn more, run the command again with --verbose.
Nov 01 07:01:02.154 INFO kablam! su: No module specific data is present
Nov 01 07:01:02.775 INFO running `"docker" "rm" "-f" "f0d320fb645755295d508b584aefa3b53e6cb8c4ea27f8d3416786a3f62a6ead"`
Nov 01 07:01:03.055 INFO blam! f0d320fb645755295d508b584aefa3b53e6cb8c4ea27f8d3416786a3f62a6ead
