Nov 01 08:10:26.615 INFO testing iBelieve/rasp against beta-2018-10-30 for beta-1.31-1
Nov 01 08:10:26.617 INFO running `"docker" "create" "-v" "/mnt/big/crater/work/local/target-dirs/beta-1.31-1/worker-4/beta-2018-10-30:/target:rw,Z" "-v" "/mnt/big/crater/work/local/test-source/worker-4/beta-1.31-1/beta-2018-10-30:/source:ro,Z" "-v" "/mnt/big/crater/work/local/cargo-home:/cargo-home:ro,Z" "-v" "/mnt/big/crater/work/local/rustup-home:/rustup-home:ro,Z" "-e" "USER_ID=1000" "-e" "SOURCE_DIR=/source" "-e" "USER_ID=1000" "-e" "CMD=cargo +beta-2018-10-30 build --frozen" "-e" "CARGO_TARGET_DIR=/target" "-e" "CARGO_INCREMENTAL=0" "-e" "RUST_BACKTRACE=full" "-e" "RUSTFLAGS=--cap-lints=warn" "-e" "CARGO_HOME=/cargo-home" "-e" "RUSTUP_HOME=/rustup-home" "-m" "1536M" "--network" "none" "crater"`
Nov 01 08:10:27.191 INFO blam! 436738702e8ad4bdc38e00c51e8ac85d88a08853cb53f1033977ae5fd2d94a17
Nov 01 08:10:27.199 INFO running `"docker" "start" "-a" "436738702e8ad4bdc38e00c51e8ac85d88a08853cb53f1033977ae5fd2d94a17"`
Nov 01 08:10:28.320 INFO kablam! usermod: no changes
Nov 01 08:10:28.411 INFO kablam!    Compiling runtime-fmt v0.3.0
Nov 01 08:10:28.415 INFO kablam!    Compiling memchr v2.0.1
Nov 01 08:10:29.231 INFO kablam! error[E0554]: #![feature] may not be used on the beta release channel
Nov 01 08:10:29.231 INFO kablam!   --> /cargo-home/registry/src/github.com-1ecc6299db9ec823/runtime-fmt-0.3.0/src/lib.rs:17:1
Nov 01 08:10:29.232 INFO kablam!    |
Nov 01 08:10:29.232 INFO kablam! 17 | #![feature(fmt_internals)]
Nov 01 08:10:29.232 INFO kablam!    | ^^^^^^^^^^^^^^^^^^^^^^^^^^
Nov 01 08:10:29.233 INFO kablam! 
Nov 01 08:10:29.233 INFO kablam! error[E0554]: #![feature] may not be used on the beta release channel
Nov 01 08:10:29.233 INFO kablam!   --> /cargo-home/registry/src/github.com-1ecc6299db9ec823/runtime-fmt-0.3.0/src/lib.rs:18:1
Nov 01 08:10:29.234 INFO kablam!    |
Nov 01 08:10:29.234 INFO kablam! 18 | #![feature(conservative_impl_trait)]
Nov 01 08:10:29.234 INFO kablam!    | ^^^^^^^^^^^^^^^^^^^^^^^^^^^^^^^^^^^^
Nov 01 08:10:29.235 INFO kablam! 
Nov 01 08:10:29.235 INFO kablam! error[E0554]: #![feature] may not be used on the beta release channel
Nov 01 08:10:29.235 INFO kablam!   --> /cargo-home/registry/src/github.com-1ecc6299db9ec823/runtime-fmt-0.3.0/src/lib.rs:19:1
Nov 01 08:10:29.236 INFO kablam!    |
Nov 01 08:10:29.236 INFO kablam! 19 | #![feature(specialization)]
Nov 01 08:10:29.236 INFO kablam!    | ^^^^^^^^^^^^^^^^^^^^^^^^^^^
Nov 01 08:10:29.236 INFO kablam! 
Nov 01 08:10:29.237 INFO kablam! error[E0554]: #![feature] may not be used on the beta release channel
Nov 01 08:10:29.237 INFO kablam!   --> /cargo-home/registry/src/github.com-1ecc6299db9ec823/runtime-fmt-0.3.0/src/lib.rs:20:1
Nov 01 08:10:29.237 INFO kablam!    |
Nov 01 08:10:29.238 INFO kablam! 20 | #![feature(print_internals)]
Nov 01 08:10:29.238 INFO kablam!    | ^^^^^^^^^^^^^^^^^^^^^^^^^^^^
Nov 01 08:10:29.238 INFO kablam! 
Nov 01 08:10:29.239 INFO kablam! error[E0554]: #![feature] may not be used on the beta release channel
Nov 01 08:10:29.239 INFO kablam!   --> /cargo-home/registry/src/github.com-1ecc6299db9ec823/runtime-fmt-0.3.0/src/lib.rs:21:1
Nov 01 08:10:29.239 INFO kablam!    |
Nov 01 08:10:29.240 INFO kablam! 21 | #![feature(rustc_private)]
Nov 01 08:10:29.240 INFO kablam!    | ^^^^^^^^^^^^^^^^^^^^^^^^^^
Nov 01 08:10:29.240 INFO kablam! 
Nov 01 08:10:29.240 INFO kablam! error[E0554]: #![feature] may not be used on the beta release channel
Nov 01 08:10:29.241 INFO kablam!   --> /cargo-home/registry/src/github.com-1ecc6299db9ec823/runtime-fmt-0.3.0/src/lib.rs:22:1
Nov 01 08:10:29.241 INFO kablam!    |
Nov 01 08:10:29.241 INFO kablam! 22 | #![feature(try_from)]
Nov 01 08:10:29.242 INFO kablam!    | ^^^^^^^^^^^^^^^^^^^^^
Nov 01 08:10:29.242 INFO kablam! 
Nov 01 08:10:29.242 INFO kablam! error: aborting due to 6 previous errors
Nov 01 08:10:29.243 INFO kablam! 
Nov 01 08:10:29.243 INFO kablam! For more information about this error, try `rustc --explain E0554`.
Nov 01 08:10:29.303 INFO kablam! error: Could not compile `runtime-fmt`.
Nov 01 08:10:29.303 INFO kablam! warning: build failed, waiting for other jobs to finish...
Nov 01 08:10:29.403 INFO kablam! error: build failed
Nov 01 08:10:29.403 INFO kablam! su: No module specific data is present
Nov 01 08:10:30.078 INFO running `"docker" "rm" "-f" "436738702e8ad4bdc38e00c51e8ac85d88a08853cb53f1033977ae5fd2d94a17"`
Nov 01 08:10:30.415 INFO blam! 436738702e8ad4bdc38e00c51e8ac85d88a08853cb53f1033977ae5fd2d94a17
