Nov 01 09:57:51.615 INFO testing feadoor/projecteuler-rs against beta-2018-10-30 for beta-1.31-1
Nov 01 09:57:51.615 INFO running `"docker" "create" "-v" "/mnt/big/crater/work/local/target-dirs/beta-1.31-1/worker-2/beta-2018-10-30:/target:rw,Z" "-v" "/mnt/big/crater/work/local/test-source/worker-2/beta-1.31-1/beta-2018-10-30:/source:ro,Z" "-v" "/mnt/big/crater/work/local/cargo-home:/cargo-home:ro,Z" "-v" "/mnt/big/crater/work/local/rustup-home:/rustup-home:ro,Z" "-e" "USER_ID=1000" "-e" "SOURCE_DIR=/source" "-e" "USER_ID=1000" "-e" "CMD=cargo +beta-2018-10-30 build --frozen" "-e" "CARGO_TARGET_DIR=/target" "-e" "CARGO_INCREMENTAL=0" "-e" "RUST_BACKTRACE=full" "-e" "RUSTFLAGS=--cap-lints=warn" "-e" "CARGO_HOME=/cargo-home" "-e" "RUSTUP_HOME=/rustup-home" "-m" "1536M" "--network" "none" "crater"`
Nov 01 09:57:52.443 INFO blam! a98b5473038ec6f2fd477fd5fbd61066867591bca972db3a307ec17c641c12bf
Nov 01 09:57:52.445 INFO running `"docker" "start" "-a" "a98b5473038ec6f2fd477fd5fbd61066867591bca972db3a307ec17c641c12bf"`
Nov 01 09:57:54.030 INFO kablam! usermod: no changes
Nov 01 09:57:54.368 INFO kablam!    Compiling numeric_traits v0.1.0 (/source/libs/numeric_traits)
Nov 01 09:57:54.368 INFO kablam!    Compiling interleave v1.0.1
Nov 01 09:57:54.415 INFO kablam!    Compiling permutohedron v0.2.4
Nov 01 09:57:54.416 INFO kablam!    Compiling search v0.1.0 (/source/libs/search)
Nov 01 09:57:54.417 INFO kablam!    Compiling petgraph v0.4.12
Nov 01 09:57:55.943 INFO kablam!    Compiling number_theory v0.1.0 (/source/libs/number_theory)
Nov 01 09:57:56.633 INFO kablam!    Compiling modular_arithmetic v0.1.0 (/source/libs/modular_arithmetic)
Nov 01 09:57:56.633 INFO kablam!    Compiling mertens_recurrence v0.1.0 (/source/libs/mertens_recurrence)
Nov 01 09:57:56.634 INFO kablam!    Compiling continued_fractions v0.1.0 (/source/libs/continued_fractions)
Nov 01 09:57:57.622 INFO kablam!    Compiling primesieve v0.2.0 (/source/libs/primesieve)
Nov 01 09:57:58.090 INFO kablam! error[E0034]: multiple applicable items in scope
Nov 01 09:57:58.091 INFO kablam!     --> /cargo-home/registry/src/github.com-1ecc6299db9ec823/petgraph-0.4.12/src/graph_impl/stable_graph/mod.rs:1171:19
Nov 01 09:57:58.091 INFO kablam!      |
Nov 01 09:57:58.091 INFO kablam! 1171 |         self.iter.find_map(|(i, node)| {
Nov 01 09:57:58.091 INFO kablam!      |                   ^^^^^^^^ multiple `find_map` found
Nov 01 09:57:58.091 INFO kablam!      |
Nov 01 09:57:58.091 INFO kablam! note: candidate #1 is defined in an impl of the trait `iter_utils::IterUtilsExt` for the type `_`
Nov 01 09:57:58.091 INFO kablam!     --> /cargo-home/registry/src/github.com-1ecc6299db9ec823/petgraph-0.4.12/src/iter_utils.rs:5:5
Nov 01 09:57:58.091 INFO kablam!      |
Nov 01 09:57:58.091 INFO kablam! 5    | /     fn find_map<F, R>(&mut self, mut f: F) -> Option<R>
Nov 01 09:57:58.091 INFO kablam! 6    | |         where F: FnMut(Self::Item) -> Option<R>
Nov 01 09:57:58.091 INFO kablam! 7    | |     {
Nov 01 09:57:58.091 INFO kablam! 8    | |         while let Some(elt) = self.next() {
Nov 01 09:57:58.091 INFO kablam! ...    |
Nov 01 09:57:58.091 INFO kablam! 13   | |         None
Nov 01 09:57:58.091 INFO kablam! 14   | |     }
Nov 01 09:57:58.091 INFO kablam!      | |_____^
Nov 01 09:57:58.091 INFO kablam!      = note: candidate #2 is defined in an impl of the trait `std::iter::Iterator` for the type `std::iter::Enumerate<_>`
Nov 01 09:57:58.091 INFO kablam! 
Nov 01 09:57:58.111 INFO kablam! error[E0034]: multiple applicable items in scope
Nov 01 09:57:58.111 INFO kablam!     --> /cargo-home/registry/src/github.com-1ecc6299db9ec823/petgraph-0.4.12/src/graph_impl/stable_graph/mod.rs:1363:19
Nov 01 09:57:58.112 INFO kablam!      |
Nov 01 09:57:58.112 INFO kablam! 1363 |         self.iter.find_map(|(i, edge)|
Nov 01 09:57:58.112 INFO kablam!      |                   ^^^^^^^^ multiple `find_map` found
Nov 01 09:57:58.112 INFO kablam!      |
Nov 01 09:57:58.112 INFO kablam! note: candidate #1 is defined in an impl of the trait `iter_utils::IterUtilsExt` for the type `_`
Nov 01 09:57:58.112 INFO kablam!     --> /cargo-home/registry/src/github.com-1ecc6299db9ec823/petgraph-0.4.12/src/iter_utils.rs:5:5
Nov 01 09:57:58.112 INFO kablam!      |
Nov 01 09:57:58.112 INFO kablam! 5    | /     fn find_map<F, R>(&mut self, mut f: F) -> Option<R>
Nov 01 09:57:58.112 INFO kablam! 6    | |         where F: FnMut(Self::Item) -> Option<R>
Nov 01 09:57:58.112 INFO kablam! 7    | |     {
Nov 01 09:57:58.112 INFO kablam! 8    | |         while let Some(elt) = self.next() {
Nov 01 09:57:58.112 INFO kablam! ...    |
Nov 01 09:57:58.112 INFO kablam! 13   | |         None
Nov 01 09:57:58.112 INFO kablam! 14   | |     }
Nov 01 09:57:58.112 INFO kablam!      | |_____^
Nov 01 09:57:58.112 INFO kablam!      = note: candidate #2 is defined in an impl of the trait `std::iter::Iterator` for the type `std::iter::Enumerate<_>`
Nov 01 09:57:58.112 INFO kablam! 
Nov 01 09:57:58.119 INFO kablam! error[E0034]: multiple applicable items in scope
Nov 01 09:57:58.119 INFO kablam!     --> /cargo-home/registry/src/github.com-1ecc6299db9ec823/petgraph-0.4.12/src/graph_impl/stable_graph/mod.rs:1527:19
Nov 01 09:57:58.119 INFO kablam!      |
Nov 01 09:57:58.119 INFO kablam! 1527 |         self.iter.find_map(|(i, node)| {
Nov 01 09:57:58.119 INFO kablam!      |                   ^^^^^^^^ multiple `find_map` found
Nov 01 09:57:58.119 INFO kablam!      |
Nov 01 09:57:58.119 INFO kablam! note: candidate #1 is defined in an impl of the trait `iter_utils::IterUtilsExt` for the type `_`
Nov 01 09:57:58.119 INFO kablam!     --> /cargo-home/registry/src/github.com-1ecc6299db9ec823/petgraph-0.4.12/src/iter_utils.rs:5:5
Nov 01 09:57:58.119 INFO kablam!      |
Nov 01 09:57:58.119 INFO kablam! 5    | /     fn find_map<F, R>(&mut self, mut f: F) -> Option<R>
Nov 01 09:57:58.120 INFO kablam! 6    | |         where F: FnMut(Self::Item) -> Option<R>
Nov 01 09:57:58.120 INFO kablam! 7    | |     {
Nov 01 09:57:58.120 INFO kablam! 8    | |         while let Some(elt) = self.next() {
Nov 01 09:57:58.120 INFO kablam! ...    |
Nov 01 09:57:58.120 INFO kablam! 13   | |         None
Nov 01 09:57:58.120 INFO kablam! 14   | |     }
Nov 01 09:57:58.120 INFO kablam!      | |_____^
Nov 01 09:57:58.120 INFO kablam!      = note: candidate #2 is defined in an impl of the trait `std::iter::Iterator` for the type `std::iter::Enumerate<_>`
Nov 01 09:57:58.120 INFO kablam! 
Nov 01 09:57:58.123 INFO kablam! error[E0034]: multiple applicable items in scope
Nov 01 09:57:58.123 INFO kablam!     --> /cargo-home/registry/src/github.com-1ecc6299db9ec823/petgraph-0.4.12/src/graph_impl/stable_graph/mod.rs:1573:19
Nov 01 09:57:58.123 INFO kablam!      |
Nov 01 09:57:58.123 INFO kablam! 1573 |         self.iter.find_map(|(i, node)| {
Nov 01 09:57:58.123 INFO kablam!      |                   ^^^^^^^^ multiple `find_map` found
Nov 01 09:57:58.123 INFO kablam!      |
Nov 01 09:57:58.123 INFO kablam! note: candidate #1 is defined in an impl of the trait `iter_utils::IterUtilsExt` for the type `_`
Nov 01 09:57:58.123 INFO kablam!     --> /cargo-home/registry/src/github.com-1ecc6299db9ec823/petgraph-0.4.12/src/iter_utils.rs:5:5
Nov 01 09:57:58.123 INFO kablam!      |
Nov 01 09:57:58.123 INFO kablam! 5    | /     fn find_map<F, R>(&mut self, mut f: F) -> Option<R>
Nov 01 09:57:58.123 INFO kablam! 6    | |         where F: FnMut(Self::Item) -> Option<R>
Nov 01 09:57:58.123 INFO kablam! 7    | |     {
Nov 01 09:57:58.123 INFO kablam! 8    | |         while let Some(elt) = self.next() {
Nov 01 09:57:58.123 INFO kablam! ...    |
Nov 01 09:57:58.123 INFO kablam! 13   | |         None
Nov 01 09:57:58.123 INFO kablam! 14   | |     }
Nov 01 09:57:58.123 INFO kablam!      | |_____^
Nov 01 09:57:58.123 INFO kablam!      = note: candidate #2 is defined in an impl of the trait `std::iter::Iterator` for the type `std::iter::Enumerate<_>`
Nov 01 09:57:58.123 INFO kablam! 
Nov 01 09:57:58.458 INFO kablam! error: aborting due to 4 previous errors
Nov 01 09:57:58.458 INFO kablam! 
Nov 01 09:57:58.458 INFO kablam! For more information about this error, try `rustc --explain E0034`.
Nov 01 09:57:58.463 INFO kablam! error: Could not compile `petgraph`.
Nov 01 09:57:58.463 INFO kablam! warning: build failed, waiting for other jobs to finish...
Nov 01 09:57:58.511 INFO kablam! warning: function is never used: `set_on`
Nov 01 09:57:58.511 INFO kablam!    --> libs/primesieve/src/segment.rs:107:1
Nov 01 09:57:58.511 INFO kablam!     |
Nov 01 09:57:58.511 INFO kablam! 107 | pub fn set_on(segment: &mut [u64], idx: u64) {
Nov 01 09:57:58.511 INFO kablam!     | ^^^^^^^^^^^^^^^^^^^^^^^^^^^^^^^^^^^^^^^^^^^^
Nov 01 09:57:58.511 INFO kablam!     |
Nov 01 09:57:58.511 INFO kablam!     = note: #[warn(dead_code)] on by default
Nov 01 09:57:58.511 INFO kablam! 
Nov 01 09:57:58.767 INFO kablam! error: build failed
Nov 01 09:57:58.769 INFO kablam! su: No module specific data is present
Nov 01 09:57:59.258 INFO running `"docker" "rm" "-f" "a98b5473038ec6f2fd477fd5fbd61066867591bca972db3a307ec17c641c12bf"`
Nov 01 09:57:59.547 INFO blam! a98b5473038ec6f2fd477fd5fbd61066867591bca972db3a307ec17c641c12bf
