Nov 01 10:38:38.572 INFO testing ejmahler/tetris_clone against beta-2018-10-30 for beta-1.31-1
Nov 01 10:38:38.573 INFO running `"docker" "create" "-v" "/mnt/big/crater/work/local/target-dirs/beta-1.31-1/worker-7/beta-2018-10-30:/target:rw,Z" "-v" "/mnt/big/crater/work/local/test-source/worker-7/beta-1.31-1/beta-2018-10-30:/source:ro,Z" "-v" "/mnt/big/crater/work/local/cargo-home:/cargo-home:ro,Z" "-v" "/mnt/big/crater/work/local/rustup-home:/rustup-home:ro,Z" "-e" "USER_ID=1000" "-e" "SOURCE_DIR=/source" "-e" "USER_ID=1000" "-e" "CMD=cargo +beta-2018-10-30 build --frozen" "-e" "CARGO_TARGET_DIR=/target" "-e" "CARGO_INCREMENTAL=0" "-e" "RUST_BACKTRACE=full" "-e" "RUSTFLAGS=--cap-lints=warn" "-e" "CARGO_HOME=/cargo-home" "-e" "RUSTUP_HOME=/rustup-home" "-m" "1536M" "--network" "none" "crater"`
Nov 01 10:38:38.924 INFO blam! 675cb5721bba96e0ee1e7380f1624bd802f179c48c4ac75a12bd3f7309c586ea
Nov 01 10:38:38.927 INFO running `"docker" "start" "-a" "675cb5721bba96e0ee1e7380f1624bd802f179c48c4ac75a12bd3f7309c586ea"`
Nov 01 10:38:40.048 INFO kablam! usermod: no changes
Nov 01 10:38:40.383 INFO kablam!    Compiling ndarray v0.11.0
Nov 01 10:38:40.387 INFO kablam!    Compiling num-complex v0.1.41
Nov 01 10:38:40.419 INFO kablam!    Compiling itertools v0.7.5
Nov 01 10:38:40.420 INFO kablam!    Compiling shared_library v0.1.8
Nov 01 10:38:40.420 INFO kablam!    Compiling phf_generator v0.7.21
Nov 01 10:38:40.421 INFO kablam!    Compiling tempfile v2.2.0
Nov 01 10:38:40.421 INFO kablam!    Compiling cgmath v0.16.0
Nov 01 10:38:40.422 INFO kablam!    Compiling x11-dl v2.17.2
Nov 01 10:38:43.628 INFO kablam!    Compiling fs2 v0.2.5
Nov 01 10:38:45.483 INFO kablam!    Compiling jpeg-decoder v0.1.13
Nov 01 10:38:45.509 INFO kablam!    Compiling phf_codegen v0.7.21
Nov 01 10:38:45.587 INFO kablam!    Compiling osmesa-sys v0.1.2
Nov 01 10:38:45.824 INFO kablam!    Compiling memmap v0.4.0
Nov 01 10:38:47.883 INFO kablam!    Compiling target_build_utils v0.3.1
Nov 01 10:38:57.012 INFO kablam!    Compiling image v0.18.0
Nov 01 10:39:18.527 INFO kablam!    Compiling libloading v0.3.4
Nov 01 10:39:25.547 INFO kablam!    Compiling piston-gfx_texture v0.30.0
Nov 01 10:39:27.133 INFO kablam!    Compiling dlib v0.3.1
Nov 01 10:39:27.795 INFO kablam!    Compiling wayland-sys v0.9.10
Nov 01 10:39:29.599 INFO kablam!    Compiling piston2d-gfx_graphics v0.47.0
Nov 01 10:39:30.039 INFO kablam!    Compiling wayland-client v0.9.10
Nov 01 10:39:33.970 INFO kablam!    Compiling wayland-protocols v0.9.10
Nov 01 10:39:33.971 INFO kablam!    Compiling wayland-kbd v0.9.1
Nov 01 10:39:39.851 INFO kablam!    Compiling wayland-window v0.8.0
Nov 01 10:39:40.964 INFO kablam!    Compiling winit v0.8.3
Nov 01 10:39:47.507 INFO kablam!    Compiling glutin v0.10.1
Nov 01 10:39:51.244 INFO kablam!    Compiling pistoncore-glutin_window v0.43.0
Nov 01 10:39:56.500 INFO kablam!    Compiling piston_window v0.74.0
Nov 01 10:39:59.863 INFO kablam!    Compiling tetris_clone v0.1.0 (/source)
Nov 01 10:40:03.035 INFO kablam! error[E0554]: #![feature] may not be used on the beta release channel
Nov 01 10:40:03.036 INFO kablam!  --> src/main.rs:1:1
Nov 01 10:40:03.037 INFO kablam!   |
Nov 01 10:40:03.037 INFO kablam! 1 | #![feature(universal_impl_trait)]
Nov 01 10:40:03.038 INFO kablam!   | ^^^^^^^^^^^^^^^^^^^^^^^^^^^^^^^^^
Nov 01 10:40:03.039 INFO kablam! 
Nov 01 10:40:03.039 INFO kablam! error[E0554]: #![feature] may not be used on the beta release channel
Nov 01 10:40:03.040 INFO kablam!  --> src/main.rs:2:1
Nov 01 10:40:03.040 INFO kablam!   |
Nov 01 10:40:03.041 INFO kablam! 2 | #![feature(conservative_impl_trait)]
Nov 01 10:40:03.042 INFO kablam!   | ^^^^^^^^^^^^^^^^^^^^^^^^^^^^^^^^^^^^
Nov 01 10:40:03.042 INFO kablam! 
Nov 01 10:40:03.043 INFO kablam! error[E0554]: #![feature] may not be used on the beta release channel
Nov 01 10:40:03.044 INFO kablam!  --> src/main.rs:3:1
Nov 01 10:40:03.044 INFO kablam!   |
Nov 01 10:40:03.045 INFO kablam! 3 | #![feature(nll)]
Nov 01 10:40:03.045 INFO kablam!   | ^^^^^^^^^^^^^^^^
Nov 01 10:40:03.045 INFO kablam! 
Nov 01 10:40:03.045 INFO kablam! error: aborting due to 3 previous errors
Nov 01 10:40:03.045 INFO kablam! 
Nov 01 10:40:03.045 INFO kablam! For more information about this error, try `rustc --explain E0554`.
Nov 01 10:40:03.071 INFO kablam! error: Could not compile `tetris_clone`.
Nov 01 10:40:03.071 INFO kablam! 
Nov 01 10:40:03.071 INFO kablam! To learn more, run the command again with --verbose.
Nov 01 10:40:03.073 INFO kablam! su: No module specific data is present
Nov 01 10:40:04.375 INFO running `"docker" "rm" "-f" "675cb5721bba96e0ee1e7380f1624bd802f179c48c4ac75a12bd3f7309c586ea"`
Nov 01 10:40:04.651 INFO blam! 675cb5721bba96e0ee1e7380f1624bd802f179c48c4ac75a12bd3f7309c586ea
