Nov 01 10:40:39.537 INFO testing eignnx/lisp-for-cats against beta-2018-10-30 for beta-1.31-1
Nov 01 10:40:39.538 INFO running `"docker" "create" "-v" "/mnt/big/crater/work/local/target-dirs/beta-1.31-1/worker-1/beta-2018-10-30:/target:rw,Z" "-v" "/mnt/big/crater/work/local/test-source/worker-1/beta-1.31-1/beta-2018-10-30:/source:ro,Z" "-v" "/mnt/big/crater/work/local/cargo-home:/cargo-home:ro,Z" "-v" "/mnt/big/crater/work/local/rustup-home:/rustup-home:ro,Z" "-e" "USER_ID=1000" "-e" "SOURCE_DIR=/source" "-e" "USER_ID=1000" "-e" "CMD=cargo +beta-2018-10-30 build --frozen" "-e" "CARGO_TARGET_DIR=/target" "-e" "CARGO_INCREMENTAL=0" "-e" "RUST_BACKTRACE=full" "-e" "RUSTFLAGS=--cap-lints=warn" "-e" "CARGO_HOME=/cargo-home" "-e" "RUSTUP_HOME=/rustup-home" "-m" "1536M" "--network" "none" "crater"`
Nov 01 10:40:39.947 INFO blam! bed13fd58cee9bed2364593b813b41d7e523f6695acbb446226611c2cf07f9ab
Nov 01 10:40:39.953 INFO running `"docker" "start" "-a" "bed13fd58cee9bed2364593b813b41d7e523f6695acbb446226611c2cf07f9ab"`
Nov 01 10:40:41.774 INFO kablam! usermod: no changes
Nov 01 10:40:41.993 INFO kablam!    Compiling serde v1.0.68
Nov 01 10:40:41.995 INFO kablam!    Compiling lalrpop-util v0.15.2
Nov 01 10:40:41.995 INFO kablam!    Compiling ena v0.5.0
Nov 01 10:40:41.995 INFO kablam!    Compiling diff v0.1.11
Nov 01 10:40:42.005 INFO kablam!    Compiling gmp-mpfr-sys v1.1.6
Nov 01 10:40:42.005 INFO kablam!    Compiling rug v1.2.0
Nov 01 10:40:42.006 INFO kablam!    Compiling ascii-canvas v1.0.0
Nov 01 10:40:42.006 INFO kablam!    Compiling petgraph v0.4.12
Nov 01 10:40:47.819 INFO kablam!    Compiling im v10.2.0
Nov 01 10:40:47.823 INFO kablam!    Compiling serde_derive v1.0.68
Nov 01 10:40:47.883 INFO kablam!    Compiling atty v0.1.2
Nov 01 10:40:47.883 INFO kablam!    Compiling digest v0.7.4
Nov 01 10:40:50.035 INFO kablam!    Compiling sha2 v0.7.1
Nov 01 10:40:52.106 INFO kablam! error[E0034]: multiple applicable items in scope
Nov 01 10:40:52.106 INFO kablam!     --> /cargo-home/registry/src/github.com-1ecc6299db9ec823/petgraph-0.4.12/src/graph_impl/stable_graph/mod.rs:1171:19
Nov 01 10:40:52.107 INFO kablam!      |
Nov 01 10:40:52.107 INFO kablam! 1171 |         self.iter.find_map(|(i, node)| {
Nov 01 10:40:52.107 INFO kablam!      |                   ^^^^^^^^ multiple `find_map` found
Nov 01 10:40:52.108 INFO kablam!      |
Nov 01 10:40:52.108 INFO kablam! note: candidate #1 is defined in an impl of the trait `iter_utils::IterUtilsExt` for the type `_`
Nov 01 10:40:52.108 INFO kablam!     --> /cargo-home/registry/src/github.com-1ecc6299db9ec823/petgraph-0.4.12/src/iter_utils.rs:5:5
Nov 01 10:40:52.109 INFO kablam!      |
Nov 01 10:40:52.109 INFO kablam! 5    | /     fn find_map<F, R>(&mut self, mut f: F) -> Option<R>
Nov 01 10:40:52.109 INFO kablam! 6    | |         where F: FnMut(Self::Item) -> Option<R>
Nov 01 10:40:52.109 INFO kablam! 7    | |     {
Nov 01 10:40:52.110 INFO kablam! 8    | |         while let Some(elt) = self.next() {
Nov 01 10:40:52.110 INFO kablam! ...    |
Nov 01 10:40:52.110 INFO kablam! 13   | |         None
Nov 01 10:40:52.111 INFO kablam! 14   | |     }
Nov 01 10:40:52.111 INFO kablam!      | |_____^
Nov 01 10:40:52.111 INFO kablam!      = note: candidate #2 is defined in an impl of the trait `std::iter::Iterator` for the type `std::iter::Enumerate<_>`
Nov 01 10:40:52.111 INFO kablam! 
Nov 01 10:40:52.127 INFO kablam! error[E0034]: multiple applicable items in scope
Nov 01 10:40:52.127 INFO kablam!     --> /cargo-home/registry/src/github.com-1ecc6299db9ec823/petgraph-0.4.12/src/graph_impl/stable_graph/mod.rs:1363:19
Nov 01 10:40:52.128 INFO kablam!      |
Nov 01 10:40:52.128 INFO kablam! 1363 |         self.iter.find_map(|(i, edge)|
Nov 01 10:40:52.128 INFO kablam!      |                   ^^^^^^^^ multiple `find_map` found
Nov 01 10:40:52.129 INFO kablam!      |
Nov 01 10:40:52.129 INFO kablam! note: candidate #1 is defined in an impl of the trait `iter_utils::IterUtilsExt` for the type `_`
Nov 01 10:40:52.129 INFO kablam!     --> /cargo-home/registry/src/github.com-1ecc6299db9ec823/petgraph-0.4.12/src/iter_utils.rs:5:5
Nov 01 10:40:52.129 INFO kablam!      |
Nov 01 10:40:52.130 INFO kablam! 5    | /     fn find_map<F, R>(&mut self, mut f: F) -> Option<R>
Nov 01 10:40:52.130 INFO kablam! 6    | |         where F: FnMut(Self::Item) -> Option<R>
Nov 01 10:40:52.130 INFO kablam! 7    | |     {
Nov 01 10:40:52.131 INFO kablam! 8    | |         while let Some(elt) = self.next() {
Nov 01 10:40:52.131 INFO kablam! ...    |
Nov 01 10:40:52.131 INFO kablam! 13   | |         None
Nov 01 10:40:52.132 INFO kablam! 14   | |     }
Nov 01 10:40:52.132 INFO kablam!      | |_____^
Nov 01 10:40:52.132 INFO kablam!      = note: candidate #2 is defined in an impl of the trait `std::iter::Iterator` for the type `std::iter::Enumerate<_>`
Nov 01 10:40:52.132 INFO kablam! 
Nov 01 10:40:52.133 INFO kablam! error[E0034]: multiple applicable items in scope
Nov 01 10:40:52.133 INFO kablam!     --> /cargo-home/registry/src/github.com-1ecc6299db9ec823/petgraph-0.4.12/src/graph_impl/stable_graph/mod.rs:1527:19
Nov 01 10:40:52.133 INFO kablam!      |
Nov 01 10:40:52.133 INFO kablam! 1527 |         self.iter.find_map(|(i, node)| {
Nov 01 10:40:52.134 INFO kablam!      |                   ^^^^^^^^ multiple `find_map` found
Nov 01 10:40:52.134 INFO kablam!      |
Nov 01 10:40:52.134 INFO kablam! note: candidate #1 is defined in an impl of the trait `iter_utils::IterUtilsExt` for the type `_`
Nov 01 10:40:52.135 INFO kablam!     --> /cargo-home/registry/src/github.com-1ecc6299db9ec823/petgraph-0.4.12/src/iter_utils.rs:5:5
Nov 01 10:40:52.135 INFO kablam!      |
Nov 01 10:40:52.135 INFO kablam! 5    | /     fn find_map<F, R>(&mut self, mut f: F) -> Option<R>
Nov 01 10:40:52.135 INFO kablam! 6    | |         where F: FnMut(Self::Item) -> Option<R>
Nov 01 10:40:52.136 INFO kablam! 7    | |     {
Nov 01 10:40:52.136 INFO kablam! 8    | |         while let Some(elt) = self.next() {
Nov 01 10:40:52.136 INFO kablam! ...    |
Nov 01 10:40:52.137 INFO kablam! 13   | |         None
Nov 01 10:40:52.137 INFO kablam! 14   | |     }
Nov 01 10:40:52.137 INFO kablam!      | |_____^
Nov 01 10:40:52.137 INFO kablam!      = note: candidate #2 is defined in an impl of the trait `std::iter::Iterator` for the type `std::iter::Enumerate<_>`
Nov 01 10:40:52.138 INFO kablam! 
Nov 01 10:40:52.138 INFO kablam! error[E0034]: multiple applicable items in scope
Nov 01 10:40:52.138 INFO kablam!     --> /cargo-home/registry/src/github.com-1ecc6299db9ec823/petgraph-0.4.12/src/graph_impl/stable_graph/mod.rs:1573:19
Nov 01 10:40:52.143 INFO kablam!      |
Nov 01 10:40:52.143 INFO kablam! 1573 |         self.iter.find_map(|(i, node)| {
Nov 01 10:40:52.143 INFO kablam!      |                   ^^^^^^^^ multiple `find_map` found
Nov 01 10:40:52.144 INFO kablam!      |
Nov 01 10:40:52.144 INFO kablam! note: candidate #1 is defined in an impl of the trait `iter_utils::IterUtilsExt` for the type `_`
Nov 01 10:40:52.144 INFO kablam!     --> /cargo-home/registry/src/github.com-1ecc6299db9ec823/petgraph-0.4.12/src/iter_utils.rs:5:5
Nov 01 10:40:52.144 INFO kablam!      |
Nov 01 10:40:52.145 INFO kablam! 5    | /     fn find_map<F, R>(&mut self, mut f: F) -> Option<R>
Nov 01 10:40:52.145 INFO kablam! 6    | |         where F: FnMut(Self::Item) -> Option<R>
Nov 01 10:40:52.145 INFO kablam! 7    | |     {
Nov 01 10:40:52.146 INFO kablam! 8    | |         while let Some(elt) = self.next() {
Nov 01 10:40:52.146 INFO kablam! ...    |
Nov 01 10:40:52.146 INFO kablam! 13   | |         None
Nov 01 10:40:52.147 INFO kablam! 14   | |     }
Nov 01 10:40:52.147 INFO kablam!      | |_____^
Nov 01 10:40:52.147 INFO kablam!      = note: candidate #2 is defined in an impl of the trait `std::iter::Iterator` for the type `std::iter::Enumerate<_>`
Nov 01 10:40:52.147 INFO kablam! 
Nov 01 10:40:52.487 INFO kablam! error: aborting due to 4 previous errors
Nov 01 10:40:52.488 INFO kablam! 
Nov 01 10:40:52.488 INFO kablam! For more information about this error, try `rustc --explain E0034`.
Nov 01 10:40:52.496 INFO kablam! error: Could not compile `petgraph`.
Nov 01 10:40:52.496 INFO kablam! warning: build failed, waiting for other jobs to finish...
Nov 01 10:44:46.459 INFO kablam! error: build failed
Nov 01 10:44:46.459 INFO kablam! su: No module specific data is present
Nov 01 10:44:47.260 INFO running `"docker" "rm" "-f" "bed13fd58cee9bed2364593b813b41d7e523f6695acbb446226611c2cf07f9ab"`
Nov 01 10:44:47.559 INFO blam! bed13fd58cee9bed2364593b813b41d7e523f6695acbb446226611c2cf07f9ab
