Nov 01 11:18:15.531 INFO testing dm4562/tgr-compiler against 1.30.0 for beta-1.31-1
Nov 01 11:18:15.531 INFO running `"docker" "create" "-v" "/mnt/big/crater/work/local/target-dirs/beta-1.31-1/worker-3/1.30.0:/target:rw,Z" "-v" "/mnt/big/crater/work/local/test-source/worker-3/beta-1.31-1/1.30.0:/source:ro,Z" "-v" "/mnt/big/crater/work/local/cargo-home:/cargo-home:ro,Z" "-v" "/mnt/big/crater/work/local/rustup-home:/rustup-home:ro,Z" "-e" "USER_ID=1000" "-e" "SOURCE_DIR=/source" "-e" "USER_ID=1000" "-e" "CMD=cargo +1.30.0 build --frozen" "-e" "CARGO_TARGET_DIR=/target" "-e" "CARGO_INCREMENTAL=0" "-e" "RUST_BACKTRACE=full" "-e" "RUSTFLAGS=--cap-lints=warn" "-e" "CARGO_HOME=/cargo-home" "-e" "RUSTUP_HOME=/rustup-home" "-m" "1536M" "--network" "none" "crater"`
Nov 01 11:18:16.041 INFO blam! 7753335f3321c64283482e6a59638b558e366c041c5ff482342fc57cb6f177b2
Nov 01 11:18:16.043 INFO running `"docker" "start" "-a" "7753335f3321c64283482e6a59638b558e366c041c5ff482342fc57cb6f177b2"`
Nov 01 11:18:17.311 INFO kablam! usermod: no changes
Nov 01 11:18:17.450 INFO kablam!    Compiling serde v1.0.35
Nov 01 11:18:17.450 INFO kablam!    Compiling indextree v1.1.1
Nov 01 11:18:17.468 INFO kablam!    Compiling petgraph v0.4.12
Nov 01 11:18:17.471 INFO kablam!    Compiling serde_derive_internals v0.22.1
Nov 01 11:18:17.471 INFO kablam!    Compiling env_logger v0.5.6
Nov 01 11:18:21.275 INFO kablam! error[E0034]: multiple applicable items in scope
Nov 01 11:18:21.275 INFO kablam!     --> /cargo-home/registry/src/github.com-1ecc6299db9ec823/petgraph-0.4.12/src/graph_impl/stable_graph/mod.rs:1171:19
Nov 01 11:18:21.275 INFO kablam!      |
Nov 01 11:18:21.275 INFO kablam! 1171 |         self.iter.find_map(|(i, node)| {
Nov 01 11:18:21.275 INFO kablam!      |                   ^^^^^^^^ multiple `find_map` found
Nov 01 11:18:21.275 INFO kablam!      |
Nov 01 11:18:21.275 INFO kablam! note: candidate #1 is defined in an impl of the trait `iter_utils::IterUtilsExt` for the type `_`
Nov 01 11:18:21.275 INFO kablam!     --> /cargo-home/registry/src/github.com-1ecc6299db9ec823/petgraph-0.4.12/src/iter_utils.rs:5:5
Nov 01 11:18:21.275 INFO kablam!      |
Nov 01 11:18:21.275 INFO kablam! 5    | /     fn find_map<F, R>(&mut self, mut f: F) -> Option<R>
Nov 01 11:18:21.275 INFO kablam! 6    | |         where F: FnMut(Self::Item) -> Option<R>
Nov 01 11:18:21.275 INFO kablam! 7    | |     {
Nov 01 11:18:21.275 INFO kablam! 8    | |         while let Some(elt) = self.next() {
Nov 01 11:18:21.275 INFO kablam! ...    |
Nov 01 11:18:21.275 INFO kablam! 13   | |         None
Nov 01 11:18:21.275 INFO kablam! 14   | |     }
Nov 01 11:18:21.275 INFO kablam!      | |_____^
Nov 01 11:18:21.275 INFO kablam!      = note: candidate #2 is defined in an impl of the trait `std::iter::Iterator` for the type `std::iter::Enumerate<_>`
Nov 01 11:18:21.275 INFO kablam! 
Nov 01 11:18:21.295 INFO kablam! error[E0034]: multiple applicable items in scope
Nov 01 11:18:21.295 INFO kablam!     --> /cargo-home/registry/src/github.com-1ecc6299db9ec823/petgraph-0.4.12/src/graph_impl/stable_graph/mod.rs:1363:19
Nov 01 11:18:21.295 INFO kablam!      |
Nov 01 11:18:21.295 INFO kablam! 1363 |         self.iter.find_map(|(i, edge)|
Nov 01 11:18:21.295 INFO kablam!      |                   ^^^^^^^^ multiple `find_map` found
Nov 01 11:18:21.295 INFO kablam!      |
Nov 01 11:18:21.295 INFO kablam! note: candidate #1 is defined in an impl of the trait `iter_utils::IterUtilsExt` for the type `_`
Nov 01 11:18:21.295 INFO kablam!     --> /cargo-home/registry/src/github.com-1ecc6299db9ec823/petgraph-0.4.12/src/iter_utils.rs:5:5
Nov 01 11:18:21.295 INFO kablam!      |
Nov 01 11:18:21.295 INFO kablam! 5    | /     fn find_map<F, R>(&mut self, mut f: F) -> Option<R>
Nov 01 11:18:21.295 INFO kablam! 6    | |         where F: FnMut(Self::Item) -> Option<R>
Nov 01 11:18:21.295 INFO kablam! 7    | |     {
Nov 01 11:18:21.295 INFO kablam! 8    | |         while let Some(elt) = self.next() {
Nov 01 11:18:21.295 INFO kablam! ...    |
Nov 01 11:18:21.295 INFO kablam! 13   | |         None
Nov 01 11:18:21.295 INFO kablam! 14   | |     }
Nov 01 11:18:21.295 INFO kablam!      | |_____^
Nov 01 11:18:21.295 INFO kablam!      = note: candidate #2 is defined in an impl of the trait `std::iter::Iterator` for the type `std::iter::Enumerate<_>`
Nov 01 11:18:21.295 INFO kablam! 
Nov 01 11:18:21.303 INFO kablam! error[E0034]: multiple applicable items in scope
Nov 01 11:18:21.303 INFO kablam!     --> /cargo-home/registry/src/github.com-1ecc6299db9ec823/petgraph-0.4.12/src/graph_impl/stable_graph/mod.rs:1527:19
Nov 01 11:18:21.303 INFO kablam!      |
Nov 01 11:18:21.303 INFO kablam! 1527 |         self.iter.find_map(|(i, node)| {
Nov 01 11:18:21.303 INFO kablam!      |                   ^^^^^^^^ multiple `find_map` found
Nov 01 11:18:21.303 INFO kablam!      |
Nov 01 11:18:21.303 INFO kablam! note: candidate #1 is defined in an impl of the trait `iter_utils::IterUtilsExt` for the type `_`
Nov 01 11:18:21.303 INFO kablam!     --> /cargo-home/registry/src/github.com-1ecc6299db9ec823/petgraph-0.4.12/src/iter_utils.rs:5:5
Nov 01 11:18:21.303 INFO kablam!      |
Nov 01 11:18:21.303 INFO kablam! 5    | /     fn find_map<F, R>(&mut self, mut f: F) -> Option<R>
Nov 01 11:18:21.303 INFO kablam! 6    | |         where F: FnMut(Self::Item) -> Option<R>
Nov 01 11:18:21.303 INFO kablam! 7    | |     {
Nov 01 11:18:21.303 INFO kablam! 8    | |         while let Some(elt) = self.next() {
Nov 01 11:18:21.303 INFO kablam! ...    |
Nov 01 11:18:21.303 INFO kablam! 13   | |         None
Nov 01 11:18:21.303 INFO kablam! 14   | |     }
Nov 01 11:18:21.303 INFO kablam!      | |_____^
Nov 01 11:18:21.303 INFO kablam!      = note: candidate #2 is defined in an impl of the trait `std::iter::Iterator` for the type `std::iter::Enumerate<_>`
Nov 01 11:18:21.303 INFO kablam! 
Nov 01 11:18:21.311 INFO kablam! error[E0034]: multiple applicable items in scope
Nov 01 11:18:21.311 INFO kablam!     --> /cargo-home/registry/src/github.com-1ecc6299db9ec823/petgraph-0.4.12/src/graph_impl/stable_graph/mod.rs:1573:19
Nov 01 11:18:21.312 INFO kablam!      |
Nov 01 11:18:21.312 INFO kablam! 1573 |         self.iter.find_map(|(i, node)| {
Nov 01 11:18:21.312 INFO kablam!      |                   ^^^^^^^^ multiple `find_map` found
Nov 01 11:18:21.312 INFO kablam!      |
Nov 01 11:18:21.312 INFO kablam! note: candidate #1 is defined in an impl of the trait `iter_utils::IterUtilsExt` for the type `_`
Nov 01 11:18:21.312 INFO kablam!     --> /cargo-home/registry/src/github.com-1ecc6299db9ec823/petgraph-0.4.12/src/iter_utils.rs:5:5
Nov 01 11:18:21.312 INFO kablam!      |
Nov 01 11:18:21.312 INFO kablam! 5    | /     fn find_map<F, R>(&mut self, mut f: F) -> Option<R>
Nov 01 11:18:21.312 INFO kablam! 6    | |         where F: FnMut(Self::Item) -> Option<R>
Nov 01 11:18:21.312 INFO kablam! 7    | |     {
Nov 01 11:18:21.312 INFO kablam! 8    | |         while let Some(elt) = self.next() {
Nov 01 11:18:21.312 INFO kablam! ...    |
Nov 01 11:18:21.312 INFO kablam! 13   | |         None
Nov 01 11:18:21.312 INFO kablam! 14   | |     }
Nov 01 11:18:21.312 INFO kablam!      | |_____^
Nov 01 11:18:21.312 INFO kablam!      = note: candidate #2 is defined in an impl of the trait `std::iter::Iterator` for the type `std::iter::Enumerate<_>`
Nov 01 11:18:21.312 INFO kablam! 
Nov 01 11:18:22.612 INFO kablam! error: aborting due to 4 previous errors
Nov 01 11:18:22.612 INFO kablam! 
Nov 01 11:18:22.613 INFO kablam! For more information about this error, try `rustc --explain E0034`.
Nov 01 11:18:22.627 INFO kablam! error: Could not compile `petgraph`.
Nov 01 11:18:22.627 INFO kablam! warning: build failed, waiting for other jobs to finish...
Nov 01 11:18:33.159 INFO kablam! error: build failed
Nov 01 11:18:33.159 INFO kablam! su: No module specific data is present
Nov 01 11:18:33.781 INFO running `"docker" "rm" "-f" "7753335f3321c64283482e6a59638b558e366c041c5ff482342fc57cb6f177b2"`
Nov 01 11:18:34.027 INFO blam! 7753335f3321c64283482e6a59638b558e366c041c5ff482342fc57cb6f177b2
