Nov 01 11:56:11.199 INFO testing davidshepherd7/advent-of-code-2017 against beta-2018-10-30 for beta-1.31-1
Nov 01 11:56:11.200 INFO running `"docker" "create" "-v" "/mnt/big/crater/work/local/target-dirs/beta-1.31-1/worker-4/beta-2018-10-30:/target:rw,Z" "-v" "/mnt/big/crater/work/local/test-source/worker-4/beta-1.31-1/beta-2018-10-30:/source:ro,Z" "-v" "/mnt/big/crater/work/local/cargo-home:/cargo-home:ro,Z" "-v" "/mnt/big/crater/work/local/rustup-home:/rustup-home:ro,Z" "-e" "USER_ID=1000" "-e" "SOURCE_DIR=/source" "-e" "USER_ID=1000" "-e" "CMD=cargo +beta-2018-10-30 build --frozen" "-e" "CARGO_TARGET_DIR=/target" "-e" "CARGO_INCREMENTAL=0" "-e" "RUST_BACKTRACE=full" "-e" "RUSTFLAGS=--cap-lints=warn" "-e" "CARGO_HOME=/cargo-home" "-e" "RUSTUP_HOME=/rustup-home" "-m" "1536M" "--network" "none" "crater"`
Nov 01 11:56:11.652 INFO blam! 9026dc982c53915e86406c881d7411a3f9d5c2596aa1042e216192aae0b00466
Nov 01 11:56:11.667 INFO running `"docker" "start" "-a" "9026dc982c53915e86406c881d7411a3f9d5c2596aa1042e216192aae0b00466"`
Nov 01 11:56:12.799 INFO kablam! usermod: no changes
Nov 01 11:56:12.913 INFO kablam!    Compiling petgraph v0.4.11
Nov 01 11:56:14.995 INFO kablam! error[E0034]: multiple applicable items in scope
Nov 01 11:56:14.995 INFO kablam!     --> /cargo-home/registry/src/github.com-1ecc6299db9ec823/petgraph-0.4.11/src/graph_impl/stable_graph/mod.rs:1173:19
Nov 01 11:56:14.996 INFO kablam!      |
Nov 01 11:56:14.996 INFO kablam! 1173 |         self.iter.find_map(|(i, node)| {
Nov 01 11:56:14.996 INFO kablam!      |                   ^^^^^^^^ multiple `find_map` found
Nov 01 11:56:14.997 INFO kablam!      |
Nov 01 11:56:14.997 INFO kablam! note: candidate #1 is defined in an impl of the trait `iter_utils::IterUtilsExt` for the type `_`
Nov 01 11:56:14.997 INFO kablam!     --> /cargo-home/registry/src/github.com-1ecc6299db9ec823/petgraph-0.4.11/src/iter_utils.rs:5:5
Nov 01 11:56:14.997 INFO kablam!      |
Nov 01 11:56:14.998 INFO kablam! 5    | /     fn find_map<F, R>(&mut self, mut f: F) -> Option<R>
Nov 01 11:56:14.998 INFO kablam! 6    | |         where F: FnMut(Self::Item) -> Option<R>
Nov 01 11:56:14.998 INFO kablam! 7    | |     {
Nov 01 11:56:14.999 INFO kablam! 8    | |         while let Some(elt) = self.next() {
Nov 01 11:56:14.999 INFO kablam! ...    |
Nov 01 11:56:14.999 INFO kablam! 13   | |         None
Nov 01 11:56:14.999 INFO kablam! 14   | |     }
Nov 01 11:56:15.000 INFO kablam!      | |_____^
Nov 01 11:56:15.011 INFO kablam!      = note: candidate #2 is defined in an impl of the trait `std::iter::Iterator` for the type `std::iter::Enumerate<_>`
Nov 01 11:56:15.011 INFO kablam! 
Nov 01 11:56:15.015 INFO kablam! error[E0034]: multiple applicable items in scope
Nov 01 11:56:15.015 INFO kablam!     --> /cargo-home/registry/src/github.com-1ecc6299db9ec823/petgraph-0.4.11/src/graph_impl/stable_graph/mod.rs:1365:19
Nov 01 11:56:15.016 INFO kablam!      |
Nov 01 11:56:15.016 INFO kablam! 1365 |         self.iter.find_map(|(i, edge)|
Nov 01 11:56:15.016 INFO kablam!      |                   ^^^^^^^^ multiple `find_map` found
Nov 01 11:56:15.016 INFO kablam!      |
Nov 01 11:56:15.017 INFO kablam! note: candidate #1 is defined in an impl of the trait `iter_utils::IterUtilsExt` for the type `_`
Nov 01 11:56:15.017 INFO kablam!     --> /cargo-home/registry/src/github.com-1ecc6299db9ec823/petgraph-0.4.11/src/iter_utils.rs:5:5
Nov 01 11:56:15.017 INFO kablam!      |
Nov 01 11:56:15.018 INFO kablam! 5    | /     fn find_map<F, R>(&mut self, mut f: F) -> Option<R>
Nov 01 11:56:15.018 INFO kablam! 6    | |         where F: FnMut(Self::Item) -> Option<R>
Nov 01 11:56:15.018 INFO kablam! 7    | |     {
Nov 01 11:56:15.019 INFO kablam! 8    | |         while let Some(elt) = self.next() {
Nov 01 11:56:15.019 INFO kablam! ...    |
Nov 01 11:56:15.019 INFO kablam! 13   | |         None
Nov 01 11:56:15.019 INFO kablam! 14   | |     }
Nov 01 11:56:15.020 INFO kablam!      | |_____^
Nov 01 11:56:15.020 INFO kablam!      = note: candidate #2 is defined in an impl of the trait `std::iter::Iterator` for the type `std::iter::Enumerate<_>`
Nov 01 11:56:15.020 INFO kablam! 
Nov 01 11:56:15.023 INFO kablam! error[E0034]: multiple applicable items in scope
Nov 01 11:56:15.023 INFO kablam!     --> /cargo-home/registry/src/github.com-1ecc6299db9ec823/petgraph-0.4.11/src/graph_impl/stable_graph/mod.rs:1529:19
Nov 01 11:56:15.024 INFO kablam!      |
Nov 01 11:56:15.024 INFO kablam! 1529 |         self.iter.find_map(|(i, node)| {
Nov 01 11:56:15.024 INFO kablam!      |                   ^^^^^^^^ multiple `find_map` found
Nov 01 11:56:15.024 INFO kablam!      |
Nov 01 11:56:15.025 INFO kablam! note: candidate #1 is defined in an impl of the trait `iter_utils::IterUtilsExt` for the type `_`
Nov 01 11:56:15.025 INFO kablam!     --> /cargo-home/registry/src/github.com-1ecc6299db9ec823/petgraph-0.4.11/src/iter_utils.rs:5:5
Nov 01 11:56:15.025 INFO kablam!      |
Nov 01 11:56:15.026 INFO kablam! 5    | /     fn find_map<F, R>(&mut self, mut f: F) -> Option<R>
Nov 01 11:56:15.026 INFO kablam! 6    | |         where F: FnMut(Self::Item) -> Option<R>
Nov 01 11:56:15.026 INFO kablam! 7    | |     {
Nov 01 11:56:15.026 INFO kablam! 8    | |         while let Some(elt) = self.next() {
Nov 01 11:56:15.027 INFO kablam! ...    |
Nov 01 11:56:15.027 INFO kablam! 13   | |         None
Nov 01 11:56:15.027 INFO kablam! 14   | |     }
Nov 01 11:56:15.027 INFO kablam!      | |_____^
Nov 01 11:56:15.028 INFO kablam!      = note: candidate #2 is defined in an impl of the trait `std::iter::Iterator` for the type `std::iter::Enumerate<_>`
Nov 01 11:56:15.028 INFO kablam! 
Nov 01 11:56:15.031 INFO kablam! error[E0034]: multiple applicable items in scope
Nov 01 11:56:15.031 INFO kablam!     --> /cargo-home/registry/src/github.com-1ecc6299db9ec823/petgraph-0.4.11/src/graph_impl/stable_graph/mod.rs:1575:19
Nov 01 11:56:15.031 INFO kablam!      |
Nov 01 11:56:15.032 INFO kablam! 1575 |         self.iter.find_map(|(i, node)| {
Nov 01 11:56:15.032 INFO kablam!      |                   ^^^^^^^^ multiple `find_map` found
Nov 01 11:56:15.032 INFO kablam!      |
Nov 01 11:56:15.032 INFO kablam! note: candidate #1 is defined in an impl of the trait `iter_utils::IterUtilsExt` for the type `_`
Nov 01 11:56:15.033 INFO kablam!     --> /cargo-home/registry/src/github.com-1ecc6299db9ec823/petgraph-0.4.11/src/iter_utils.rs:5:5
Nov 01 11:56:15.033 INFO kablam!      |
Nov 01 11:56:15.033 INFO kablam! 5    | /     fn find_map<F, R>(&mut self, mut f: F) -> Option<R>
Nov 01 11:56:15.033 INFO kablam! 6    | |         where F: FnMut(Self::Item) -> Option<R>
Nov 01 11:56:15.034 INFO kablam! 7    | |     {
Nov 01 11:56:15.034 INFO kablam! 8    | |         while let Some(elt) = self.next() {
Nov 01 11:56:15.034 INFO kablam! ...    |
Nov 01 11:56:15.035 INFO kablam! 13   | |         None
Nov 01 11:56:15.035 INFO kablam! 14   | |     }
Nov 01 11:56:15.035 INFO kablam!      | |_____^
Nov 01 11:56:15.035 INFO kablam!      = note: candidate #2 is defined in an impl of the trait `std::iter::Iterator` for the type `std::iter::Enumerate<_>`
Nov 01 11:56:15.036 INFO kablam! 
Nov 01 11:56:15.327 INFO kablam! error: aborting due to 4 previous errors
Nov 01 11:56:15.327 INFO kablam! 
Nov 01 11:56:15.328 INFO kablam! For more information about this error, try `rustc --explain E0034`.
Nov 01 11:56:15.339 INFO kablam! error: Could not compile `petgraph`.
Nov 01 11:56:15.339 INFO kablam! 
Nov 01 11:56:15.339 INFO kablam! To learn more, run the command again with --verbose.
Nov 01 11:56:15.343 INFO kablam! su: No module specific data is present
Nov 01 11:56:16.278 INFO running `"docker" "rm" "-f" "9026dc982c53915e86406c881d7411a3f9d5c2596aa1042e216192aae0b00466"`
Nov 01 11:56:16.495 INFO blam! 9026dc982c53915e86406c881d7411a3f9d5c2596aa1042e216192aae0b00466
